{"id":690,"date":"2020-12-09T09:48:06","date_gmt":"2020-12-09T08:48:06","guid":{"rendered":"https:\/\/baya-shop.com\/home\/?post_type=product&#038;p=690"},"modified":"2024-09-17T11:57:05","modified_gmt":"2024-09-17T10:57:05","slug":"remington-soin-visage-ep7070","status":"publish","type":"product","link":"https:\/\/baya-shop.com\/home\/product\/remington-soin-visage-ep7070\/","title":{"rendered":"REMINGTON Soin Visage smooth &#038; silky EP7070"},"content":{"rendered":"","protected":false},"excerpt":{"rendered":"<ul class=\"a-unordered-list a-vertical a-spacing-mini\">\n<li><span class=\"a-list-item\">Pour une utilisation visage (menton, l\u00e8vre sup\u00e9rieure, front et pour dessiner les sourcils)<\/span><\/li>\n<li><span class=\"a-list-item\">3 t\u00eates interchangeables : brosse visage, t\u00eate massage, t\u00eate tondeuse<\/span><\/li>\n<li><span class=\"a-list-item\">Multifonctionnel : Nettoyer, d\u00e9tendre, revitaliser, tondre<\/span><\/li>\n<li><span class=\"a-list-item\">Bidirectionnelle id\u00e9al pour les sourcils<\/span><\/li>\n<li><span class=\"a-list-item\">Prenez soin de votre visage gr\u00e2ce \u00e0 ce kit complet beaut\u00e9 du visage<\/span><\/li>\n<\/ul>\n","protected":false},"featured_media":692,"comment_status":"open","ping_status":"closed","template":"","meta":{"jetpack_post_was_ever_published":false,"jetpack_publicize_message":"","jetpack_publicize_feature_enabled":true,"jetpack_social_post_already_shared":false,"jetpack_social_options":{"image_generator_settings":{"template":"highway","default_image_id":0,"font":"","enabled":false},"version":2}},"product_brand":[],"product_cat":[19,46,47],"product_tag":[],"class_list":{"0":"post-690","1":"product","2":"type-product","3":"status-publish","4":"has-post-thumbnail","6":"product_cat-beaute","7":"product_cat-promotion","8":"product_cat-remington","10":"first","11":"outofstock","12":"shipping-taxable","13":"product-type-simple"},"yoast_head":"<!-- This site is optimized with the Yoast SEO plugin v27.4 - https:\/\/yoast.com\/product\/yoast-seo-wordpress\/ -->\n<title>REMINGTON Soin Visage smooth &amp; silky EP7070 - Baya Shop<\/title>\n<meta name=\"description\" content=\"Pour une utilisation visage (menton, l\u00e8vre sup\u00e9rieure, front et pour dessiner les sourcils)  3 t\u00eates interchangeables : brosse visage, t\u00eate massage, t\u00eate tondeuse  Multifonctionnel : Nettoyer, d\u00e9tendre, revitaliser, tondre  Bidirectionnelle id\u00e9al pour les sourcils  Prenez soin de votre visage gr\u00e2ce \u00e0 ce kit complet beaut\u00e9 du visage\" \/>\n<meta name=\"robots\" content=\"index, follow, max-snippet:-1, max-image-preview:large, max-video-preview:-1\" \/>\n<link rel=\"canonical\" href=\"https:\/\/baya-shop.com\/home\/product\/remington-soin-visage-ep7070\/\" \/>\n<meta property=\"og:locale\" content=\"fr_FR\" \/>\n<meta property=\"og:type\" content=\"article\" \/>\n<meta property=\"og:title\" content=\"REMINGTON Soin Visage smooth &amp; silky EP7070 - Baya Shop\" \/>\n<meta property=\"og:description\" content=\"Pour une utilisation visage (menton, l\u00e8vre sup\u00e9rieure, front et pour dessiner les sourcils)  3 t\u00eates interchangeables : brosse visage, t\u00eate massage, t\u00eate tondeuse  Multifonctionnel : Nettoyer, d\u00e9tendre, revitaliser, tondre  Bidirectionnelle id\u00e9al pour les sourcils  Prenez soin de votre visage gr\u00e2ce \u00e0 ce kit complet beaut\u00e9 du visage\" \/>\n<meta property=\"og:url\" content=\"https:\/\/baya-shop.com\/home\/product\/remington-soin-visage-ep7070\/\" \/>\n<meta property=\"og:site_name\" content=\"Baya Shop\" \/>\n<meta property=\"article:publisher\" content=\"https:\/\/www.facebook.com\/Baya-Shop-103955257949742\" \/>\n<meta property=\"article:modified_time\" content=\"2024-09-17T10:57:05+00:00\" \/>\n<meta property=\"og:image\" content=\"https:\/\/baya-shop.com\/wp-content\/uploads\/2020\/12\/EP7070.png\" \/>\n\t<meta property=\"og:image:width\" content=\"1000\" \/>\n\t<meta property=\"og:image:height\" content=\"1000\" \/>\n\t<meta property=\"og:image:type\" content=\"image\/png\" \/>\n<meta name=\"twitter:card\" content=\"summary_large_image\" \/>\n<meta name=\"twitter:label1\" content=\"Dur\u00e9e de lecture estim\u00e9e\" \/>\n\t<meta name=\"twitter:data1\" content=\"1 minute\" \/>\n<script type=\"application\/ld+json\" class=\"yoast-schema-graph\">{\"@context\":\"https:\\\/\\\/schema.org\",\"@graph\":[{\"@type\":\"WebPage\",\"@id\":\"https:\\\/\\\/baya-shop.com\\\/home\\\/product\\\/remington-soin-visage-ep7070\\\/\",\"url\":\"https:\\\/\\\/baya-shop.com\\\/home\\\/product\\\/remington-soin-visage-ep7070\\\/\",\"name\":\"REMINGTON Soin Visage smooth & silky EP7070 - Baya Shop\",\"isPartOf\":{\"@id\":\"https:\\\/\\\/baya-shop.com\\\/home\\\/#website\"},\"primaryImageOfPage\":{\"@id\":\"https:\\\/\\\/baya-shop.com\\\/home\\\/product\\\/remington-soin-visage-ep7070\\\/#primaryimage\"},\"image\":{\"@id\":\"https:\\\/\\\/baya-shop.com\\\/home\\\/product\\\/remington-soin-visage-ep7070\\\/#primaryimage\"},\"thumbnailUrl\":\"https:\\\/\\\/i0.wp.com\\\/baya-shop.com\\\/wp-content\\\/uploads\\\/2020\\\/12\\\/EP7070.png?fit=1000%2C1000&ssl=1\",\"datePublished\":\"2020-12-09T08:48:06+00:00\",\"dateModified\":\"2024-09-17T10:57:05+00:00\",\"description\":\"Pour une utilisation visage (menton, l\u00e8vre sup\u00e9rieure, front et pour dessiner les sourcils) 3 t\u00eates interchangeables : brosse visage, t\u00eate massage, t\u00eate tondeuse Multifonctionnel : Nettoyer, d\u00e9tendre, revitaliser, tondre Bidirectionnelle id\u00e9al pour les sourcils Prenez soin de votre visage gr\u00e2ce \u00e0 ce kit complet beaut\u00e9 du visage\",\"breadcrumb\":{\"@id\":\"https:\\\/\\\/baya-shop.com\\\/home\\\/product\\\/remington-soin-visage-ep7070\\\/#breadcrumb\"},\"inLanguage\":\"fr-FR\",\"potentialAction\":[{\"@type\":\"ReadAction\",\"target\":[\"https:\\\/\\\/baya-shop.com\\\/home\\\/product\\\/remington-soin-visage-ep7070\\\/\"]}]},{\"@type\":\"ImageObject\",\"inLanguage\":\"fr-FR\",\"@id\":\"https:\\\/\\\/baya-shop.com\\\/home\\\/product\\\/remington-soin-visage-ep7070\\\/#primaryimage\",\"url\":\"https:\\\/\\\/i0.wp.com\\\/baya-shop.com\\\/wp-content\\\/uploads\\\/2020\\\/12\\\/EP7070.png?fit=1000%2C1000&ssl=1\",\"contentUrl\":\"https:\\\/\\\/i0.wp.com\\\/baya-shop.com\\\/wp-content\\\/uploads\\\/2020\\\/12\\\/EP7070.png?fit=1000%2C1000&ssl=1\",\"width\":1000,\"height\":1000},{\"@type\":\"BreadcrumbList\",\"@id\":\"https:\\\/\\\/baya-shop.com\\\/home\\\/product\\\/remington-soin-visage-ep7070\\\/#breadcrumb\",\"itemListElement\":[{\"@type\":\"ListItem\",\"position\":1,\"name\":\"Accueil\",\"item\":\"https:\\\/\\\/baya-shop.com\\\/home\\\/\"},{\"@type\":\"ListItem\",\"position\":2,\"name\":\"Shop\",\"item\":\"https:\\\/\\\/baya-shop.com\\\/home\\\/shop\\\/\"},{\"@type\":\"ListItem\",\"position\":3,\"name\":\"REMINGTON Soin Visage smooth &#038; silky EP7070\"}]},{\"@type\":\"WebSite\",\"@id\":\"https:\\\/\\\/baya-shop.com\\\/home\\\/#website\",\"url\":\"https:\\\/\\\/baya-shop.com\\\/home\\\/\",\"name\":\"Baya Shop\",\"description\":\"\",\"publisher\":{\"@id\":\"https:\\\/\\\/baya-shop.com\\\/home\\\/#organization\"},\"potentialAction\":[{\"@type\":\"SearchAction\",\"target\":{\"@type\":\"EntryPoint\",\"urlTemplate\":\"https:\\\/\\\/baya-shop.com\\\/home\\\/?s={search_term_string}\"},\"query-input\":{\"@type\":\"PropertyValueSpecification\",\"valueRequired\":true,\"valueName\":\"search_term_string\"}}],\"inLanguage\":\"fr-FR\"},{\"@type\":\"Organization\",\"@id\":\"https:\\\/\\\/baya-shop.com\\\/home\\\/#organization\",\"name\":\"Baya Shop\",\"url\":\"https:\\\/\\\/baya-shop.com\\\/home\\\/\",\"logo\":{\"@type\":\"ImageObject\",\"inLanguage\":\"fr-FR\",\"@id\":\"https:\\\/\\\/baya-shop.com\\\/home\\\/#\\\/schema\\\/logo\\\/image\\\/\",\"url\":\"https:\\\/\\\/baya-shop.com\\\/wp-content\\\/uploads\\\/2020\\\/11\\\/g.png\",\"contentUrl\":\"https:\\\/\\\/baya-shop.com\\\/wp-content\\\/uploads\\\/2020\\\/11\\\/g.png\",\"width\":64,\"height\":64,\"caption\":\"Baya Shop\"},\"image\":{\"@id\":\"https:\\\/\\\/baya-shop.com\\\/home\\\/#\\\/schema\\\/logo\\\/image\\\/\"},\"sameAs\":[\"https:\\\/\\\/www.facebook.com\\\/Baya-Shop-103955257949742\",\"https:\\\/\\\/www.instagram.com\\\/baya_shop_dz\\\/\"]}]}<\/script>\n<!-- \/ Yoast SEO plugin. -->","yoast_head_json":{"title":"REMINGTON Soin Visage smooth & silky EP7070 - Baya Shop","description":"Pour une utilisation visage (menton, l\u00e8vre sup\u00e9rieure, front et pour dessiner les sourcils)  3 t\u00eates interchangeables : brosse visage, t\u00eate massage, t\u00eate tondeuse  Multifonctionnel : Nettoyer, d\u00e9tendre, revitaliser, tondre  Bidirectionnelle id\u00e9al pour les sourcils  Prenez soin de votre visage gr\u00e2ce \u00e0 ce kit complet beaut\u00e9 du visage","robots":{"index":"index","follow":"follow","max-snippet":"max-snippet:-1","max-image-preview":"max-image-preview:large","max-video-preview":"max-video-preview:-1"},"canonical":"https:\/\/baya-shop.com\/home\/product\/remington-soin-visage-ep7070\/","og_locale":"fr_FR","og_type":"article","og_title":"REMINGTON Soin Visage smooth & silky EP7070 - Baya Shop","og_description":"Pour une utilisation visage (menton, l\u00e8vre sup\u00e9rieure, front et pour dessiner les sourcils)  3 t\u00eates interchangeables : brosse visage, t\u00eate massage, t\u00eate tondeuse  Multifonctionnel : Nettoyer, d\u00e9tendre, revitaliser, tondre  Bidirectionnelle id\u00e9al pour les sourcils  Prenez soin de votre visage gr\u00e2ce \u00e0 ce kit complet beaut\u00e9 du visage","og_url":"https:\/\/baya-shop.com\/home\/product\/remington-soin-visage-ep7070\/","og_site_name":"Baya Shop","article_publisher":"https:\/\/www.facebook.com\/Baya-Shop-103955257949742","article_modified_time":"2024-09-17T10:57:05+00:00","og_image":[{"width":1000,"height":1000,"url":"https:\/\/baya-shop.com\/wp-content\/uploads\/2020\/12\/EP7070.png","type":"image\/png"}],"twitter_card":"summary_large_image","twitter_misc":{"Dur\u00e9e de lecture estim\u00e9e":"1 minute"},"schema":{"@context":"https:\/\/schema.org","@graph":[{"@type":"WebPage","@id":"https:\/\/baya-shop.com\/home\/product\/remington-soin-visage-ep7070\/","url":"https:\/\/baya-shop.com\/home\/product\/remington-soin-visage-ep7070\/","name":"REMINGTON Soin Visage smooth & silky EP7070 - Baya Shop","isPartOf":{"@id":"https:\/\/baya-shop.com\/home\/#website"},"primaryImageOfPage":{"@id":"https:\/\/baya-shop.com\/home\/product\/remington-soin-visage-ep7070\/#primaryimage"},"image":{"@id":"https:\/\/baya-shop.com\/home\/product\/remington-soin-visage-ep7070\/#primaryimage"},"thumbnailUrl":"https:\/\/i0.wp.com\/baya-shop.com\/wp-content\/uploads\/2020\/12\/EP7070.png?fit=1000%2C1000&ssl=1","datePublished":"2020-12-09T08:48:06+00:00","dateModified":"2024-09-17T10:57:05+00:00","description":"Pour une utilisation visage (menton, l\u00e8vre sup\u00e9rieure, front et pour dessiner les sourcils) 3 t\u00eates interchangeables : brosse visage, t\u00eate massage, t\u00eate tondeuse Multifonctionnel : Nettoyer, d\u00e9tendre, revitaliser, tondre Bidirectionnelle id\u00e9al pour les sourcils Prenez soin de votre visage gr\u00e2ce \u00e0 ce kit complet beaut\u00e9 du visage","breadcrumb":{"@id":"https:\/\/baya-shop.com\/home\/product\/remington-soin-visage-ep7070\/#breadcrumb"},"inLanguage":"fr-FR","potentialAction":[{"@type":"ReadAction","target":["https:\/\/baya-shop.com\/home\/product\/remington-soin-visage-ep7070\/"]}]},{"@type":"ImageObject","inLanguage":"fr-FR","@id":"https:\/\/baya-shop.com\/home\/product\/remington-soin-visage-ep7070\/#primaryimage","url":"https:\/\/i0.wp.com\/baya-shop.com\/wp-content\/uploads\/2020\/12\/EP7070.png?fit=1000%2C1000&ssl=1","contentUrl":"https:\/\/i0.wp.com\/baya-shop.com\/wp-content\/uploads\/2020\/12\/EP7070.png?fit=1000%2C1000&ssl=1","width":1000,"height":1000},{"@type":"BreadcrumbList","@id":"https:\/\/baya-shop.com\/home\/product\/remington-soin-visage-ep7070\/#breadcrumb","itemListElement":[{"@type":"ListItem","position":1,"name":"Accueil","item":"https:\/\/baya-shop.com\/home\/"},{"@type":"ListItem","position":2,"name":"Shop","item":"https:\/\/baya-shop.com\/home\/shop\/"},{"@type":"ListItem","position":3,"name":"REMINGTON Soin Visage smooth &#038; silky EP7070"}]},{"@type":"WebSite","@id":"https:\/\/baya-shop.com\/home\/#website","url":"https:\/\/baya-shop.com\/home\/","name":"Baya Shop","description":"","publisher":{"@id":"https:\/\/baya-shop.com\/home\/#organization"},"potentialAction":[{"@type":"SearchAction","target":{"@type":"EntryPoint","urlTemplate":"https:\/\/baya-shop.com\/home\/?s={search_term_string}"},"query-input":{"@type":"PropertyValueSpecification","valueRequired":true,"valueName":"search_term_string"}}],"inLanguage":"fr-FR"},{"@type":"Organization","@id":"https:\/\/baya-shop.com\/home\/#organization","name":"Baya Shop","url":"https:\/\/baya-shop.com\/home\/","logo":{"@type":"ImageObject","inLanguage":"fr-FR","@id":"https:\/\/baya-shop.com\/home\/#\/schema\/logo\/image\/","url":"https:\/\/baya-shop.com\/wp-content\/uploads\/2020\/11\/g.png","contentUrl":"https:\/\/baya-shop.com\/wp-content\/uploads\/2020\/11\/g.png","width":64,"height":64,"caption":"Baya Shop"},"image":{"@id":"https:\/\/baya-shop.com\/home\/#\/schema\/logo\/image\/"},"sameAs":["https:\/\/www.facebook.com\/Baya-Shop-103955257949742","https:\/\/www.instagram.com\/baya_shop_dz\/"]}]}},"jetpack_publicize_connections":[],"jetpack_sharing_enabled":true,"jetpack_likes_enabled":true,"jetpack-related-posts":[],"_links":{"self":[{"href":"https:\/\/baya-shop.com\/home\/wp-json\/wp\/v2\/product\/690","targetHints":{"allow":["GET"]}}],"collection":[{"href":"https:\/\/baya-shop.com\/home\/wp-json\/wp\/v2\/product"}],"about":[{"href":"https:\/\/baya-shop.com\/home\/wp-json\/wp\/v2\/types\/product"}],"replies":[{"embeddable":true,"href":"https:\/\/baya-shop.com\/home\/wp-json\/wp\/v2\/comments?post=690"}],"wp:featuredmedia":[{"embeddable":true,"href":"https:\/\/baya-shop.com\/home\/wp-json\/wp\/v2\/media\/692"}],"wp:attachment":[{"href":"https:\/\/baya-shop.com\/home\/wp-json\/wp\/v2\/media?parent=690"}],"wp:term":[{"taxonomy":"product_brand","embeddable":true,"href":"https:\/\/baya-shop.com\/home\/wp-json\/wp\/v2\/product_brand?post=690"},{"taxonomy":"product_cat","embeddable":true,"href":"https:\/\/baya-shop.com\/home\/wp-json\/wp\/v2\/product_cat?post=690"},{"taxonomy":"product_tag","embeddable":true,"href":"https:\/\/baya-shop.com\/home\/wp-json\/wp\/v2\/product_tag?post=690"}],"curies":[{"name":"wp","href":"https:\/\/api.w.org\/{rel}","templated":true}]}}