{"id":4055,"date":"2024-09-17T17:26:44","date_gmt":"2024-09-17T16:26:44","guid":{"rendered":"https:\/\/baya-shop.com\/home\/?post_type=product&#038;p=4055"},"modified":"2025-10-12T12:45:43","modified_gmt":"2025-10-12T11:45:43","slug":"remington-lisseur-straight-curl-one-s6077","status":"publish","type":"product","link":"https:\/\/baya-shop.com\/home\/product\/remington-lisseur-straight-curl-one-s6077\/","title":{"rendered":"REMINGTON Lisseur Straight &#038; Curl ONE S6077"},"content":{"rendered":"","protected":false},"excerpt":{"rendered":"<ul>\n<li>Lisseur boucleur 2 en 1 pour cr\u00e9er des boucles douces, des ondulations et des coiffures lisses et \u00e9l\u00e9gantes<\/li>\n<li>Technologie FlexiCovers pour passer facilement et en toute s\u00e9curit\u00e9 d&rsquo;un mode \u00e0 l&rsquo;autre<\/li>\n<li>Mode lisseur avec :<\/li>\n<li>Plaques chauffantes plus longues de 110 mm<\/li>\n<li>Rev\u00eatement c\u00e9ramique de pointe avec tourmaline antistatique<\/li>\n<li>Mode boucleur avec :<\/li>\n<li>Tube chauffant de 32 mm<\/li>\n<li>Rev\u00eatement c\u00e9ramique \u00e0 texture antid\u00e9rapante<\/li>\n<li>Verrouillage de plaque\/tube<\/li>\n<li>Contr\u00f4le num\u00e9rique des temp\u00e9ratures, avec 5 r\u00e9glages de 150 \u00e0 230 \u00b0C**<\/li>\n<li>Chauffage ultra rapide, pr\u00eat \u00e0 l&#8217;emploi en 20 secondes<\/li>\n<li>Pointe froide facile \u00e0 attraper<\/li>\n<li>Mise hors tension automatique de s\u00e9curit\u00e9 au bout de 60 minutes<\/li>\n<li>Cordon rotatif<\/li>\n<li>Tension universelle<\/li>\n<li>Comprend un gant de coiffage et une pochette de rangement de luxe avec doublure thermor\u00e9sistante<\/li>\n<\/ul>\n","protected":false},"featured_media":4056,"comment_status":"open","ping_status":"closed","template":"","meta":{"jetpack_post_was_ever_published":false,"jetpack_publicize_message":"","jetpack_publicize_feature_enabled":true,"jetpack_social_post_already_shared":true,"jetpack_social_options":{"image_generator_settings":{"template":"highway","default_image_id":0,"font":"","enabled":false},"version":2}},"product_brand":[],"product_cat":[18,47],"product_tag":[],"class_list":{"0":"post-4055","1":"product","2":"type-product","3":"status-publish","4":"has-post-thumbnail","6":"product_cat-lisseur","7":"product_cat-remington","9":"first","10":"instock","11":"sale","12":"shipping-taxable","13":"purchasable","14":"product-type-simple"},"yoast_head":"<!-- This site is optimized with the Yoast SEO plugin v27.4 - https:\/\/yoast.com\/product\/yoast-seo-wordpress\/ -->\n<title>REMINGTON Lisseur Straight &amp; Curl ONE S6077 - Baya Shop<\/title>\n<meta name=\"description\" content=\"Lisseur boucleur 2 en 1 pour cr\u00e9er des boucles douces, des ondulations et des coiffures lisses et \u00e9l\u00e9gantes  Technologie FlexiCovers pour passer facilement et en toute s\u00e9curit\u00e9 d&#039;un mode \u00e0 l&#039;autre  Mode lisseur avec :  Plaques chauffantes plus longues de 110 mm  Rev\u00eatement c\u00e9ramique de pointe avec tourmaline antistatique  Mode boucleur avec :  Tube chauffant de 32 mm  Rev\u00eatement c\u00e9ramique \u00e0 texture antid\u00e9rapante  Verrouillage de plaque\/tube  Contr\u00f4le num\u00e9rique des temp\u00e9ratures, avec 5 r\u00e9glages de 150 \u00e0 230 \u00b0C**  Chauffage ultra rapide, pr\u00eat \u00e0 l&#039;emploi en 20 secondes  Pointe froide facile \u00e0 attraper  Mise hors tension automatique de s\u00e9curit\u00e9 au bout de 60 minutes  Cordon rotatif  Tension universelle  Comprend un gant de coiffage et une pochette de rangement de luxe avec doublure thermor\u00e9sistante\" \/>\n<meta name=\"robots\" content=\"index, follow, max-snippet:-1, max-image-preview:large, max-video-preview:-1\" \/>\n<link rel=\"canonical\" href=\"https:\/\/baya-shop.com\/home\/product\/remington-lisseur-straight-curl-one-s6077\/\" \/>\n<meta property=\"og:locale\" content=\"fr_FR\" \/>\n<meta property=\"og:type\" content=\"article\" \/>\n<meta property=\"og:title\" content=\"REMINGTON Lisseur Straight &amp; Curl ONE S6077 - Baya Shop\" \/>\n<meta property=\"og:description\" content=\"Lisseur boucleur 2 en 1 pour cr\u00e9er des boucles douces, des ondulations et des coiffures lisses et \u00e9l\u00e9gantes  Technologie FlexiCovers pour passer facilement et en toute s\u00e9curit\u00e9 d&#039;un mode \u00e0 l&#039;autre  Mode lisseur avec :  Plaques chauffantes plus longues de 110 mm  Rev\u00eatement c\u00e9ramique de pointe avec tourmaline antistatique  Mode boucleur avec :  Tube chauffant de 32 mm  Rev\u00eatement c\u00e9ramique \u00e0 texture antid\u00e9rapante  Verrouillage de plaque\/tube  Contr\u00f4le num\u00e9rique des temp\u00e9ratures, avec 5 r\u00e9glages de 150 \u00e0 230 \u00b0C**  Chauffage ultra rapide, pr\u00eat \u00e0 l&#039;emploi en 20 secondes  Pointe froide facile \u00e0 attraper  Mise hors tension automatique de s\u00e9curit\u00e9 au bout de 60 minutes  Cordon rotatif  Tension universelle  Comprend un gant de coiffage et une pochette de rangement de luxe avec doublure thermor\u00e9sistante\" \/>\n<meta property=\"og:url\" content=\"https:\/\/baya-shop.com\/home\/product\/remington-lisseur-straight-curl-one-s6077\/\" \/>\n<meta property=\"og:site_name\" content=\"Baya Shop\" \/>\n<meta property=\"article:publisher\" content=\"https:\/\/www.facebook.com\/Baya-Shop-103955257949742\" \/>\n<meta property=\"article:modified_time\" content=\"2025-10-12T11:45:43+00:00\" \/>\n<meta property=\"og:image\" content=\"https:\/\/baya-shop.com\/wp-content\/uploads\/2024\/09\/5038061152173_4.webp\" \/>\n\t<meta property=\"og:image:width\" content=\"900\" \/>\n\t<meta property=\"og:image:height\" content=\"900\" \/>\n\t<meta property=\"og:image:type\" content=\"image\/webp\" \/>\n<meta name=\"twitter:card\" content=\"summary_large_image\" \/>\n<meta name=\"twitter:label1\" content=\"Dur\u00e9e de lecture estim\u00e9e\" \/>\n\t<meta name=\"twitter:data1\" content=\"1 minute\" \/>\n<script type=\"application\/ld+json\" class=\"yoast-schema-graph\">{\"@context\":\"https:\\\/\\\/schema.org\",\"@graph\":[{\"@type\":\"WebPage\",\"@id\":\"https:\\\/\\\/baya-shop.com\\\/home\\\/product\\\/remington-lisseur-straight-curl-one-s6077\\\/\",\"url\":\"https:\\\/\\\/baya-shop.com\\\/home\\\/product\\\/remington-lisseur-straight-curl-one-s6077\\\/\",\"name\":\"REMINGTON Lisseur Straight & Curl ONE S6077 - Baya Shop\",\"isPartOf\":{\"@id\":\"https:\\\/\\\/baya-shop.com\\\/home\\\/#website\"},\"primaryImageOfPage\":{\"@id\":\"https:\\\/\\\/baya-shop.com\\\/home\\\/product\\\/remington-lisseur-straight-curl-one-s6077\\\/#primaryimage\"},\"image\":{\"@id\":\"https:\\\/\\\/baya-shop.com\\\/home\\\/product\\\/remington-lisseur-straight-curl-one-s6077\\\/#primaryimage\"},\"thumbnailUrl\":\"https:\\\/\\\/i0.wp.com\\\/baya-shop.com\\\/wp-content\\\/uploads\\\/2024\\\/09\\\/5038061152173_4.webp?fit=900%2C900&ssl=1\",\"datePublished\":\"2024-09-17T16:26:44+00:00\",\"dateModified\":\"2025-10-12T11:45:43+00:00\",\"description\":\"Lisseur boucleur 2 en 1 pour cr\u00e9er des boucles douces, des ondulations et des coiffures lisses et \u00e9l\u00e9gantes Technologie FlexiCovers pour passer facilement et en toute s\u00e9curit\u00e9 d'un mode \u00e0 l'autre Mode lisseur avec : Plaques chauffantes plus longues de 110 mm Rev\u00eatement c\u00e9ramique de pointe avec tourmaline antistatique Mode boucleur avec : Tube chauffant de 32 mm Rev\u00eatement c\u00e9ramique \u00e0 texture antid\u00e9rapante Verrouillage de plaque\\\/tube Contr\u00f4le num\u00e9rique des temp\u00e9ratures, avec 5 r\u00e9glages de 150 \u00e0 230 \u00b0C** Chauffage ultra rapide, pr\u00eat \u00e0 l'emploi en 20 secondes Pointe froide facile \u00e0 attraper Mise hors tension automatique de s\u00e9curit\u00e9 au bout de 60 minutes Cordon rotatif Tension universelle Comprend un gant de coiffage et une pochette de rangement de luxe avec doublure thermor\u00e9sistante\",\"breadcrumb\":{\"@id\":\"https:\\\/\\\/baya-shop.com\\\/home\\\/product\\\/remington-lisseur-straight-curl-one-s6077\\\/#breadcrumb\"},\"inLanguage\":\"fr-FR\",\"potentialAction\":[{\"@type\":\"ReadAction\",\"target\":[\"https:\\\/\\\/baya-shop.com\\\/home\\\/product\\\/remington-lisseur-straight-curl-one-s6077\\\/\"]}]},{\"@type\":\"ImageObject\",\"inLanguage\":\"fr-FR\",\"@id\":\"https:\\\/\\\/baya-shop.com\\\/home\\\/product\\\/remington-lisseur-straight-curl-one-s6077\\\/#primaryimage\",\"url\":\"https:\\\/\\\/i0.wp.com\\\/baya-shop.com\\\/wp-content\\\/uploads\\\/2024\\\/09\\\/5038061152173_4.webp?fit=900%2C900&ssl=1\",\"contentUrl\":\"https:\\\/\\\/i0.wp.com\\\/baya-shop.com\\\/wp-content\\\/uploads\\\/2024\\\/09\\\/5038061152173_4.webp?fit=900%2C900&ssl=1\",\"width\":900,\"height\":900},{\"@type\":\"BreadcrumbList\",\"@id\":\"https:\\\/\\\/baya-shop.com\\\/home\\\/product\\\/remington-lisseur-straight-curl-one-s6077\\\/#breadcrumb\",\"itemListElement\":[{\"@type\":\"ListItem\",\"position\":1,\"name\":\"Accueil\",\"item\":\"https:\\\/\\\/baya-shop.com\\\/home\\\/\"},{\"@type\":\"ListItem\",\"position\":2,\"name\":\"Shop\",\"item\":\"https:\\\/\\\/baya-shop.com\\\/home\\\/shop\\\/\"},{\"@type\":\"ListItem\",\"position\":3,\"name\":\"REMINGTON Lisseur Straight &#038; Curl ONE S6077\"}]},{\"@type\":\"WebSite\",\"@id\":\"https:\\\/\\\/baya-shop.com\\\/home\\\/#website\",\"url\":\"https:\\\/\\\/baya-shop.com\\\/home\\\/\",\"name\":\"Baya Shop\",\"description\":\"\",\"publisher\":{\"@id\":\"https:\\\/\\\/baya-shop.com\\\/home\\\/#organization\"},\"potentialAction\":[{\"@type\":\"SearchAction\",\"target\":{\"@type\":\"EntryPoint\",\"urlTemplate\":\"https:\\\/\\\/baya-shop.com\\\/home\\\/?s={search_term_string}\"},\"query-input\":{\"@type\":\"PropertyValueSpecification\",\"valueRequired\":true,\"valueName\":\"search_term_string\"}}],\"inLanguage\":\"fr-FR\"},{\"@type\":\"Organization\",\"@id\":\"https:\\\/\\\/baya-shop.com\\\/home\\\/#organization\",\"name\":\"Baya Shop\",\"url\":\"https:\\\/\\\/baya-shop.com\\\/home\\\/\",\"logo\":{\"@type\":\"ImageObject\",\"inLanguage\":\"fr-FR\",\"@id\":\"https:\\\/\\\/baya-shop.com\\\/home\\\/#\\\/schema\\\/logo\\\/image\\\/\",\"url\":\"https:\\\/\\\/baya-shop.com\\\/wp-content\\\/uploads\\\/2020\\\/11\\\/g.png\",\"contentUrl\":\"https:\\\/\\\/baya-shop.com\\\/wp-content\\\/uploads\\\/2020\\\/11\\\/g.png\",\"width\":64,\"height\":64,\"caption\":\"Baya Shop\"},\"image\":{\"@id\":\"https:\\\/\\\/baya-shop.com\\\/home\\\/#\\\/schema\\\/logo\\\/image\\\/\"},\"sameAs\":[\"https:\\\/\\\/www.facebook.com\\\/Baya-Shop-103955257949742\",\"https:\\\/\\\/www.instagram.com\\\/baya_shop_dz\\\/\"]}]}<\/script>\n<!-- \/ Yoast SEO plugin. -->","yoast_head_json":{"title":"REMINGTON Lisseur Straight & Curl ONE S6077 - Baya Shop","description":"Lisseur boucleur 2 en 1 pour cr\u00e9er des boucles douces, des ondulations et des coiffures lisses et \u00e9l\u00e9gantes  Technologie FlexiCovers pour passer facilement et en toute s\u00e9curit\u00e9 d'un mode \u00e0 l'autre  Mode lisseur avec :  Plaques chauffantes plus longues de 110 mm  Rev\u00eatement c\u00e9ramique de pointe avec tourmaline antistatique  Mode boucleur avec :  Tube chauffant de 32 mm  Rev\u00eatement c\u00e9ramique \u00e0 texture antid\u00e9rapante  Verrouillage de plaque\/tube  Contr\u00f4le num\u00e9rique des temp\u00e9ratures, avec 5 r\u00e9glages de 150 \u00e0 230 \u00b0C**  Chauffage ultra rapide, pr\u00eat \u00e0 l'emploi en 20 secondes  Pointe froide facile \u00e0 attraper  Mise hors tension automatique de s\u00e9curit\u00e9 au bout de 60 minutes  Cordon rotatif  Tension universelle  Comprend un gant de coiffage et une pochette de rangement de luxe avec doublure thermor\u00e9sistante","robots":{"index":"index","follow":"follow","max-snippet":"max-snippet:-1","max-image-preview":"max-image-preview:large","max-video-preview":"max-video-preview:-1"},"canonical":"https:\/\/baya-shop.com\/home\/product\/remington-lisseur-straight-curl-one-s6077\/","og_locale":"fr_FR","og_type":"article","og_title":"REMINGTON Lisseur Straight & Curl ONE S6077 - Baya Shop","og_description":"Lisseur boucleur 2 en 1 pour cr\u00e9er des boucles douces, des ondulations et des coiffures lisses et \u00e9l\u00e9gantes  Technologie FlexiCovers pour passer facilement et en toute s\u00e9curit\u00e9 d'un mode \u00e0 l'autre  Mode lisseur avec :  Plaques chauffantes plus longues de 110 mm  Rev\u00eatement c\u00e9ramique de pointe avec tourmaline antistatique  Mode boucleur avec :  Tube chauffant de 32 mm  Rev\u00eatement c\u00e9ramique \u00e0 texture antid\u00e9rapante  Verrouillage de plaque\/tube  Contr\u00f4le num\u00e9rique des temp\u00e9ratures, avec 5 r\u00e9glages de 150 \u00e0 230 \u00b0C**  Chauffage ultra rapide, pr\u00eat \u00e0 l'emploi en 20 secondes  Pointe froide facile \u00e0 attraper  Mise hors tension automatique de s\u00e9curit\u00e9 au bout de 60 minutes  Cordon rotatif  Tension universelle  Comprend un gant de coiffage et une pochette de rangement de luxe avec doublure thermor\u00e9sistante","og_url":"https:\/\/baya-shop.com\/home\/product\/remington-lisseur-straight-curl-one-s6077\/","og_site_name":"Baya Shop","article_publisher":"https:\/\/www.facebook.com\/Baya-Shop-103955257949742","article_modified_time":"2025-10-12T11:45:43+00:00","og_image":[{"width":900,"height":900,"url":"https:\/\/baya-shop.com\/wp-content\/uploads\/2024\/09\/5038061152173_4.webp","type":"image\/webp"}],"twitter_card":"summary_large_image","twitter_misc":{"Dur\u00e9e de lecture estim\u00e9e":"1 minute"},"schema":{"@context":"https:\/\/schema.org","@graph":[{"@type":"WebPage","@id":"https:\/\/baya-shop.com\/home\/product\/remington-lisseur-straight-curl-one-s6077\/","url":"https:\/\/baya-shop.com\/home\/product\/remington-lisseur-straight-curl-one-s6077\/","name":"REMINGTON Lisseur Straight & Curl ONE S6077 - Baya Shop","isPartOf":{"@id":"https:\/\/baya-shop.com\/home\/#website"},"primaryImageOfPage":{"@id":"https:\/\/baya-shop.com\/home\/product\/remington-lisseur-straight-curl-one-s6077\/#primaryimage"},"image":{"@id":"https:\/\/baya-shop.com\/home\/product\/remington-lisseur-straight-curl-one-s6077\/#primaryimage"},"thumbnailUrl":"https:\/\/i0.wp.com\/baya-shop.com\/wp-content\/uploads\/2024\/09\/5038061152173_4.webp?fit=900%2C900&ssl=1","datePublished":"2024-09-17T16:26:44+00:00","dateModified":"2025-10-12T11:45:43+00:00","description":"Lisseur boucleur 2 en 1 pour cr\u00e9er des boucles douces, des ondulations et des coiffures lisses et \u00e9l\u00e9gantes Technologie FlexiCovers pour passer facilement et en toute s\u00e9curit\u00e9 d'un mode \u00e0 l'autre Mode lisseur avec : Plaques chauffantes plus longues de 110 mm Rev\u00eatement c\u00e9ramique de pointe avec tourmaline antistatique Mode boucleur avec : Tube chauffant de 32 mm Rev\u00eatement c\u00e9ramique \u00e0 texture antid\u00e9rapante Verrouillage de plaque\/tube Contr\u00f4le num\u00e9rique des temp\u00e9ratures, avec 5 r\u00e9glages de 150 \u00e0 230 \u00b0C** Chauffage ultra rapide, pr\u00eat \u00e0 l'emploi en 20 secondes Pointe froide facile \u00e0 attraper Mise hors tension automatique de s\u00e9curit\u00e9 au bout de 60 minutes Cordon rotatif Tension universelle Comprend un gant de coiffage et une pochette de rangement de luxe avec doublure thermor\u00e9sistante","breadcrumb":{"@id":"https:\/\/baya-shop.com\/home\/product\/remington-lisseur-straight-curl-one-s6077\/#breadcrumb"},"inLanguage":"fr-FR","potentialAction":[{"@type":"ReadAction","target":["https:\/\/baya-shop.com\/home\/product\/remington-lisseur-straight-curl-one-s6077\/"]}]},{"@type":"ImageObject","inLanguage":"fr-FR","@id":"https:\/\/baya-shop.com\/home\/product\/remington-lisseur-straight-curl-one-s6077\/#primaryimage","url":"https:\/\/i0.wp.com\/baya-shop.com\/wp-content\/uploads\/2024\/09\/5038061152173_4.webp?fit=900%2C900&ssl=1","contentUrl":"https:\/\/i0.wp.com\/baya-shop.com\/wp-content\/uploads\/2024\/09\/5038061152173_4.webp?fit=900%2C900&ssl=1","width":900,"height":900},{"@type":"BreadcrumbList","@id":"https:\/\/baya-shop.com\/home\/product\/remington-lisseur-straight-curl-one-s6077\/#breadcrumb","itemListElement":[{"@type":"ListItem","position":1,"name":"Accueil","item":"https:\/\/baya-shop.com\/home\/"},{"@type":"ListItem","position":2,"name":"Shop","item":"https:\/\/baya-shop.com\/home\/shop\/"},{"@type":"ListItem","position":3,"name":"REMINGTON Lisseur Straight &#038; Curl ONE S6077"}]},{"@type":"WebSite","@id":"https:\/\/baya-shop.com\/home\/#website","url":"https:\/\/baya-shop.com\/home\/","name":"Baya Shop","description":"","publisher":{"@id":"https:\/\/baya-shop.com\/home\/#organization"},"potentialAction":[{"@type":"SearchAction","target":{"@type":"EntryPoint","urlTemplate":"https:\/\/baya-shop.com\/home\/?s={search_term_string}"},"query-input":{"@type":"PropertyValueSpecification","valueRequired":true,"valueName":"search_term_string"}}],"inLanguage":"fr-FR"},{"@type":"Organization","@id":"https:\/\/baya-shop.com\/home\/#organization","name":"Baya Shop","url":"https:\/\/baya-shop.com\/home\/","logo":{"@type":"ImageObject","inLanguage":"fr-FR","@id":"https:\/\/baya-shop.com\/home\/#\/schema\/logo\/image\/","url":"https:\/\/baya-shop.com\/wp-content\/uploads\/2020\/11\/g.png","contentUrl":"https:\/\/baya-shop.com\/wp-content\/uploads\/2020\/11\/g.png","width":64,"height":64,"caption":"Baya Shop"},"image":{"@id":"https:\/\/baya-shop.com\/home\/#\/schema\/logo\/image\/"},"sameAs":["https:\/\/www.facebook.com\/Baya-Shop-103955257949742","https:\/\/www.instagram.com\/baya_shop_dz\/"]}]}},"jetpack_publicize_connections":[],"jetpack_sharing_enabled":true,"jetpack_likes_enabled":true,"jetpack-related-posts":[],"_links":{"self":[{"href":"https:\/\/baya-shop.com\/home\/wp-json\/wp\/v2\/product\/4055","targetHints":{"allow":["GET"]}}],"collection":[{"href":"https:\/\/baya-shop.com\/home\/wp-json\/wp\/v2\/product"}],"about":[{"href":"https:\/\/baya-shop.com\/home\/wp-json\/wp\/v2\/types\/product"}],"replies":[{"embeddable":true,"href":"https:\/\/baya-shop.com\/home\/wp-json\/wp\/v2\/comments?post=4055"}],"wp:featuredmedia":[{"embeddable":true,"href":"https:\/\/baya-shop.com\/home\/wp-json\/wp\/v2\/media\/4056"}],"wp:attachment":[{"href":"https:\/\/baya-shop.com\/home\/wp-json\/wp\/v2\/media?parent=4055"}],"wp:term":[{"taxonomy":"product_brand","embeddable":true,"href":"https:\/\/baya-shop.com\/home\/wp-json\/wp\/v2\/product_brand?post=4055"},{"taxonomy":"product_cat","embeddable":true,"href":"https:\/\/baya-shop.com\/home\/wp-json\/wp\/v2\/product_cat?post=4055"},{"taxonomy":"product_tag","embeddable":true,"href":"https:\/\/baya-shop.com\/home\/wp-json\/wp\/v2\/product_tag?post=4055"}],"curies":[{"name":"wp","href":"https:\/\/api.w.org\/{rel}","templated":true}]}}