{"id":4041,"date":"2024-09-17T16:09:16","date_gmt":"2024-09-17T15:09:16","guid":{"rendered":"https:\/\/baya-shop.com\/home\/?post_type=product&#038;p=4041"},"modified":"2025-04-19T15:49:13","modified_gmt":"2025-04-19T14:49:13","slug":"braun-silk-epil-rasoir-feminin-ls5103","status":"publish","type":"product","link":"https:\/\/baya-shop.com\/home\/product\/braun-silk-epil-rasoir-feminin-ls5103\/","title":{"rendered":"BRAUN Silk Epil Rasoir Feminin LS5103"},"content":{"rendered":"","protected":false},"excerpt":{"rendered":"<p>BRAUN Silk Epil Rasoir Feminin LS5103 sans fil<\/p>\n<ul>\n<li>Grille flottante et tondeuse pour un rasage de pr\u00e8s sur les jambes, les aisselles ou la ligne du maillot<\/li>\n<li>La t\u00eate arrondie s&rsquo;adapte aux contours du corps<\/li>\n<li>1 extra : bonnet de coupe pour le maillot et les zones sensibles<\/li>\n<\/ul>\n<p>Le Braun Silk-\u00e9pil \u00e9lectrique Lady Shaver 5-103 est un syst\u00e8me de rasoir et de tondeuse sans fil \u00e0 utiliser sur les jambes, les aisselles et le maillot. La t\u00eate arrondie s&rsquo;adapte aux contours du corps pour une utilisation facile. Un bonnet de tondeuse \u00e9limine en douceur les poils des zones sensibles comme la ligne du maillot.<\/p>\n<p>Comprend 1 extra : capuchon de tondeuse.<\/p>\n","protected":false},"featured_media":4042,"comment_status":"open","ping_status":"closed","template":"","meta":{"jetpack_post_was_ever_published":false,"jetpack_publicize_message":"","jetpack_publicize_feature_enabled":true,"jetpack_social_post_already_shared":true,"jetpack_social_options":{"image_generator_settings":{"template":"highway","default_image_id":0,"font":"","enabled":false},"version":2}},"product_brand":[],"product_cat":[19,61],"product_tag":[],"class_list":{"0":"post-4041","1":"product","2":"type-product","3":"status-publish","4":"has-post-thumbnail","6":"product_cat-beaute","7":"product_cat-braun","9":"first","10":"instock","11":"shipping-taxable","12":"purchasable","13":"product-type-simple"},"yoast_head":"<!-- This site is optimized with the Yoast SEO plugin v27.4 - https:\/\/yoast.com\/product\/yoast-seo-wordpress\/ -->\n<title>BRAUN Silk Epil Rasoir Feminin LS5103 - Baya Shop<\/title>\n<meta name=\"description\" content=\"BRAUN Silk Epil Rasoir Feminin LS5103 sans fil   Grille flottante et tondeuse pour un rasage de pr\u00e8s sur les jambes, les aisselles ou la ligne du maillot  La t\u00eate arrondie s&#039;adapte aux contours du corps  1 extra : bonnet de coupe pour le maillot et les zones sensibles  Le Braun Silk-\u00e9pil \u00e9lectrique Lady Shaver 5-103 est un syst\u00e8me de rasoir et de tondeuse sans fil \u00e0 utiliser sur les jambes, les aisselles et le maillot. La t\u00eate arrondie s&#039;adapte aux contours du corps pour une utilisation facile. Un bonnet de tondeuse \u00e9limine en douceur les poils des zones sensibles comme la ligne du maillot.  Comprend 1 extra : capuchon de tondeuse.\" \/>\n<meta name=\"robots\" content=\"index, follow, max-snippet:-1, max-image-preview:large, max-video-preview:-1\" \/>\n<link rel=\"canonical\" href=\"https:\/\/baya-shop.com\/home\/product\/braun-silk-epil-rasoir-feminin-ls5103\/\" \/>\n<meta property=\"og:locale\" content=\"fr_FR\" \/>\n<meta property=\"og:type\" content=\"article\" \/>\n<meta property=\"og:title\" content=\"BRAUN Silk Epil Rasoir Feminin LS5103 - Baya Shop\" \/>\n<meta property=\"og:description\" content=\"BRAUN Silk Epil Rasoir Feminin LS5103 sans fil   Grille flottante et tondeuse pour un rasage de pr\u00e8s sur les jambes, les aisselles ou la ligne du maillot  La t\u00eate arrondie s&#039;adapte aux contours du corps  1 extra : bonnet de coupe pour le maillot et les zones sensibles  Le Braun Silk-\u00e9pil \u00e9lectrique Lady Shaver 5-103 est un syst\u00e8me de rasoir et de tondeuse sans fil \u00e0 utiliser sur les jambes, les aisselles et le maillot. La t\u00eate arrondie s&#039;adapte aux contours du corps pour une utilisation facile. Un bonnet de tondeuse \u00e9limine en douceur les poils des zones sensibles comme la ligne du maillot.  Comprend 1 extra : capuchon de tondeuse.\" \/>\n<meta property=\"og:url\" content=\"https:\/\/baya-shop.com\/home\/product\/braun-silk-epil-rasoir-feminin-ls5103\/\" \/>\n<meta property=\"og:site_name\" content=\"Baya Shop\" \/>\n<meta property=\"article:publisher\" content=\"https:\/\/www.facebook.com\/Baya-Shop-103955257949742\" \/>\n<meta property=\"article:modified_time\" content=\"2025-04-19T14:49:13+00:00\" \/>\n<meta property=\"og:image\" content=\"https:\/\/baya-shop.com\/wp-content\/uploads\/2024\/09\/1652889885SDiA.jpg\" \/>\n\t<meta property=\"og:image:width\" content=\"680\" \/>\n\t<meta property=\"og:image:height\" content=\"680\" \/>\n\t<meta property=\"og:image:type\" content=\"image\/jpeg\" \/>\n<meta name=\"twitter:card\" content=\"summary_large_image\" \/>\n<meta name=\"twitter:label1\" content=\"Dur\u00e9e de lecture estim\u00e9e\" \/>\n\t<meta name=\"twitter:data1\" content=\"1 minute\" \/>\n<script type=\"application\/ld+json\" class=\"yoast-schema-graph\">{\"@context\":\"https:\\\/\\\/schema.org\",\"@graph\":[{\"@type\":\"WebPage\",\"@id\":\"https:\\\/\\\/baya-shop.com\\\/home\\\/product\\\/braun-silk-epil-rasoir-feminin-ls5103\\\/\",\"url\":\"https:\\\/\\\/baya-shop.com\\\/home\\\/product\\\/braun-silk-epil-rasoir-feminin-ls5103\\\/\",\"name\":\"BRAUN Silk Epil Rasoir Feminin LS5103 - Baya Shop\",\"isPartOf\":{\"@id\":\"https:\\\/\\\/baya-shop.com\\\/home\\\/#website\"},\"primaryImageOfPage\":{\"@id\":\"https:\\\/\\\/baya-shop.com\\\/home\\\/product\\\/braun-silk-epil-rasoir-feminin-ls5103\\\/#primaryimage\"},\"image\":{\"@id\":\"https:\\\/\\\/baya-shop.com\\\/home\\\/product\\\/braun-silk-epil-rasoir-feminin-ls5103\\\/#primaryimage\"},\"thumbnailUrl\":\"https:\\\/\\\/i0.wp.com\\\/baya-shop.com\\\/wp-content\\\/uploads\\\/2024\\\/09\\\/1652889885SDiA.jpg?fit=680%2C680&ssl=1\",\"datePublished\":\"2024-09-17T15:09:16+00:00\",\"dateModified\":\"2025-04-19T14:49:13+00:00\",\"description\":\"BRAUN Silk Epil Rasoir Feminin LS5103 sans fil Grille flottante et tondeuse pour un rasage de pr\u00e8s sur les jambes, les aisselles ou la ligne du maillot La t\u00eate arrondie s'adapte aux contours du corps 1 extra : bonnet de coupe pour le maillot et les zones sensibles Le Braun Silk-\u00e9pil \u00e9lectrique Lady Shaver 5-103 est un syst\u00e8me de rasoir et de tondeuse sans fil \u00e0 utiliser sur les jambes, les aisselles et le maillot. La t\u00eate arrondie s'adapte aux contours du corps pour une utilisation facile. Un bonnet de tondeuse \u00e9limine en douceur les poils des zones sensibles comme la ligne du maillot. Comprend 1 extra : capuchon de tondeuse.\",\"breadcrumb\":{\"@id\":\"https:\\\/\\\/baya-shop.com\\\/home\\\/product\\\/braun-silk-epil-rasoir-feminin-ls5103\\\/#breadcrumb\"},\"inLanguage\":\"fr-FR\",\"potentialAction\":[{\"@type\":\"ReadAction\",\"target\":[\"https:\\\/\\\/baya-shop.com\\\/home\\\/product\\\/braun-silk-epil-rasoir-feminin-ls5103\\\/\"]}]},{\"@type\":\"ImageObject\",\"inLanguage\":\"fr-FR\",\"@id\":\"https:\\\/\\\/baya-shop.com\\\/home\\\/product\\\/braun-silk-epil-rasoir-feminin-ls5103\\\/#primaryimage\",\"url\":\"https:\\\/\\\/i0.wp.com\\\/baya-shop.com\\\/wp-content\\\/uploads\\\/2024\\\/09\\\/1652889885SDiA.jpg?fit=680%2C680&ssl=1\",\"contentUrl\":\"https:\\\/\\\/i0.wp.com\\\/baya-shop.com\\\/wp-content\\\/uploads\\\/2024\\\/09\\\/1652889885SDiA.jpg?fit=680%2C680&ssl=1\",\"width\":680,\"height\":680},{\"@type\":\"BreadcrumbList\",\"@id\":\"https:\\\/\\\/baya-shop.com\\\/home\\\/product\\\/braun-silk-epil-rasoir-feminin-ls5103\\\/#breadcrumb\",\"itemListElement\":[{\"@type\":\"ListItem\",\"position\":1,\"name\":\"Accueil\",\"item\":\"https:\\\/\\\/baya-shop.com\\\/home\\\/\"},{\"@type\":\"ListItem\",\"position\":2,\"name\":\"Shop\",\"item\":\"https:\\\/\\\/baya-shop.com\\\/home\\\/shop\\\/\"},{\"@type\":\"ListItem\",\"position\":3,\"name\":\"BRAUN Silk Epil Rasoir Feminin LS5103\"}]},{\"@type\":\"WebSite\",\"@id\":\"https:\\\/\\\/baya-shop.com\\\/home\\\/#website\",\"url\":\"https:\\\/\\\/baya-shop.com\\\/home\\\/\",\"name\":\"Baya Shop\",\"description\":\"\",\"publisher\":{\"@id\":\"https:\\\/\\\/baya-shop.com\\\/home\\\/#organization\"},\"potentialAction\":[{\"@type\":\"SearchAction\",\"target\":{\"@type\":\"EntryPoint\",\"urlTemplate\":\"https:\\\/\\\/baya-shop.com\\\/home\\\/?s={search_term_string}\"},\"query-input\":{\"@type\":\"PropertyValueSpecification\",\"valueRequired\":true,\"valueName\":\"search_term_string\"}}],\"inLanguage\":\"fr-FR\"},{\"@type\":\"Organization\",\"@id\":\"https:\\\/\\\/baya-shop.com\\\/home\\\/#organization\",\"name\":\"Baya Shop\",\"url\":\"https:\\\/\\\/baya-shop.com\\\/home\\\/\",\"logo\":{\"@type\":\"ImageObject\",\"inLanguage\":\"fr-FR\",\"@id\":\"https:\\\/\\\/baya-shop.com\\\/home\\\/#\\\/schema\\\/logo\\\/image\\\/\",\"url\":\"https:\\\/\\\/baya-shop.com\\\/wp-content\\\/uploads\\\/2020\\\/11\\\/g.png\",\"contentUrl\":\"https:\\\/\\\/baya-shop.com\\\/wp-content\\\/uploads\\\/2020\\\/11\\\/g.png\",\"width\":64,\"height\":64,\"caption\":\"Baya Shop\"},\"image\":{\"@id\":\"https:\\\/\\\/baya-shop.com\\\/home\\\/#\\\/schema\\\/logo\\\/image\\\/\"},\"sameAs\":[\"https:\\\/\\\/www.facebook.com\\\/Baya-Shop-103955257949742\",\"https:\\\/\\\/www.instagram.com\\\/baya_shop_dz\\\/\"]}]}<\/script>\n<!-- \/ Yoast SEO plugin. -->","yoast_head_json":{"title":"BRAUN Silk Epil Rasoir Feminin LS5103 - Baya Shop","description":"BRAUN Silk Epil Rasoir Feminin LS5103 sans fil   Grille flottante et tondeuse pour un rasage de pr\u00e8s sur les jambes, les aisselles ou la ligne du maillot  La t\u00eate arrondie s'adapte aux contours du corps  1 extra : bonnet de coupe pour le maillot et les zones sensibles  Le Braun Silk-\u00e9pil \u00e9lectrique Lady Shaver 5-103 est un syst\u00e8me de rasoir et de tondeuse sans fil \u00e0 utiliser sur les jambes, les aisselles et le maillot. La t\u00eate arrondie s'adapte aux contours du corps pour une utilisation facile. Un bonnet de tondeuse \u00e9limine en douceur les poils des zones sensibles comme la ligne du maillot.  Comprend 1 extra : capuchon de tondeuse.","robots":{"index":"index","follow":"follow","max-snippet":"max-snippet:-1","max-image-preview":"max-image-preview:large","max-video-preview":"max-video-preview:-1"},"canonical":"https:\/\/baya-shop.com\/home\/product\/braun-silk-epil-rasoir-feminin-ls5103\/","og_locale":"fr_FR","og_type":"article","og_title":"BRAUN Silk Epil Rasoir Feminin LS5103 - Baya Shop","og_description":"BRAUN Silk Epil Rasoir Feminin LS5103 sans fil   Grille flottante et tondeuse pour un rasage de pr\u00e8s sur les jambes, les aisselles ou la ligne du maillot  La t\u00eate arrondie s'adapte aux contours du corps  1 extra : bonnet de coupe pour le maillot et les zones sensibles  Le Braun Silk-\u00e9pil \u00e9lectrique Lady Shaver 5-103 est un syst\u00e8me de rasoir et de tondeuse sans fil \u00e0 utiliser sur les jambes, les aisselles et le maillot. La t\u00eate arrondie s'adapte aux contours du corps pour une utilisation facile. Un bonnet de tondeuse \u00e9limine en douceur les poils des zones sensibles comme la ligne du maillot.  Comprend 1 extra : capuchon de tondeuse.","og_url":"https:\/\/baya-shop.com\/home\/product\/braun-silk-epil-rasoir-feminin-ls5103\/","og_site_name":"Baya Shop","article_publisher":"https:\/\/www.facebook.com\/Baya-Shop-103955257949742","article_modified_time":"2025-04-19T14:49:13+00:00","og_image":[{"width":680,"height":680,"url":"https:\/\/baya-shop.com\/wp-content\/uploads\/2024\/09\/1652889885SDiA.jpg","type":"image\/jpeg"}],"twitter_card":"summary_large_image","twitter_misc":{"Dur\u00e9e de lecture estim\u00e9e":"1 minute"},"schema":{"@context":"https:\/\/schema.org","@graph":[{"@type":"WebPage","@id":"https:\/\/baya-shop.com\/home\/product\/braun-silk-epil-rasoir-feminin-ls5103\/","url":"https:\/\/baya-shop.com\/home\/product\/braun-silk-epil-rasoir-feminin-ls5103\/","name":"BRAUN Silk Epil Rasoir Feminin LS5103 - Baya Shop","isPartOf":{"@id":"https:\/\/baya-shop.com\/home\/#website"},"primaryImageOfPage":{"@id":"https:\/\/baya-shop.com\/home\/product\/braun-silk-epil-rasoir-feminin-ls5103\/#primaryimage"},"image":{"@id":"https:\/\/baya-shop.com\/home\/product\/braun-silk-epil-rasoir-feminin-ls5103\/#primaryimage"},"thumbnailUrl":"https:\/\/i0.wp.com\/baya-shop.com\/wp-content\/uploads\/2024\/09\/1652889885SDiA.jpg?fit=680%2C680&ssl=1","datePublished":"2024-09-17T15:09:16+00:00","dateModified":"2025-04-19T14:49:13+00:00","description":"BRAUN Silk Epil Rasoir Feminin LS5103 sans fil Grille flottante et tondeuse pour un rasage de pr\u00e8s sur les jambes, les aisselles ou la ligne du maillot La t\u00eate arrondie s'adapte aux contours du corps 1 extra : bonnet de coupe pour le maillot et les zones sensibles Le Braun Silk-\u00e9pil \u00e9lectrique Lady Shaver 5-103 est un syst\u00e8me de rasoir et de tondeuse sans fil \u00e0 utiliser sur les jambes, les aisselles et le maillot. La t\u00eate arrondie s'adapte aux contours du corps pour une utilisation facile. Un bonnet de tondeuse \u00e9limine en douceur les poils des zones sensibles comme la ligne du maillot. Comprend 1 extra : capuchon de tondeuse.","breadcrumb":{"@id":"https:\/\/baya-shop.com\/home\/product\/braun-silk-epil-rasoir-feminin-ls5103\/#breadcrumb"},"inLanguage":"fr-FR","potentialAction":[{"@type":"ReadAction","target":["https:\/\/baya-shop.com\/home\/product\/braun-silk-epil-rasoir-feminin-ls5103\/"]}]},{"@type":"ImageObject","inLanguage":"fr-FR","@id":"https:\/\/baya-shop.com\/home\/product\/braun-silk-epil-rasoir-feminin-ls5103\/#primaryimage","url":"https:\/\/i0.wp.com\/baya-shop.com\/wp-content\/uploads\/2024\/09\/1652889885SDiA.jpg?fit=680%2C680&ssl=1","contentUrl":"https:\/\/i0.wp.com\/baya-shop.com\/wp-content\/uploads\/2024\/09\/1652889885SDiA.jpg?fit=680%2C680&ssl=1","width":680,"height":680},{"@type":"BreadcrumbList","@id":"https:\/\/baya-shop.com\/home\/product\/braun-silk-epil-rasoir-feminin-ls5103\/#breadcrumb","itemListElement":[{"@type":"ListItem","position":1,"name":"Accueil","item":"https:\/\/baya-shop.com\/home\/"},{"@type":"ListItem","position":2,"name":"Shop","item":"https:\/\/baya-shop.com\/home\/shop\/"},{"@type":"ListItem","position":3,"name":"BRAUN Silk Epil Rasoir Feminin LS5103"}]},{"@type":"WebSite","@id":"https:\/\/baya-shop.com\/home\/#website","url":"https:\/\/baya-shop.com\/home\/","name":"Baya Shop","description":"","publisher":{"@id":"https:\/\/baya-shop.com\/home\/#organization"},"potentialAction":[{"@type":"SearchAction","target":{"@type":"EntryPoint","urlTemplate":"https:\/\/baya-shop.com\/home\/?s={search_term_string}"},"query-input":{"@type":"PropertyValueSpecification","valueRequired":true,"valueName":"search_term_string"}}],"inLanguage":"fr-FR"},{"@type":"Organization","@id":"https:\/\/baya-shop.com\/home\/#organization","name":"Baya Shop","url":"https:\/\/baya-shop.com\/home\/","logo":{"@type":"ImageObject","inLanguage":"fr-FR","@id":"https:\/\/baya-shop.com\/home\/#\/schema\/logo\/image\/","url":"https:\/\/baya-shop.com\/wp-content\/uploads\/2020\/11\/g.png","contentUrl":"https:\/\/baya-shop.com\/wp-content\/uploads\/2020\/11\/g.png","width":64,"height":64,"caption":"Baya Shop"},"image":{"@id":"https:\/\/baya-shop.com\/home\/#\/schema\/logo\/image\/"},"sameAs":["https:\/\/www.facebook.com\/Baya-Shop-103955257949742","https:\/\/www.instagram.com\/baya_shop_dz\/"]}]}},"jetpack_publicize_connections":[],"jetpack_sharing_enabled":true,"jetpack_likes_enabled":true,"jetpack-related-posts":[],"_links":{"self":[{"href":"https:\/\/baya-shop.com\/home\/wp-json\/wp\/v2\/product\/4041","targetHints":{"allow":["GET"]}}],"collection":[{"href":"https:\/\/baya-shop.com\/home\/wp-json\/wp\/v2\/product"}],"about":[{"href":"https:\/\/baya-shop.com\/home\/wp-json\/wp\/v2\/types\/product"}],"replies":[{"embeddable":true,"href":"https:\/\/baya-shop.com\/home\/wp-json\/wp\/v2\/comments?post=4041"}],"wp:featuredmedia":[{"embeddable":true,"href":"https:\/\/baya-shop.com\/home\/wp-json\/wp\/v2\/media\/4042"}],"wp:attachment":[{"href":"https:\/\/baya-shop.com\/home\/wp-json\/wp\/v2\/media?parent=4041"}],"wp:term":[{"taxonomy":"product_brand","embeddable":true,"href":"https:\/\/baya-shop.com\/home\/wp-json\/wp\/v2\/product_brand?post=4041"},{"taxonomy":"product_cat","embeddable":true,"href":"https:\/\/baya-shop.com\/home\/wp-json\/wp\/v2\/product_cat?post=4041"},{"taxonomy":"product_tag","embeddable":true,"href":"https:\/\/baya-shop.com\/home\/wp-json\/wp\/v2\/product_tag?post=4041"}],"curies":[{"name":"wp","href":"https:\/\/api.w.org\/{rel}","templated":true}]}}