{"id":2347,"date":"2023-08-13T15:28:42","date_gmt":"2023-08-13T14:28:42","guid":{"rendered":"https:\/\/baya-shop.com\/home\/?post_type=product&#038;p=2347"},"modified":"2024-02-09T15:37:40","modified_gmt":"2024-02-09T14:37:40","slug":"remington-tondeuse-barbe-b4-style-mb4001","status":"publish","type":"product","link":"https:\/\/baya-shop.com\/home\/product\/remington-tondeuse-barbe-b4-style-mb4001\/","title":{"rendered":"Remington Tondeuse B4 Style MB4001"},"content":{"rendered":"","protected":false},"excerpt":{"rendered":"<ul>\n<li>Pr\u00e9cision, confort et contr\u00f4le ultimes<\/li>\n<li>Lames acier auto-aff\u00fbt\u00e9es : une performance de coupe toujours optimale<\/li>\n<li>Lames Comfort-Tip : r\u00e9sultats nets tout en douceur<\/li>\n<li>Molette de r\u00e9glage verticale intuitive pour une utilisation pr\u00e9cise et facile<\/li>\n<li>Guide de coupe ajustable 17 longueurs (0.4 -18 mm)<\/li>\n<li>R\u00e9glage par pas de 0,5 mm jusqu\u2019\u00e0 5 mm<\/li>\n<li>R\u00e9glage par pas de 2 mm de 6 \u00e0 18 mm<\/li>\n<li>Utilisation sans fil : jusqu&rsquo;\u00e0 40 minutes<\/li>\n<li>Temps de charge : 8H<\/li>\n<li>Lames amovibles lavables pour un nettoyage et un entretien faciles<\/li>\n<li>Pochette de rangemen<\/li>\n<\/ul>\n","protected":false},"featured_media":3438,"comment_status":"open","ping_status":"closed","template":"","meta":{"jetpack_post_was_ever_published":false,"jetpack_publicize_message":"","jetpack_publicize_feature_enabled":true,"jetpack_social_post_already_shared":false,"jetpack_social_options":{"image_generator_settings":{"template":"highway","default_image_id":0,"font":"","enabled":false},"version":2}},"product_brand":[],"product_cat":[47,52],"product_tag":[],"class_list":{"0":"post-2347","1":"product","2":"type-product","3":"status-publish","4":"has-post-thumbnail","6":"product_cat-remington","7":"product_cat-tondeuse","9":"first","10":"instock","11":"shipping-taxable","12":"purchasable","13":"product-type-simple"},"yoast_head":"<!-- This site is optimized with the Yoast SEO plugin v27.4 - https:\/\/yoast.com\/product\/yoast-seo-wordpress\/ -->\n<title>Remington Tondeuse B4 Style MB4001 - Baya Shop<\/title>\n<meta name=\"description\" content=\"Pr\u00e9cision, confort et contr\u00f4le ultimes  Lames acier auto-aff\u00fbt\u00e9es : une performance de coupe toujours optimale  Lames Comfort-Tip : r\u00e9sultats nets tout en douceur  Molette de r\u00e9glage verticale intuitive pour une utilisation pr\u00e9cise et facile  Guide de coupe ajustable 17 longueurs (0.4 -18 mm)  R\u00e9glage par pas de 0,5 mm jusqu\u2019\u00e0 5 mm  R\u00e9glage par pas de 2 mm de 6 \u00e0 18 mm  Utilisation sans fil : jusqu&#039;\u00e0 40 minutes  Temps de charge : 8H  Lames amovibles lavables pour un nettoyage et un entretien faciles  Pochette de rangemen\" \/>\n<meta name=\"robots\" content=\"index, follow, max-snippet:-1, max-image-preview:large, max-video-preview:-1\" \/>\n<link rel=\"canonical\" href=\"https:\/\/baya-shop.com\/home\/product\/remington-tondeuse-barbe-b4-style-mb4001\/\" \/>\n<meta property=\"og:locale\" content=\"fr_FR\" \/>\n<meta property=\"og:type\" content=\"article\" \/>\n<meta property=\"og:title\" content=\"Remington Tondeuse B4 Style MB4001 - Baya Shop\" \/>\n<meta property=\"og:description\" content=\"Pr\u00e9cision, confort et contr\u00f4le ultimes  Lames acier auto-aff\u00fbt\u00e9es : une performance de coupe toujours optimale  Lames Comfort-Tip : r\u00e9sultats nets tout en douceur  Molette de r\u00e9glage verticale intuitive pour une utilisation pr\u00e9cise et facile  Guide de coupe ajustable 17 longueurs (0.4 -18 mm)  R\u00e9glage par pas de 0,5 mm jusqu\u2019\u00e0 5 mm  R\u00e9glage par pas de 2 mm de 6 \u00e0 18 mm  Utilisation sans fil : jusqu&#039;\u00e0 40 minutes  Temps de charge : 8H  Lames amovibles lavables pour un nettoyage et un entretien faciles  Pochette de rangemen\" \/>\n<meta property=\"og:url\" content=\"https:\/\/baya-shop.com\/home\/product\/remington-tondeuse-barbe-b4-style-mb4001\/\" \/>\n<meta property=\"og:site_name\" content=\"Baya Shop\" \/>\n<meta property=\"article:publisher\" content=\"https:\/\/www.facebook.com\/Baya-Shop-103955257949742\" \/>\n<meta property=\"article:modified_time\" content=\"2024-02-09T14:37:40+00:00\" \/>\n<meta property=\"og:image\" content=\"https:\/\/baya-shop.com\/wp-content\/uploads\/2023\/08\/large_FlatLay.jpg\" \/>\n\t<meta property=\"og:image:width\" content=\"1000\" \/>\n\t<meta property=\"og:image:height\" content=\"1000\" \/>\n\t<meta property=\"og:image:type\" content=\"image\/jpeg\" \/>\n<meta name=\"twitter:card\" content=\"summary_large_image\" \/>\n<meta name=\"twitter:label1\" content=\"Dur\u00e9e de lecture estim\u00e9e\" \/>\n\t<meta name=\"twitter:data1\" content=\"1 minute\" \/>\n<script type=\"application\/ld+json\" class=\"yoast-schema-graph\">{\"@context\":\"https:\\\/\\\/schema.org\",\"@graph\":[{\"@type\":\"WebPage\",\"@id\":\"https:\\\/\\\/baya-shop.com\\\/home\\\/product\\\/remington-tondeuse-barbe-b4-style-mb4001\\\/\",\"url\":\"https:\\\/\\\/baya-shop.com\\\/home\\\/product\\\/remington-tondeuse-barbe-b4-style-mb4001\\\/\",\"name\":\"Remington Tondeuse B4 Style MB4001 - Baya Shop\",\"isPartOf\":{\"@id\":\"https:\\\/\\\/baya-shop.com\\\/home\\\/#website\"},\"primaryImageOfPage\":{\"@id\":\"https:\\\/\\\/baya-shop.com\\\/home\\\/product\\\/remington-tondeuse-barbe-b4-style-mb4001\\\/#primaryimage\"},\"image\":{\"@id\":\"https:\\\/\\\/baya-shop.com\\\/home\\\/product\\\/remington-tondeuse-barbe-b4-style-mb4001\\\/#primaryimage\"},\"thumbnailUrl\":\"https:\\\/\\\/i0.wp.com\\\/baya-shop.com\\\/wp-content\\\/uploads\\\/2023\\\/08\\\/large_FlatLay.jpg?fit=1000%2C1000&ssl=1\",\"datePublished\":\"2023-08-13T14:28:42+00:00\",\"dateModified\":\"2024-02-09T14:37:40+00:00\",\"description\":\"Pr\u00e9cision, confort et contr\u00f4le ultimes Lames acier auto-aff\u00fbt\u00e9es : une performance de coupe toujours optimale Lames Comfort-Tip : r\u00e9sultats nets tout en douceur Molette de r\u00e9glage verticale intuitive pour une utilisation pr\u00e9cise et facile Guide de coupe ajustable 17 longueurs (0.4 -18 mm) R\u00e9glage par pas de 0,5 mm jusqu\u2019\u00e0 5 mm R\u00e9glage par pas de 2 mm de 6 \u00e0 18 mm Utilisation sans fil : jusqu'\u00e0 40 minutes Temps de charge : 8H Lames amovibles lavables pour un nettoyage et un entretien faciles Pochette de rangemen\",\"breadcrumb\":{\"@id\":\"https:\\\/\\\/baya-shop.com\\\/home\\\/product\\\/remington-tondeuse-barbe-b4-style-mb4001\\\/#breadcrumb\"},\"inLanguage\":\"fr-FR\",\"potentialAction\":[{\"@type\":\"ReadAction\",\"target\":[\"https:\\\/\\\/baya-shop.com\\\/home\\\/product\\\/remington-tondeuse-barbe-b4-style-mb4001\\\/\"]}]},{\"@type\":\"ImageObject\",\"inLanguage\":\"fr-FR\",\"@id\":\"https:\\\/\\\/baya-shop.com\\\/home\\\/product\\\/remington-tondeuse-barbe-b4-style-mb4001\\\/#primaryimage\",\"url\":\"https:\\\/\\\/i0.wp.com\\\/baya-shop.com\\\/wp-content\\\/uploads\\\/2023\\\/08\\\/large_FlatLay.jpg?fit=1000%2C1000&ssl=1\",\"contentUrl\":\"https:\\\/\\\/i0.wp.com\\\/baya-shop.com\\\/wp-content\\\/uploads\\\/2023\\\/08\\\/large_FlatLay.jpg?fit=1000%2C1000&ssl=1\",\"width\":1000,\"height\":1000},{\"@type\":\"BreadcrumbList\",\"@id\":\"https:\\\/\\\/baya-shop.com\\\/home\\\/product\\\/remington-tondeuse-barbe-b4-style-mb4001\\\/#breadcrumb\",\"itemListElement\":[{\"@type\":\"ListItem\",\"position\":1,\"name\":\"Accueil\",\"item\":\"https:\\\/\\\/baya-shop.com\\\/home\\\/\"},{\"@type\":\"ListItem\",\"position\":2,\"name\":\"Shop\",\"item\":\"https:\\\/\\\/baya-shop.com\\\/home\\\/shop\\\/\"},{\"@type\":\"ListItem\",\"position\":3,\"name\":\"Remington Tondeuse B4 Style MB4001\"}]},{\"@type\":\"WebSite\",\"@id\":\"https:\\\/\\\/baya-shop.com\\\/home\\\/#website\",\"url\":\"https:\\\/\\\/baya-shop.com\\\/home\\\/\",\"name\":\"Baya Shop\",\"description\":\"\",\"publisher\":{\"@id\":\"https:\\\/\\\/baya-shop.com\\\/home\\\/#organization\"},\"potentialAction\":[{\"@type\":\"SearchAction\",\"target\":{\"@type\":\"EntryPoint\",\"urlTemplate\":\"https:\\\/\\\/baya-shop.com\\\/home\\\/?s={search_term_string}\"},\"query-input\":{\"@type\":\"PropertyValueSpecification\",\"valueRequired\":true,\"valueName\":\"search_term_string\"}}],\"inLanguage\":\"fr-FR\"},{\"@type\":\"Organization\",\"@id\":\"https:\\\/\\\/baya-shop.com\\\/home\\\/#organization\",\"name\":\"Baya Shop\",\"url\":\"https:\\\/\\\/baya-shop.com\\\/home\\\/\",\"logo\":{\"@type\":\"ImageObject\",\"inLanguage\":\"fr-FR\",\"@id\":\"https:\\\/\\\/baya-shop.com\\\/home\\\/#\\\/schema\\\/logo\\\/image\\\/\",\"url\":\"https:\\\/\\\/baya-shop.com\\\/wp-content\\\/uploads\\\/2020\\\/11\\\/g.png\",\"contentUrl\":\"https:\\\/\\\/baya-shop.com\\\/wp-content\\\/uploads\\\/2020\\\/11\\\/g.png\",\"width\":64,\"height\":64,\"caption\":\"Baya Shop\"},\"image\":{\"@id\":\"https:\\\/\\\/baya-shop.com\\\/home\\\/#\\\/schema\\\/logo\\\/image\\\/\"},\"sameAs\":[\"https:\\\/\\\/www.facebook.com\\\/Baya-Shop-103955257949742\",\"https:\\\/\\\/www.instagram.com\\\/baya_shop_dz\\\/\"]}]}<\/script>\n<!-- \/ Yoast SEO plugin. -->","yoast_head_json":{"title":"Remington Tondeuse B4 Style MB4001 - Baya Shop","description":"Pr\u00e9cision, confort et contr\u00f4le ultimes  Lames acier auto-aff\u00fbt\u00e9es : une performance de coupe toujours optimale  Lames Comfort-Tip : r\u00e9sultats nets tout en douceur  Molette de r\u00e9glage verticale intuitive pour une utilisation pr\u00e9cise et facile  Guide de coupe ajustable 17 longueurs (0.4 -18 mm)  R\u00e9glage par pas de 0,5 mm jusqu\u2019\u00e0 5 mm  R\u00e9glage par pas de 2 mm de 6 \u00e0 18 mm  Utilisation sans fil : jusqu'\u00e0 40 minutes  Temps de charge : 8H  Lames amovibles lavables pour un nettoyage et un entretien faciles  Pochette de rangemen","robots":{"index":"index","follow":"follow","max-snippet":"max-snippet:-1","max-image-preview":"max-image-preview:large","max-video-preview":"max-video-preview:-1"},"canonical":"https:\/\/baya-shop.com\/home\/product\/remington-tondeuse-barbe-b4-style-mb4001\/","og_locale":"fr_FR","og_type":"article","og_title":"Remington Tondeuse B4 Style MB4001 - Baya Shop","og_description":"Pr\u00e9cision, confort et contr\u00f4le ultimes  Lames acier auto-aff\u00fbt\u00e9es : une performance de coupe toujours optimale  Lames Comfort-Tip : r\u00e9sultats nets tout en douceur  Molette de r\u00e9glage verticale intuitive pour une utilisation pr\u00e9cise et facile  Guide de coupe ajustable 17 longueurs (0.4 -18 mm)  R\u00e9glage par pas de 0,5 mm jusqu\u2019\u00e0 5 mm  R\u00e9glage par pas de 2 mm de 6 \u00e0 18 mm  Utilisation sans fil : jusqu'\u00e0 40 minutes  Temps de charge : 8H  Lames amovibles lavables pour un nettoyage et un entretien faciles  Pochette de rangemen","og_url":"https:\/\/baya-shop.com\/home\/product\/remington-tondeuse-barbe-b4-style-mb4001\/","og_site_name":"Baya Shop","article_publisher":"https:\/\/www.facebook.com\/Baya-Shop-103955257949742","article_modified_time":"2024-02-09T14:37:40+00:00","og_image":[{"width":1000,"height":1000,"url":"https:\/\/baya-shop.com\/wp-content\/uploads\/2023\/08\/large_FlatLay.jpg","type":"image\/jpeg"}],"twitter_card":"summary_large_image","twitter_misc":{"Dur\u00e9e de lecture estim\u00e9e":"1 minute"},"schema":{"@context":"https:\/\/schema.org","@graph":[{"@type":"WebPage","@id":"https:\/\/baya-shop.com\/home\/product\/remington-tondeuse-barbe-b4-style-mb4001\/","url":"https:\/\/baya-shop.com\/home\/product\/remington-tondeuse-barbe-b4-style-mb4001\/","name":"Remington Tondeuse B4 Style MB4001 - Baya Shop","isPartOf":{"@id":"https:\/\/baya-shop.com\/home\/#website"},"primaryImageOfPage":{"@id":"https:\/\/baya-shop.com\/home\/product\/remington-tondeuse-barbe-b4-style-mb4001\/#primaryimage"},"image":{"@id":"https:\/\/baya-shop.com\/home\/product\/remington-tondeuse-barbe-b4-style-mb4001\/#primaryimage"},"thumbnailUrl":"https:\/\/i0.wp.com\/baya-shop.com\/wp-content\/uploads\/2023\/08\/large_FlatLay.jpg?fit=1000%2C1000&ssl=1","datePublished":"2023-08-13T14:28:42+00:00","dateModified":"2024-02-09T14:37:40+00:00","description":"Pr\u00e9cision, confort et contr\u00f4le ultimes Lames acier auto-aff\u00fbt\u00e9es : une performance de coupe toujours optimale Lames Comfort-Tip : r\u00e9sultats nets tout en douceur Molette de r\u00e9glage verticale intuitive pour une utilisation pr\u00e9cise et facile Guide de coupe ajustable 17 longueurs (0.4 -18 mm) R\u00e9glage par pas de 0,5 mm jusqu\u2019\u00e0 5 mm R\u00e9glage par pas de 2 mm de 6 \u00e0 18 mm Utilisation sans fil : jusqu'\u00e0 40 minutes Temps de charge : 8H Lames amovibles lavables pour un nettoyage et un entretien faciles Pochette de rangemen","breadcrumb":{"@id":"https:\/\/baya-shop.com\/home\/product\/remington-tondeuse-barbe-b4-style-mb4001\/#breadcrumb"},"inLanguage":"fr-FR","potentialAction":[{"@type":"ReadAction","target":["https:\/\/baya-shop.com\/home\/product\/remington-tondeuse-barbe-b4-style-mb4001\/"]}]},{"@type":"ImageObject","inLanguage":"fr-FR","@id":"https:\/\/baya-shop.com\/home\/product\/remington-tondeuse-barbe-b4-style-mb4001\/#primaryimage","url":"https:\/\/i0.wp.com\/baya-shop.com\/wp-content\/uploads\/2023\/08\/large_FlatLay.jpg?fit=1000%2C1000&ssl=1","contentUrl":"https:\/\/i0.wp.com\/baya-shop.com\/wp-content\/uploads\/2023\/08\/large_FlatLay.jpg?fit=1000%2C1000&ssl=1","width":1000,"height":1000},{"@type":"BreadcrumbList","@id":"https:\/\/baya-shop.com\/home\/product\/remington-tondeuse-barbe-b4-style-mb4001\/#breadcrumb","itemListElement":[{"@type":"ListItem","position":1,"name":"Accueil","item":"https:\/\/baya-shop.com\/home\/"},{"@type":"ListItem","position":2,"name":"Shop","item":"https:\/\/baya-shop.com\/home\/shop\/"},{"@type":"ListItem","position":3,"name":"Remington Tondeuse B4 Style MB4001"}]},{"@type":"WebSite","@id":"https:\/\/baya-shop.com\/home\/#website","url":"https:\/\/baya-shop.com\/home\/","name":"Baya Shop","description":"","publisher":{"@id":"https:\/\/baya-shop.com\/home\/#organization"},"potentialAction":[{"@type":"SearchAction","target":{"@type":"EntryPoint","urlTemplate":"https:\/\/baya-shop.com\/home\/?s={search_term_string}"},"query-input":{"@type":"PropertyValueSpecification","valueRequired":true,"valueName":"search_term_string"}}],"inLanguage":"fr-FR"},{"@type":"Organization","@id":"https:\/\/baya-shop.com\/home\/#organization","name":"Baya Shop","url":"https:\/\/baya-shop.com\/home\/","logo":{"@type":"ImageObject","inLanguage":"fr-FR","@id":"https:\/\/baya-shop.com\/home\/#\/schema\/logo\/image\/","url":"https:\/\/baya-shop.com\/wp-content\/uploads\/2020\/11\/g.png","contentUrl":"https:\/\/baya-shop.com\/wp-content\/uploads\/2020\/11\/g.png","width":64,"height":64,"caption":"Baya Shop"},"image":{"@id":"https:\/\/baya-shop.com\/home\/#\/schema\/logo\/image\/"},"sameAs":["https:\/\/www.facebook.com\/Baya-Shop-103955257949742","https:\/\/www.instagram.com\/baya_shop_dz\/"]}]}},"jetpack_publicize_connections":[],"jetpack_sharing_enabled":true,"jetpack_likes_enabled":true,"jetpack-related-posts":[],"_links":{"self":[{"href":"https:\/\/baya-shop.com\/home\/wp-json\/wp\/v2\/product\/2347","targetHints":{"allow":["GET"]}}],"collection":[{"href":"https:\/\/baya-shop.com\/home\/wp-json\/wp\/v2\/product"}],"about":[{"href":"https:\/\/baya-shop.com\/home\/wp-json\/wp\/v2\/types\/product"}],"replies":[{"embeddable":true,"href":"https:\/\/baya-shop.com\/home\/wp-json\/wp\/v2\/comments?post=2347"}],"wp:featuredmedia":[{"embeddable":true,"href":"https:\/\/baya-shop.com\/home\/wp-json\/wp\/v2\/media\/3438"}],"wp:attachment":[{"href":"https:\/\/baya-shop.com\/home\/wp-json\/wp\/v2\/media?parent=2347"}],"wp:term":[{"taxonomy":"product_brand","embeddable":true,"href":"https:\/\/baya-shop.com\/home\/wp-json\/wp\/v2\/product_brand?post=2347"},{"taxonomy":"product_cat","embeddable":true,"href":"https:\/\/baya-shop.com\/home\/wp-json\/wp\/v2\/product_cat?post=2347"},{"taxonomy":"product_tag","embeddable":true,"href":"https:\/\/baya-shop.com\/home\/wp-json\/wp\/v2\/product_tag?post=2347"}],"curies":[{"name":"wp","href":"https:\/\/api.w.org\/{rel}","templated":true}]}}