{"id":2098,"date":"2023-08-03T16:12:47","date_gmt":"2023-08-03T15:12:47","guid":{"rendered":"https:\/\/baya-shop.com\/home\/?post_type=product&#038;p=2098"},"modified":"2026-03-29T14:17:59","modified_gmt":"2026-03-29T13:17:59","slug":"remington-seche-cheveux-proluxe-blanc-2400watt-ac9140","status":"publish","type":"product","link":"https:\/\/baya-shop.com\/home\/product\/remington-seche-cheveux-proluxe-blanc-2400watt-ac9140\/","title":{"rendered":"Remington S\u00e8che-Cheveux PROluxe Blanc AC9140"},"content":{"rendered":"","protected":false},"excerpt":{"rendered":"<ul>\n<li>Puissance : 2400 W<\/li>\n<li>Moteur AC professionnel longue dur\u00e9e : pour un v\u00e9ritable r\u00e9sultat salon<\/li>\n<li>Technologie OPTIheat : une temp\u00e9rature constante et cibl\u00e9e pour un style qui 24H*<\/li>\n<li>Technologie ionique : 90% d\u2019ions en plus** pour des cheveux brillants sans frisottis<\/li>\n<li>Fonction Style : augmente la puissance de 400W et diffuse la chaleur l\u00e0 o\u00f9 il faut pour un style plus en volume<\/li>\n<li>3 temp\u00e9ratures \/ 2 vitesses<\/li>\n<li>Air froid : fixe la coiffure<\/li>\n<li>2 concentrateurs 7 mm et pr\u00e9cision<\/li>\n<li>Diffuseur : sp\u00e9cial volume<\/li>\n<li>Grille arri\u00e8re amovible<\/li>\n<li>Anneau de suspension<\/li>\n<li>Cordon professionnel 3 m<\/li>\n<\/ul>\n","protected":false},"featured_media":3357,"comment_status":"open","ping_status":"closed","template":"","meta":{"_uag_custom_page_level_css":"","jetpack_publicize_message":"","jetpack_publicize_feature_enabled":true,"jetpack_social_post_already_shared":false,"jetpack_social_options":{"image_generator_settings":{"template":"highway","default_image_id":0,"font":"","enabled":false},"version":2}},"product_brand":[],"product_cat":[46,72,47,20],"product_tag":[],"class_list":{"0":"post-2098","1":"product","2":"type-product","3":"status-publish","4":"has-post-thumbnail","6":"product_cat-promotion","7":"product_cat-promotion-dete-2024","8":"product_cat-remington","9":"product_cat-seche-cheveux","11":"first","12":"instock","13":"sale","14":"shipping-taxable","15":"purchasable","16":"product-type-simple"},"yoast_head":"<!-- This site is optimized with the Yoast SEO plugin v27.5 - https:\/\/yoast.com\/product\/yoast-seo-wordpress\/ -->\n<title>Remington S\u00e8che-Cheveux PROluxe Blanc AC9140 - Baya Shop<\/title>\n<meta name=\"description\" content=\"Puissance : 2400 W  Moteur AC professionnel longue dur\u00e9e : pour un v\u00e9ritable r\u00e9sultat salon  Technologie OPTIheat : une temp\u00e9rature constante et cibl\u00e9e pour un style qui 24H*  Technologie ionique : 90% d\u2019ions en plus** pour des cheveux brillants sans frisottis  Fonction Style : augmente la puissance de 400W et diffuse la chaleur l\u00e0 o\u00f9 il faut pour un style plus en volume  3 temp\u00e9ratures \/ 2 vitesses  Air froid : fixe la coiffure  2 concentrateurs 7 mm et pr\u00e9cision  Diffuseur : sp\u00e9cial volume  Grille arri\u00e8re amovible  Anneau de suspension  Cordon professionnel 3 m\" \/>\n<meta name=\"robots\" content=\"index, follow, max-snippet:-1, max-image-preview:large, max-video-preview:-1\" \/>\n<link rel=\"canonical\" href=\"https:\/\/baya-shop.com\/home\/product\/remington-seche-cheveux-proluxe-blanc-2400watt-ac9140\/\" \/>\n<meta property=\"og:locale\" content=\"fr_FR\" \/>\n<meta property=\"og:type\" content=\"article\" \/>\n<meta property=\"og:title\" content=\"Remington S\u00e8che-Cheveux PROluxe Blanc AC9140 - Baya Shop\" \/>\n<meta property=\"og:description\" content=\"Puissance : 2400 W  Moteur AC professionnel longue dur\u00e9e : pour un v\u00e9ritable r\u00e9sultat salon  Technologie OPTIheat : une temp\u00e9rature constante et cibl\u00e9e pour un style qui 24H*  Technologie ionique : 90% d\u2019ions en plus** pour des cheveux brillants sans frisottis  Fonction Style : augmente la puissance de 400W et diffuse la chaleur l\u00e0 o\u00f9 il faut pour un style plus en volume  3 temp\u00e9ratures \/ 2 vitesses  Air froid : fixe la coiffure  2 concentrateurs 7 mm et pr\u00e9cision  Diffuseur : sp\u00e9cial volume  Grille arri\u00e8re amovible  Anneau de suspension  Cordon professionnel 3 m\" \/>\n<meta property=\"og:url\" content=\"https:\/\/baya-shop.com\/home\/product\/remington-seche-cheveux-proluxe-blanc-2400watt-ac9140\/\" \/>\n<meta property=\"og:site_name\" content=\"Baya Shop\" \/>\n<meta property=\"article:publisher\" content=\"https:\/\/www.facebook.com\/Baya-Shop-103955257949742\" \/>\n<meta property=\"article:modified_time\" content=\"2026-03-29T13:17:59+00:00\" \/>\n<meta property=\"og:image\" content=\"https:\/\/baya-shop.com\/wp-content\/uploads\/2023\/08\/REMINGTON_AC9140_SECHOIR_PRO-LUXE_Algerie_Store-7-738x738-1.jpg\" \/>\n\t<meta property=\"og:image:width\" content=\"738\" \/>\n\t<meta property=\"og:image:height\" content=\"738\" \/>\n\t<meta property=\"og:image:type\" content=\"image\/jpeg\" \/>\n<meta name=\"twitter:card\" content=\"summary_large_image\" \/>\n<meta name=\"twitter:label1\" content=\"Dur\u00e9e de lecture estim\u00e9e\" \/>\n\t<meta name=\"twitter:data1\" content=\"1 minute\" \/>\n<script type=\"application\/ld+json\" class=\"yoast-schema-graph\">{\"@context\":\"https:\\\/\\\/schema.org\",\"@graph\":[{\"@type\":\"WebPage\",\"@id\":\"https:\\\/\\\/baya-shop.com\\\/home\\\/product\\\/remington-seche-cheveux-proluxe-blanc-2400watt-ac9140\\\/\",\"url\":\"https:\\\/\\\/baya-shop.com\\\/home\\\/product\\\/remington-seche-cheveux-proluxe-blanc-2400watt-ac9140\\\/\",\"name\":\"Remington S\u00e8che-Cheveux PROluxe Blanc AC9140 - Baya Shop\",\"isPartOf\":{\"@id\":\"https:\\\/\\\/baya-shop.com\\\/home\\\/#website\"},\"primaryImageOfPage\":{\"@id\":\"https:\\\/\\\/baya-shop.com\\\/home\\\/product\\\/remington-seche-cheveux-proluxe-blanc-2400watt-ac9140\\\/#primaryimage\"},\"image\":{\"@id\":\"https:\\\/\\\/baya-shop.com\\\/home\\\/product\\\/remington-seche-cheveux-proluxe-blanc-2400watt-ac9140\\\/#primaryimage\"},\"thumbnailUrl\":\"https:\\\/\\\/i0.wp.com\\\/baya-shop.com\\\/wp-content\\\/uploads\\\/2023\\\/08\\\/REMINGTON_AC9140_SECHOIR_PRO-LUXE_Algerie_Store-7-738x738-1.jpg?fit=738%2C738&ssl=1\",\"datePublished\":\"2023-08-03T15:12:47+00:00\",\"dateModified\":\"2026-03-29T13:17:59+00:00\",\"description\":\"Puissance : 2400 W Moteur AC professionnel longue dur\u00e9e : pour un v\u00e9ritable r\u00e9sultat salon Technologie OPTIheat : une temp\u00e9rature constante et cibl\u00e9e pour un style qui 24H* Technologie ionique : 90% d\u2019ions en plus** pour des cheveux brillants sans frisottis Fonction Style : augmente la puissance de 400W et diffuse la chaleur l\u00e0 o\u00f9 il faut pour un style plus en volume 3 temp\u00e9ratures \\\/ 2 vitesses Air froid : fixe la coiffure 2 concentrateurs 7 mm et pr\u00e9cision Diffuseur : sp\u00e9cial volume Grille arri\u00e8re amovible Anneau de suspension Cordon professionnel 3 m\",\"breadcrumb\":{\"@id\":\"https:\\\/\\\/baya-shop.com\\\/home\\\/product\\\/remington-seche-cheveux-proluxe-blanc-2400watt-ac9140\\\/#breadcrumb\"},\"inLanguage\":\"fr-FR\",\"potentialAction\":[{\"@type\":\"ReadAction\",\"target\":[\"https:\\\/\\\/baya-shop.com\\\/home\\\/product\\\/remington-seche-cheveux-proluxe-blanc-2400watt-ac9140\\\/\"]}]},{\"@type\":\"ImageObject\",\"inLanguage\":\"fr-FR\",\"@id\":\"https:\\\/\\\/baya-shop.com\\\/home\\\/product\\\/remington-seche-cheveux-proluxe-blanc-2400watt-ac9140\\\/#primaryimage\",\"url\":\"https:\\\/\\\/i0.wp.com\\\/baya-shop.com\\\/wp-content\\\/uploads\\\/2023\\\/08\\\/REMINGTON_AC9140_SECHOIR_PRO-LUXE_Algerie_Store-7-738x738-1.jpg?fit=738%2C738&ssl=1\",\"contentUrl\":\"https:\\\/\\\/i0.wp.com\\\/baya-shop.com\\\/wp-content\\\/uploads\\\/2023\\\/08\\\/REMINGTON_AC9140_SECHOIR_PRO-LUXE_Algerie_Store-7-738x738-1.jpg?fit=738%2C738&ssl=1\",\"width\":738,\"height\":738},{\"@type\":\"BreadcrumbList\",\"@id\":\"https:\\\/\\\/baya-shop.com\\\/home\\\/product\\\/remington-seche-cheveux-proluxe-blanc-2400watt-ac9140\\\/#breadcrumb\",\"itemListElement\":[{\"@type\":\"ListItem\",\"position\":1,\"name\":\"Accueil\",\"item\":\"https:\\\/\\\/baya-shop.com\\\/home\\\/\"},{\"@type\":\"ListItem\",\"position\":2,\"name\":\"Shop\",\"item\":\"https:\\\/\\\/baya-shop.com\\\/home\\\/shop\\\/\"},{\"@type\":\"ListItem\",\"position\":3,\"name\":\"Remington S\u00e8che-Cheveux PROluxe Blanc AC9140\"}]},{\"@type\":\"WebSite\",\"@id\":\"https:\\\/\\\/baya-shop.com\\\/home\\\/#website\",\"url\":\"https:\\\/\\\/baya-shop.com\\\/home\\\/\",\"name\":\"Baya Shop\",\"description\":\"\",\"publisher\":{\"@id\":\"https:\\\/\\\/baya-shop.com\\\/home\\\/#organization\"},\"potentialAction\":[{\"@type\":\"SearchAction\",\"target\":{\"@type\":\"EntryPoint\",\"urlTemplate\":\"https:\\\/\\\/baya-shop.com\\\/home\\\/?s={search_term_string}\"},\"query-input\":{\"@type\":\"PropertyValueSpecification\",\"valueRequired\":true,\"valueName\":\"search_term_string\"}}],\"inLanguage\":\"fr-FR\"},{\"@type\":\"Organization\",\"@id\":\"https:\\\/\\\/baya-shop.com\\\/home\\\/#organization\",\"name\":\"Baya Shop\",\"url\":\"https:\\\/\\\/baya-shop.com\\\/home\\\/\",\"logo\":{\"@type\":\"ImageObject\",\"inLanguage\":\"fr-FR\",\"@id\":\"https:\\\/\\\/baya-shop.com\\\/home\\\/#\\\/schema\\\/logo\\\/image\\\/\",\"url\":\"https:\\\/\\\/baya-shop.com\\\/wp-content\\\/uploads\\\/2020\\\/11\\\/g.png\",\"contentUrl\":\"https:\\\/\\\/baya-shop.com\\\/wp-content\\\/uploads\\\/2020\\\/11\\\/g.png\",\"width\":64,\"height\":64,\"caption\":\"Baya Shop\"},\"image\":{\"@id\":\"https:\\\/\\\/baya-shop.com\\\/home\\\/#\\\/schema\\\/logo\\\/image\\\/\"},\"sameAs\":[\"https:\\\/\\\/www.facebook.com\\\/Baya-Shop-103955257949742\",\"https:\\\/\\\/www.instagram.com\\\/baya_shop_dz\\\/\"]}]}<\/script>\n<!-- \/ Yoast SEO plugin. -->","yoast_head_json":{"title":"Remington S\u00e8che-Cheveux PROluxe Blanc AC9140 - Baya Shop","description":"Puissance : 2400 W  Moteur AC professionnel longue dur\u00e9e : pour un v\u00e9ritable r\u00e9sultat salon  Technologie OPTIheat : une temp\u00e9rature constante et cibl\u00e9e pour un style qui 24H*  Technologie ionique : 90% d\u2019ions en plus** pour des cheveux brillants sans frisottis  Fonction Style : augmente la puissance de 400W et diffuse la chaleur l\u00e0 o\u00f9 il faut pour un style plus en volume  3 temp\u00e9ratures \/ 2 vitesses  Air froid : fixe la coiffure  2 concentrateurs 7 mm et pr\u00e9cision  Diffuseur : sp\u00e9cial volume  Grille arri\u00e8re amovible  Anneau de suspension  Cordon professionnel 3 m","robots":{"index":"index","follow":"follow","max-snippet":"max-snippet:-1","max-image-preview":"max-image-preview:large","max-video-preview":"max-video-preview:-1"},"canonical":"https:\/\/baya-shop.com\/home\/product\/remington-seche-cheveux-proluxe-blanc-2400watt-ac9140\/","og_locale":"fr_FR","og_type":"article","og_title":"Remington S\u00e8che-Cheveux PROluxe Blanc AC9140 - Baya Shop","og_description":"Puissance : 2400 W  Moteur AC professionnel longue dur\u00e9e : pour un v\u00e9ritable r\u00e9sultat salon  Technologie OPTIheat : une temp\u00e9rature constante et cibl\u00e9e pour un style qui 24H*  Technologie ionique : 90% d\u2019ions en plus** pour des cheveux brillants sans frisottis  Fonction Style : augmente la puissance de 400W et diffuse la chaleur l\u00e0 o\u00f9 il faut pour un style plus en volume  3 temp\u00e9ratures \/ 2 vitesses  Air froid : fixe la coiffure  2 concentrateurs 7 mm et pr\u00e9cision  Diffuseur : sp\u00e9cial volume  Grille arri\u00e8re amovible  Anneau de suspension  Cordon professionnel 3 m","og_url":"https:\/\/baya-shop.com\/home\/product\/remington-seche-cheveux-proluxe-blanc-2400watt-ac9140\/","og_site_name":"Baya Shop","article_publisher":"https:\/\/www.facebook.com\/Baya-Shop-103955257949742","article_modified_time":"2026-03-29T13:17:59+00:00","og_image":[{"width":738,"height":738,"url":"https:\/\/baya-shop.com\/wp-content\/uploads\/2023\/08\/REMINGTON_AC9140_SECHOIR_PRO-LUXE_Algerie_Store-7-738x738-1.jpg","type":"image\/jpeg"}],"twitter_card":"summary_large_image","twitter_misc":{"Dur\u00e9e de lecture estim\u00e9e":"1 minute"},"schema":{"@context":"https:\/\/schema.org","@graph":[{"@type":"WebPage","@id":"https:\/\/baya-shop.com\/home\/product\/remington-seche-cheveux-proluxe-blanc-2400watt-ac9140\/","url":"https:\/\/baya-shop.com\/home\/product\/remington-seche-cheveux-proluxe-blanc-2400watt-ac9140\/","name":"Remington S\u00e8che-Cheveux PROluxe Blanc AC9140 - Baya Shop","isPartOf":{"@id":"https:\/\/baya-shop.com\/home\/#website"},"primaryImageOfPage":{"@id":"https:\/\/baya-shop.com\/home\/product\/remington-seche-cheveux-proluxe-blanc-2400watt-ac9140\/#primaryimage"},"image":{"@id":"https:\/\/baya-shop.com\/home\/product\/remington-seche-cheveux-proluxe-blanc-2400watt-ac9140\/#primaryimage"},"thumbnailUrl":"https:\/\/i0.wp.com\/baya-shop.com\/wp-content\/uploads\/2023\/08\/REMINGTON_AC9140_SECHOIR_PRO-LUXE_Algerie_Store-7-738x738-1.jpg?fit=738%2C738&ssl=1","datePublished":"2023-08-03T15:12:47+00:00","dateModified":"2026-03-29T13:17:59+00:00","description":"Puissance : 2400 W Moteur AC professionnel longue dur\u00e9e : pour un v\u00e9ritable r\u00e9sultat salon Technologie OPTIheat : une temp\u00e9rature constante et cibl\u00e9e pour un style qui 24H* Technologie ionique : 90% d\u2019ions en plus** pour des cheveux brillants sans frisottis Fonction Style : augmente la puissance de 400W et diffuse la chaleur l\u00e0 o\u00f9 il faut pour un style plus en volume 3 temp\u00e9ratures \/ 2 vitesses Air froid : fixe la coiffure 2 concentrateurs 7 mm et pr\u00e9cision Diffuseur : sp\u00e9cial volume Grille arri\u00e8re amovible Anneau de suspension Cordon professionnel 3 m","breadcrumb":{"@id":"https:\/\/baya-shop.com\/home\/product\/remington-seche-cheveux-proluxe-blanc-2400watt-ac9140\/#breadcrumb"},"inLanguage":"fr-FR","potentialAction":[{"@type":"ReadAction","target":["https:\/\/baya-shop.com\/home\/product\/remington-seche-cheveux-proluxe-blanc-2400watt-ac9140\/"]}]},{"@type":"ImageObject","inLanguage":"fr-FR","@id":"https:\/\/baya-shop.com\/home\/product\/remington-seche-cheveux-proluxe-blanc-2400watt-ac9140\/#primaryimage","url":"https:\/\/i0.wp.com\/baya-shop.com\/wp-content\/uploads\/2023\/08\/REMINGTON_AC9140_SECHOIR_PRO-LUXE_Algerie_Store-7-738x738-1.jpg?fit=738%2C738&ssl=1","contentUrl":"https:\/\/i0.wp.com\/baya-shop.com\/wp-content\/uploads\/2023\/08\/REMINGTON_AC9140_SECHOIR_PRO-LUXE_Algerie_Store-7-738x738-1.jpg?fit=738%2C738&ssl=1","width":738,"height":738},{"@type":"BreadcrumbList","@id":"https:\/\/baya-shop.com\/home\/product\/remington-seche-cheveux-proluxe-blanc-2400watt-ac9140\/#breadcrumb","itemListElement":[{"@type":"ListItem","position":1,"name":"Accueil","item":"https:\/\/baya-shop.com\/home\/"},{"@type":"ListItem","position":2,"name":"Shop","item":"https:\/\/baya-shop.com\/home\/shop\/"},{"@type":"ListItem","position":3,"name":"Remington S\u00e8che-Cheveux PROluxe Blanc AC9140"}]},{"@type":"WebSite","@id":"https:\/\/baya-shop.com\/home\/#website","url":"https:\/\/baya-shop.com\/home\/","name":"Baya Shop","description":"","publisher":{"@id":"https:\/\/baya-shop.com\/home\/#organization"},"potentialAction":[{"@type":"SearchAction","target":{"@type":"EntryPoint","urlTemplate":"https:\/\/baya-shop.com\/home\/?s={search_term_string}"},"query-input":{"@type":"PropertyValueSpecification","valueRequired":true,"valueName":"search_term_string"}}],"inLanguage":"fr-FR"},{"@type":"Organization","@id":"https:\/\/baya-shop.com\/home\/#organization","name":"Baya Shop","url":"https:\/\/baya-shop.com\/home\/","logo":{"@type":"ImageObject","inLanguage":"fr-FR","@id":"https:\/\/baya-shop.com\/home\/#\/schema\/logo\/image\/","url":"https:\/\/baya-shop.com\/wp-content\/uploads\/2020\/11\/g.png","contentUrl":"https:\/\/baya-shop.com\/wp-content\/uploads\/2020\/11\/g.png","width":64,"height":64,"caption":"Baya Shop"},"image":{"@id":"https:\/\/baya-shop.com\/home\/#\/schema\/logo\/image\/"},"sameAs":["https:\/\/www.facebook.com\/Baya-Shop-103955257949742","https:\/\/www.instagram.com\/baya_shop_dz\/"]}]}},"jetpack_publicize_connections":[],"uagb_featured_image_src":{"full":["https:\/\/i0.wp.com\/baya-shop.com\/wp-content\/uploads\/2023\/08\/REMINGTON_AC9140_SECHOIR_PRO-LUXE_Algerie_Store-7-738x738-1.jpg?fit=738%2C738&ssl=1",738,738,false],"thumbnail":["https:\/\/i0.wp.com\/baya-shop.com\/wp-content\/uploads\/2023\/08\/REMINGTON_AC9140_SECHOIR_PRO-LUXE_Algerie_Store-7-738x738-1.jpg?resize=150%2C150&ssl=1",150,150,true],"medium":["https:\/\/i0.wp.com\/baya-shop.com\/wp-content\/uploads\/2023\/08\/REMINGTON_AC9140_SECHOIR_PRO-LUXE_Algerie_Store-7-738x738-1.jpg?fit=300%2C300&ssl=1",300,300,true],"medium_large":["https:\/\/i0.wp.com\/baya-shop.com\/wp-content\/uploads\/2023\/08\/REMINGTON_AC9140_SECHOIR_PRO-LUXE_Algerie_Store-7-738x738-1.jpg?fit=738%2C738&ssl=1",738,738,true],"large":["https:\/\/i0.wp.com\/baya-shop.com\/wp-content\/uploads\/2023\/08\/REMINGTON_AC9140_SECHOIR_PRO-LUXE_Algerie_Store-7-738x738-1.jpg?fit=738%2C738&ssl=1",738,738,true],"1536x1536":["https:\/\/i0.wp.com\/baya-shop.com\/wp-content\/uploads\/2023\/08\/REMINGTON_AC9140_SECHOIR_PRO-LUXE_Algerie_Store-7-738x738-1.jpg?fit=738%2C738&ssl=1",738,738,true],"2048x2048":["https:\/\/i0.wp.com\/baya-shop.com\/wp-content\/uploads\/2023\/08\/REMINGTON_AC9140_SECHOIR_PRO-LUXE_Algerie_Store-7-738x738-1.jpg?fit=738%2C738&ssl=1",738,738,true],"woocommerce_thumbnail":["https:\/\/i0.wp.com\/baya-shop.com\/wp-content\/uploads\/2023\/08\/REMINGTON_AC9140_SECHOIR_PRO-LUXE_Algerie_Store-7-738x738-1.jpg?resize=300%2C300&ssl=1",300,300,true],"woocommerce_single":["https:\/\/i0.wp.com\/baya-shop.com\/wp-content\/uploads\/2023\/08\/REMINGTON_AC9140_SECHOIR_PRO-LUXE_Algerie_Store-7-738x738-1.jpg?fit=600%2C600&ssl=1",600,600,true],"woocommerce_gallery_thumbnail":["https:\/\/i0.wp.com\/baya-shop.com\/wp-content\/uploads\/2023\/08\/REMINGTON_AC9140_SECHOIR_PRO-LUXE_Algerie_Store-7-738x738-1.jpg?resize=100%2C100&ssl=1",100,100,true],"jetpack-portfolio-admin-thumb":["https:\/\/i0.wp.com\/baya-shop.com\/wp-content\/uploads\/2023\/08\/REMINGTON_AC9140_SECHOIR_PRO-LUXE_Algerie_Store-7-738x738-1.jpg?resize=50%2C50&ssl=1",50,50,true]},"uagb_author_info":{"display_name":"","author_link":"https:\/\/baya-shop.com\/home\/author\/"},"uagb_comment_info":13,"uagb_excerpt":"Puissance : 2400 W Moteur AC professionnel longue dur\u00e9e : pour un v\u00e9ritable r\u00e9sultat salon Technologie OPTIheat : une temp\u00e9rature constante et cibl\u00e9e pour un style qui 24H* Technologie ionique : 90% d\u2019ions en plus** pour des cheveux brillants sans frisottis Fonction Style : augmente la puissance de 400W et diffuse la chaleur l\u00e0 o\u00f9\u2026","jetpack_sharing_enabled":true,"jetpack_likes_enabled":true,"jetpack-related-posts":[],"_links":{"self":[{"href":"https:\/\/baya-shop.com\/home\/wp-json\/wp\/v2\/product\/2098","targetHints":{"allow":["GET"]}}],"collection":[{"href":"https:\/\/baya-shop.com\/home\/wp-json\/wp\/v2\/product"}],"about":[{"href":"https:\/\/baya-shop.com\/home\/wp-json\/wp\/v2\/types\/product"}],"replies":[{"embeddable":true,"href":"https:\/\/baya-shop.com\/home\/wp-json\/wp\/v2\/comments?post=2098"}],"wp:featuredmedia":[{"embeddable":true,"href":"https:\/\/baya-shop.com\/home\/wp-json\/wp\/v2\/media\/3357"}],"wp:attachment":[{"href":"https:\/\/baya-shop.com\/home\/wp-json\/wp\/v2\/media?parent=2098"}],"wp:term":[{"taxonomy":"product_brand","embeddable":true,"href":"https:\/\/baya-shop.com\/home\/wp-json\/wp\/v2\/product_brand?post=2098"},{"taxonomy":"product_cat","embeddable":true,"href":"https:\/\/baya-shop.com\/home\/wp-json\/wp\/v2\/product_cat?post=2098"},{"taxonomy":"product_tag","embeddable":true,"href":"https:\/\/baya-shop.com\/home\/wp-json\/wp\/v2\/product_tag?post=2098"}],"curies":[{"name":"wp","href":"https:\/\/api.w.org\/{rel}","templated":true}]}}