{"id":2074,"date":"2023-08-03T14:49:53","date_gmt":"2023-08-03T13:49:53","guid":{"rendered":"https:\/\/baya-shop.com\/home\/?post_type=product&#038;p=2074"},"modified":"2024-02-09T15:55:19","modified_gmt":"2024-02-09T14:55:19","slug":"remington-boucleur-ci9755","status":"publish","type":"product","link":"https:\/\/baya-shop.com\/home\/product\/remington-boucleur-ci9755\/","title":{"rendered":"Remington Boucleur silk curling wand CI9755"},"content":{"rendered":"","protected":false},"excerpt":{"rendered":"<div id=\"featurebullets_feature_div\" class=\"celwidget\" data-feature-name=\"featurebullets\" data-csa-c-type=\"widget\" data-csa-c-content-id=\"featurebullets\" data-csa-c-slot-id=\"featurebullets_feature_div\" data-csa-c-asin=\"B07X5LVV5C\" data-csa-c-is-in-initial-active-row=\"false\" data-cel-widget=\"featurebullets_feature_div\" data-csa-c-id=\"5h3ni7-x05wyl-qmgm7r-dvqdkn\">\n<div id=\"feature-bullets\" class=\"a-section a-spacing-medium a-spacing-top-small\">\n<p>Fer \u00e0 boucler conique 13-25 mm pour boucles s\u00e9rr\u00e9es ou des ondulations naturelles<\/p>\n<p>Rev\u00eatement c\u00e9ramique de haute qualit\u00e9 avec des prot\u00e9ines de soie<\/p>\n<p>Ecran num\u00e9rique avec 11 r\u00e9glages de temp\u00e9rature de 120-220 \u00b0C, temps de chauffe de 30 secondes<\/p>\n<p>V\u00e9rrouillage de la temp\u00e9rature et arr\u00eat automatique de s\u00e9curit\u00e9<\/p>\n<p>Comprend une pochette de rangement Manchester United et un gant de protection thermique.<\/p>\n<p>La boutique Lissage Au Top vous propose une multitude de\u00a0<a title=\"boucleur remington\" href=\"https:\/\/lissage-au-top.com\/collections\/boucleur-remington\" target=\"_blank\" rel=\"noopener noreferrer\"><strong>Boucleur<\/strong><\/a><a title=\"boucleur remington\" href=\"https:\/\/lissage-au-top.com\/collections\/boucleur-remington\" target=\"_blank\" rel=\"noopener noreferrer\"><strong>\u00a0Remington<\/strong><\/a>\u00a0avec les meilleurs prix sur le march\u00e9.<\/p>\n<h2><strong>Avantages du Fer \u00e0 Boucler Remington CI9755 :<\/strong><\/h2>\n<p>Pochette de rangement Manchester United<\/p>\n<p>Dans le cadre de la collection de soins capillaires Manchester United, ce fer \u00e0 boucler, arborant les couleurs et le blason embl\u00e9matique du club, est le cadeau id\u00e9al pour les fans de Manchester United.<\/p>\n<p>Mise en temp\u00e9rature en 30 secondes<\/p>\n<p>Le temps de chauffe n&rsquo;est que de 30 secondes (120\u00b0C).<\/p>\n<p>Rev\u00eatement c\u00e9ramique et prot\u00e9ines de soie<\/p>\n<p>Le fer \u00e0 boucler poss\u00e8de un rev\u00eatement c\u00e9ramique de haute qualit\u00e9 avec des prot\u00e9ines de soie.<\/p>\n<p>Ce boucleur conique vous permet de cr\u00e9er des boucles serr\u00e9es ou des ondulations naturelles et laisse vos cheveux particuli\u00e8rement brillants et sans frisottis.<\/p>\n<p>Affichage num\u00e9rique<\/p>\n<p>Un affichage num\u00e9rique permet de r\u00e9gler facilement les diff\u00e9rents r\u00e9glages de temp\u00e9rature.<\/p>\n<\/div>\n<\/div>\n<div id=\"provenanceCertifications_feature_div\" class=\"celwidget\" data-feature-name=\"provenanceCertifications\" data-csa-c-type=\"widget\" data-csa-c-content-id=\"provenanceCertifications\" data-csa-c-slot-id=\"provenanceCertifications_feature_div\" data-csa-c-asin=\"B07X5LVV5C\" data-csa-c-is-in-initial-active-row=\"false\" data-cel-widget=\"provenanceCertifications_feature_div\" data-csa-c-id=\"73xalk-qkc7x3-ft543j-uf7p49\"><\/div>\n<div id=\"globalStoreInfoBullets_feature_div\" class=\"celwidget\" data-feature-name=\"globalStoreInfoBullets\" data-csa-c-type=\"widget\" data-csa-c-content-id=\"globalStoreInfoBullets\" data-csa-c-slot-id=\"globalStoreInfoBullets_feature_div\" data-csa-c-asin=\"B07X5LVV5C\" data-csa-c-is-in-initial-active-row=\"false\" data-cel-widget=\"globalStoreInfoBullets_feature_div\" data-csa-c-id=\"h42gbx-984q1u-mfs1p4-wpahhk\"><\/div>\n<div id=\"vendorPoweredCoupon_feature_div\" class=\"celwidget\" data-feature-name=\"vendorPoweredCoupon\" data-csa-c-type=\"widget\" data-csa-c-content-id=\"vendorPoweredCoupon\" data-csa-c-slot-id=\"vendorPoweredCoupon_feature_div\" data-csa-c-asin=\"B07X5LVV5C\" data-csa-c-is-in-initial-active-row=\"false\" data-cel-widget=\"vendorPoweredCoupon_feature_div\" data-csa-c-id=\"ypqwmn-e2w9ru-6es89i-5jdztf\"><\/div>\n<div id=\"addOnItem_feature_div\" class=\"celwidget\" data-feature-name=\"addOnItem\" data-csa-c-type=\"widget\" data-csa-c-content-id=\"addOnItem\" data-csa-c-slot-id=\"addOnItem_feature_div\" data-csa-c-asin=\"B07X5LVV5C\" data-csa-c-is-in-initial-active-row=\"false\" data-cel-widget=\"addOnItem_feature_div\" data-csa-c-id=\"tk8l3w-dplsi7-evw89q-zicrnt\"><\/div>\n<div id=\"giftcard-holiday-availability-messaging_feature_div\" class=\"celwidget\" data-feature-name=\"giftCardHolidayAvailabilityMessaging\" data-csa-c-type=\"widget\" data-csa-c-content-id=\"giftCardHolidayAvailabilityMessaging\" data-csa-c-slot-id=\"giftcard-holiday-availability-messaging_feature_div\" data-csa-c-asin=\"B07X5LVV5C\" data-csa-c-is-in-initial-active-row=\"false\" data-cel-widget=\"giftcard-holiday-availability-messaging_feature_div\" data-csa-c-id=\"glc10e-vjsz2s-j4bzdu-22gvae\"><\/div>\n<div id=\"andonCord_feature_div\" class=\"celwidget\" data-feature-name=\"andonCord\" data-csa-c-type=\"widget\" data-csa-c-content-id=\"andonCord\" data-csa-c-slot-id=\"andonCord_feature_div\" data-csa-c-asin=\"B07X5LVV5C\" data-csa-c-is-in-initial-active-row=\"false\" data-cel-widget=\"andonCord_feature_div\" data-csa-c-id=\"1tavlj-805mbe-iwpt1e-fylhaa\"><\/div>\n<div id=\"olp_feature_div\" class=\"celwidget\" data-feature-name=\"olp\" data-csa-c-type=\"widget\" data-csa-c-content-id=\"olp\" data-csa-c-slot-id=\"olp_feature_div\" data-csa-c-asin=\"B07X5LVV5C\" data-csa-c-is-in-initial-active-row=\"false\" data-cel-widget=\"olp_feature_div\" data-csa-c-id=\"cqnoo2-kqqipw-3mkfro-44s2gf\">\n<div id=\"all-offers-display\" class=\"a-section\"><\/div>\n<\/div>\n<div id=\"newerVersion_feature_div\" class=\"celwidget\" data-feature-name=\"newerVersion\" data-csa-c-type=\"widget\" data-csa-c-content-id=\"newerVersion\" data-csa-c-slot-id=\"newerVersion_feature_div\" data-csa-c-asin=\"B07X5LVV5C\" data-csa-c-is-in-initial-active-row=\"false\" data-cel-widget=\"newerVersion_feature_div\" data-csa-c-id=\"h05gn6-wbw6sx-9g2w2h-sk1evy\"><\/div>\n<div id=\"recommendations_feature_div\" class=\"celwidget\" data-feature-name=\"recommendations\" data-csa-c-type=\"widget\" data-csa-c-content-id=\"recommendations\" data-csa-c-slot-id=\"recommendations_feature_div\" data-csa-c-asin=\"B07X5LVV5C\" data-csa-c-is-in-initial-active-row=\"false\" data-cel-widget=\"recommendations_feature_div\" data-csa-c-id=\"s5tgvw-2bqdjt-dfnvb8-acyv2d\"><\/div>\n<div id=\"productAlert_feature_div\" class=\"celwidget\" data-feature-name=\"productAlert\" data-csa-c-type=\"widget\" data-csa-c-content-id=\"productAlert\" data-csa-c-slot-id=\"productAlert_feature_div\" data-csa-c-asin=\"B07X5LVV5C\" data-csa-c-is-in-initial-active-row=\"false\" data-cel-widget=\"productAlert_feature_div\" data-csa-c-id=\"cce4xg-7y89uc-8ptz1c-989z5y\">\n<div id=\"product-alert-grid_feature_div\"><\/div>\n<\/div>\n","protected":false},"featured_media":3350,"comment_status":"open","ping_status":"closed","template":"","meta":{"jetpack_post_was_ever_published":false,"jetpack_publicize_message":"","jetpack_publicize_feature_enabled":true,"jetpack_social_post_already_shared":false,"jetpack_social_options":{"image_generator_settings":{"template":"highway","default_image_id":0,"font":"","enabled":false},"version":2}},"product_brand":[],"product_cat":[17,46,47],"product_tag":[],"class_list":{"0":"post-2074","1":"product","2":"type-product","3":"status-publish","4":"has-post-thumbnail","6":"product_cat-boucleur","7":"product_cat-promotion","8":"product_cat-remington","10":"first","11":"instock","12":"sale","13":"shipping-taxable","14":"purchasable","15":"product-type-simple"},"yoast_head":"<!-- This site is optimized with the Yoast SEO plugin v27.4 - https:\/\/yoast.com\/product\/yoast-seo-wordpress\/ -->\n<title>Remington Boucleur silk curling wand CI9755 - Baya Shop<\/title>\n<meta name=\"description\" content=\"Fer \u00e0 boucler conique 13-25 mm pour boucles s\u00e9rr\u00e9es ou des ondulations naturelles  Rev\u00eatement c\u00e9ramique de haute qualit\u00e9 avec des prot\u00e9ines de soie  Ecran num\u00e9rique avec 11 r\u00e9glages de temp\u00e9rature de 120-220 \u00b0C, temps de chauffe de 30 secondes  V\u00e9rrouillage de la temp\u00e9rature et arr\u00eat automatique de s\u00e9curit\u00e9  Comprend une pochette de rangement Manchester United et un gant de protection thermique.  La boutique Lissage Au Top vous propose une multitude de\u00a0Boucleur\u00a0Remington\u00a0avec les meilleurs prix sur le march\u00e9. Avantages du Fer \u00e0 Boucler Remington CI9755 : Pochette de rangement Manchester United  Dans le cadre de la collection de soins capillaires Manchester United, ce fer \u00e0 boucler, arborant les couleurs et le blason embl\u00e9matique du club, est le cadeau id\u00e9al pour les fans de Manchester United.  Mise en temp\u00e9rature en 30 secondes  Le temps de chauffe n&#039;est que de 30 secondes (120\u00b0C).  Rev\u00eatement c\u00e9ramique et prot\u00e9ines de soie  Le fer \u00e0 boucler poss\u00e8de un rev\u00eatement c\u00e9ramique de haute qualit\u00e9 avec des prot\u00e9ines de soie.  Ce boucleur conique vous permet de cr\u00e9er des boucles serr\u00e9es ou des ondulations naturelles et laisse vos cheveux particuli\u00e8rement brillants et sans frisottis.  Affichage num\u00e9rique  Un affichage num\u00e9rique permet de r\u00e9gler facilement les diff\u00e9rents r\u00e9glages de temp\u00e9rature.\" \/>\n<meta name=\"robots\" content=\"index, follow, max-snippet:-1, max-image-preview:large, max-video-preview:-1\" \/>\n<link rel=\"canonical\" href=\"https:\/\/baya-shop.com\/home\/product\/remington-boucleur-ci9755\/\" \/>\n<meta property=\"og:locale\" content=\"fr_FR\" \/>\n<meta property=\"og:type\" content=\"article\" \/>\n<meta property=\"og:title\" content=\"Remington Boucleur silk curling wand CI9755 - Baya Shop\" \/>\n<meta property=\"og:description\" content=\"Fer \u00e0 boucler conique 13-25 mm pour boucles s\u00e9rr\u00e9es ou des ondulations naturelles  Rev\u00eatement c\u00e9ramique de haute qualit\u00e9 avec des prot\u00e9ines de soie  Ecran num\u00e9rique avec 11 r\u00e9glages de temp\u00e9rature de 120-220 \u00b0C, temps de chauffe de 30 secondes  V\u00e9rrouillage de la temp\u00e9rature et arr\u00eat automatique de s\u00e9curit\u00e9  Comprend une pochette de rangement Manchester United et un gant de protection thermique.  La boutique Lissage Au Top vous propose une multitude de\u00a0Boucleur\u00a0Remington\u00a0avec les meilleurs prix sur le march\u00e9. Avantages du Fer \u00e0 Boucler Remington CI9755 : Pochette de rangement Manchester United  Dans le cadre de la collection de soins capillaires Manchester United, ce fer \u00e0 boucler, arborant les couleurs et le blason embl\u00e9matique du club, est le cadeau id\u00e9al pour les fans de Manchester United.  Mise en temp\u00e9rature en 30 secondes  Le temps de chauffe n&#039;est que de 30 secondes (120\u00b0C).  Rev\u00eatement c\u00e9ramique et prot\u00e9ines de soie  Le fer \u00e0 boucler poss\u00e8de un rev\u00eatement c\u00e9ramique de haute qualit\u00e9 avec des prot\u00e9ines de soie.  Ce boucleur conique vous permet de cr\u00e9er des boucles serr\u00e9es ou des ondulations naturelles et laisse vos cheveux particuli\u00e8rement brillants et sans frisottis.  Affichage num\u00e9rique  Un affichage num\u00e9rique permet de r\u00e9gler facilement les diff\u00e9rents r\u00e9glages de temp\u00e9rature.\" \/>\n<meta property=\"og:url\" content=\"https:\/\/baya-shop.com\/home\/product\/remington-boucleur-ci9755\/\" \/>\n<meta property=\"og:site_name\" content=\"Baya Shop\" \/>\n<meta property=\"article:publisher\" content=\"https:\/\/www.facebook.com\/Baya-Shop-103955257949742\" \/>\n<meta property=\"article:modified_time\" content=\"2024-02-09T14:55:19+00:00\" \/>\n<meta property=\"og:image\" content=\"https:\/\/baya-shop.com\/wp-content\/uploads\/2023\/08\/Fer-a-Boucler-Remington-CI9755_grande.webp\" \/>\n\t<meta property=\"og:image:width\" content=\"600\" \/>\n\t<meta property=\"og:image:height\" content=\"600\" \/>\n\t<meta property=\"og:image:type\" content=\"image\/webp\" \/>\n<meta name=\"twitter:card\" content=\"summary_large_image\" \/>\n<meta name=\"twitter:label1\" content=\"Dur\u00e9e de lecture estim\u00e9e\" \/>\n\t<meta name=\"twitter:data1\" content=\"1 minute\" \/>\n<script type=\"application\/ld+json\" class=\"yoast-schema-graph\">{\"@context\":\"https:\\\/\\\/schema.org\",\"@graph\":[{\"@type\":\"WebPage\",\"@id\":\"https:\\\/\\\/baya-shop.com\\\/home\\\/product\\\/remington-boucleur-ci9755\\\/\",\"url\":\"https:\\\/\\\/baya-shop.com\\\/home\\\/product\\\/remington-boucleur-ci9755\\\/\",\"name\":\"Remington Boucleur silk curling wand CI9755 - Baya Shop\",\"isPartOf\":{\"@id\":\"https:\\\/\\\/baya-shop.com\\\/home\\\/#website\"},\"primaryImageOfPage\":{\"@id\":\"https:\\\/\\\/baya-shop.com\\\/home\\\/product\\\/remington-boucleur-ci9755\\\/#primaryimage\"},\"image\":{\"@id\":\"https:\\\/\\\/baya-shop.com\\\/home\\\/product\\\/remington-boucleur-ci9755\\\/#primaryimage\"},\"thumbnailUrl\":\"https:\\\/\\\/i0.wp.com\\\/baya-shop.com\\\/wp-content\\\/uploads\\\/2023\\\/08\\\/Fer-a-Boucler-Remington-CI9755_grande.webp?fit=600%2C600&ssl=1\",\"datePublished\":\"2023-08-03T13:49:53+00:00\",\"dateModified\":\"2024-02-09T14:55:19+00:00\",\"description\":\"Fer \u00e0 boucler conique 13-25 mm pour boucles s\u00e9rr\u00e9es ou des ondulations naturelles Rev\u00eatement c\u00e9ramique de haute qualit\u00e9 avec des prot\u00e9ines de soie Ecran num\u00e9rique avec 11 r\u00e9glages de temp\u00e9rature de 120-220 \u00b0C, temps de chauffe de 30 secondes V\u00e9rrouillage de la temp\u00e9rature et arr\u00eat automatique de s\u00e9curit\u00e9 Comprend une pochette de rangement Manchester United et un gant de protection thermique. La boutique Lissage Au Top vous propose une multitude de\u00a0Boucleur\u00a0Remington\u00a0avec les meilleurs prix sur le march\u00e9. Avantages du Fer \u00e0 Boucler Remington CI9755 : Pochette de rangement Manchester United Dans le cadre de la collection de soins capillaires Manchester United, ce fer \u00e0 boucler, arborant les couleurs et le blason embl\u00e9matique du club, est le cadeau id\u00e9al pour les fans de Manchester United. Mise en temp\u00e9rature en 30 secondes Le temps de chauffe n'est que de 30 secondes (120\u00b0C). Rev\u00eatement c\u00e9ramique et prot\u00e9ines de soie Le fer \u00e0 boucler poss\u00e8de un rev\u00eatement c\u00e9ramique de haute qualit\u00e9 avec des prot\u00e9ines de soie. Ce boucleur conique vous permet de cr\u00e9er des boucles serr\u00e9es ou des ondulations naturelles et laisse vos cheveux particuli\u00e8rement brillants et sans frisottis. Affichage num\u00e9rique Un affichage num\u00e9rique permet de r\u00e9gler facilement les diff\u00e9rents r\u00e9glages de temp\u00e9rature.\",\"breadcrumb\":{\"@id\":\"https:\\\/\\\/baya-shop.com\\\/home\\\/product\\\/remington-boucleur-ci9755\\\/#breadcrumb\"},\"inLanguage\":\"fr-FR\",\"potentialAction\":[{\"@type\":\"ReadAction\",\"target\":[\"https:\\\/\\\/baya-shop.com\\\/home\\\/product\\\/remington-boucleur-ci9755\\\/\"]}]},{\"@type\":\"ImageObject\",\"inLanguage\":\"fr-FR\",\"@id\":\"https:\\\/\\\/baya-shop.com\\\/home\\\/product\\\/remington-boucleur-ci9755\\\/#primaryimage\",\"url\":\"https:\\\/\\\/i0.wp.com\\\/baya-shop.com\\\/wp-content\\\/uploads\\\/2023\\\/08\\\/Fer-a-Boucler-Remington-CI9755_grande.webp?fit=600%2C600&ssl=1\",\"contentUrl\":\"https:\\\/\\\/i0.wp.com\\\/baya-shop.com\\\/wp-content\\\/uploads\\\/2023\\\/08\\\/Fer-a-Boucler-Remington-CI9755_grande.webp?fit=600%2C600&ssl=1\",\"width\":600,\"height\":600},{\"@type\":\"BreadcrumbList\",\"@id\":\"https:\\\/\\\/baya-shop.com\\\/home\\\/product\\\/remington-boucleur-ci9755\\\/#breadcrumb\",\"itemListElement\":[{\"@type\":\"ListItem\",\"position\":1,\"name\":\"Accueil\",\"item\":\"https:\\\/\\\/baya-shop.com\\\/home\\\/\"},{\"@type\":\"ListItem\",\"position\":2,\"name\":\"Shop\",\"item\":\"https:\\\/\\\/baya-shop.com\\\/home\\\/shop\\\/\"},{\"@type\":\"ListItem\",\"position\":3,\"name\":\"Remington Boucleur silk curling wand CI9755\"}]},{\"@type\":\"WebSite\",\"@id\":\"https:\\\/\\\/baya-shop.com\\\/home\\\/#website\",\"url\":\"https:\\\/\\\/baya-shop.com\\\/home\\\/\",\"name\":\"Baya Shop\",\"description\":\"\",\"publisher\":{\"@id\":\"https:\\\/\\\/baya-shop.com\\\/home\\\/#organization\"},\"potentialAction\":[{\"@type\":\"SearchAction\",\"target\":{\"@type\":\"EntryPoint\",\"urlTemplate\":\"https:\\\/\\\/baya-shop.com\\\/home\\\/?s={search_term_string}\"},\"query-input\":{\"@type\":\"PropertyValueSpecification\",\"valueRequired\":true,\"valueName\":\"search_term_string\"}}],\"inLanguage\":\"fr-FR\"},{\"@type\":\"Organization\",\"@id\":\"https:\\\/\\\/baya-shop.com\\\/home\\\/#organization\",\"name\":\"Baya Shop\",\"url\":\"https:\\\/\\\/baya-shop.com\\\/home\\\/\",\"logo\":{\"@type\":\"ImageObject\",\"inLanguage\":\"fr-FR\",\"@id\":\"https:\\\/\\\/baya-shop.com\\\/home\\\/#\\\/schema\\\/logo\\\/image\\\/\",\"url\":\"https:\\\/\\\/baya-shop.com\\\/wp-content\\\/uploads\\\/2020\\\/11\\\/g.png\",\"contentUrl\":\"https:\\\/\\\/baya-shop.com\\\/wp-content\\\/uploads\\\/2020\\\/11\\\/g.png\",\"width\":64,\"height\":64,\"caption\":\"Baya Shop\"},\"image\":{\"@id\":\"https:\\\/\\\/baya-shop.com\\\/home\\\/#\\\/schema\\\/logo\\\/image\\\/\"},\"sameAs\":[\"https:\\\/\\\/www.facebook.com\\\/Baya-Shop-103955257949742\",\"https:\\\/\\\/www.instagram.com\\\/baya_shop_dz\\\/\"]}]}<\/script>\n<!-- \/ Yoast SEO plugin. -->","yoast_head_json":{"title":"Remington Boucleur silk curling wand CI9755 - Baya Shop","description":"Fer \u00e0 boucler conique 13-25 mm pour boucles s\u00e9rr\u00e9es ou des ondulations naturelles  Rev\u00eatement c\u00e9ramique de haute qualit\u00e9 avec des prot\u00e9ines de soie  Ecran num\u00e9rique avec 11 r\u00e9glages de temp\u00e9rature de 120-220 \u00b0C, temps de chauffe de 30 secondes  V\u00e9rrouillage de la temp\u00e9rature et arr\u00eat automatique de s\u00e9curit\u00e9  Comprend une pochette de rangement Manchester United et un gant de protection thermique.  La boutique Lissage Au Top vous propose une multitude de\u00a0Boucleur\u00a0Remington\u00a0avec les meilleurs prix sur le march\u00e9. Avantages du Fer \u00e0 Boucler Remington CI9755 : Pochette de rangement Manchester United  Dans le cadre de la collection de soins capillaires Manchester United, ce fer \u00e0 boucler, arborant les couleurs et le blason embl\u00e9matique du club, est le cadeau id\u00e9al pour les fans de Manchester United.  Mise en temp\u00e9rature en 30 secondes  Le temps de chauffe n'est que de 30 secondes (120\u00b0C).  Rev\u00eatement c\u00e9ramique et prot\u00e9ines de soie  Le fer \u00e0 boucler poss\u00e8de un rev\u00eatement c\u00e9ramique de haute qualit\u00e9 avec des prot\u00e9ines de soie.  Ce boucleur conique vous permet de cr\u00e9er des boucles serr\u00e9es ou des ondulations naturelles et laisse vos cheveux particuli\u00e8rement brillants et sans frisottis.  Affichage num\u00e9rique  Un affichage num\u00e9rique permet de r\u00e9gler facilement les diff\u00e9rents r\u00e9glages de temp\u00e9rature.","robots":{"index":"index","follow":"follow","max-snippet":"max-snippet:-1","max-image-preview":"max-image-preview:large","max-video-preview":"max-video-preview:-1"},"canonical":"https:\/\/baya-shop.com\/home\/product\/remington-boucleur-ci9755\/","og_locale":"fr_FR","og_type":"article","og_title":"Remington Boucleur silk curling wand CI9755 - Baya Shop","og_description":"Fer \u00e0 boucler conique 13-25 mm pour boucles s\u00e9rr\u00e9es ou des ondulations naturelles  Rev\u00eatement c\u00e9ramique de haute qualit\u00e9 avec des prot\u00e9ines de soie  Ecran num\u00e9rique avec 11 r\u00e9glages de temp\u00e9rature de 120-220 \u00b0C, temps de chauffe de 30 secondes  V\u00e9rrouillage de la temp\u00e9rature et arr\u00eat automatique de s\u00e9curit\u00e9  Comprend une pochette de rangement Manchester United et un gant de protection thermique.  La boutique Lissage Au Top vous propose une multitude de\u00a0Boucleur\u00a0Remington\u00a0avec les meilleurs prix sur le march\u00e9. Avantages du Fer \u00e0 Boucler Remington CI9755 : Pochette de rangement Manchester United  Dans le cadre de la collection de soins capillaires Manchester United, ce fer \u00e0 boucler, arborant les couleurs et le blason embl\u00e9matique du club, est le cadeau id\u00e9al pour les fans de Manchester United.  Mise en temp\u00e9rature en 30 secondes  Le temps de chauffe n'est que de 30 secondes (120\u00b0C).  Rev\u00eatement c\u00e9ramique et prot\u00e9ines de soie  Le fer \u00e0 boucler poss\u00e8de un rev\u00eatement c\u00e9ramique de haute qualit\u00e9 avec des prot\u00e9ines de soie.  Ce boucleur conique vous permet de cr\u00e9er des boucles serr\u00e9es ou des ondulations naturelles et laisse vos cheveux particuli\u00e8rement brillants et sans frisottis.  Affichage num\u00e9rique  Un affichage num\u00e9rique permet de r\u00e9gler facilement les diff\u00e9rents r\u00e9glages de temp\u00e9rature.","og_url":"https:\/\/baya-shop.com\/home\/product\/remington-boucleur-ci9755\/","og_site_name":"Baya Shop","article_publisher":"https:\/\/www.facebook.com\/Baya-Shop-103955257949742","article_modified_time":"2024-02-09T14:55:19+00:00","og_image":[{"width":600,"height":600,"url":"https:\/\/baya-shop.com\/wp-content\/uploads\/2023\/08\/Fer-a-Boucler-Remington-CI9755_grande.webp","type":"image\/webp"}],"twitter_card":"summary_large_image","twitter_misc":{"Dur\u00e9e de lecture estim\u00e9e":"1 minute"},"schema":{"@context":"https:\/\/schema.org","@graph":[{"@type":"WebPage","@id":"https:\/\/baya-shop.com\/home\/product\/remington-boucleur-ci9755\/","url":"https:\/\/baya-shop.com\/home\/product\/remington-boucleur-ci9755\/","name":"Remington Boucleur silk curling wand CI9755 - Baya Shop","isPartOf":{"@id":"https:\/\/baya-shop.com\/home\/#website"},"primaryImageOfPage":{"@id":"https:\/\/baya-shop.com\/home\/product\/remington-boucleur-ci9755\/#primaryimage"},"image":{"@id":"https:\/\/baya-shop.com\/home\/product\/remington-boucleur-ci9755\/#primaryimage"},"thumbnailUrl":"https:\/\/i0.wp.com\/baya-shop.com\/wp-content\/uploads\/2023\/08\/Fer-a-Boucler-Remington-CI9755_grande.webp?fit=600%2C600&ssl=1","datePublished":"2023-08-03T13:49:53+00:00","dateModified":"2024-02-09T14:55:19+00:00","description":"Fer \u00e0 boucler conique 13-25 mm pour boucles s\u00e9rr\u00e9es ou des ondulations naturelles Rev\u00eatement c\u00e9ramique de haute qualit\u00e9 avec des prot\u00e9ines de soie Ecran num\u00e9rique avec 11 r\u00e9glages de temp\u00e9rature de 120-220 \u00b0C, temps de chauffe de 30 secondes V\u00e9rrouillage de la temp\u00e9rature et arr\u00eat automatique de s\u00e9curit\u00e9 Comprend une pochette de rangement Manchester United et un gant de protection thermique. La boutique Lissage Au Top vous propose une multitude de\u00a0Boucleur\u00a0Remington\u00a0avec les meilleurs prix sur le march\u00e9. Avantages du Fer \u00e0 Boucler Remington CI9755 : Pochette de rangement Manchester United Dans le cadre de la collection de soins capillaires Manchester United, ce fer \u00e0 boucler, arborant les couleurs et le blason embl\u00e9matique du club, est le cadeau id\u00e9al pour les fans de Manchester United. Mise en temp\u00e9rature en 30 secondes Le temps de chauffe n'est que de 30 secondes (120\u00b0C). Rev\u00eatement c\u00e9ramique et prot\u00e9ines de soie Le fer \u00e0 boucler poss\u00e8de un rev\u00eatement c\u00e9ramique de haute qualit\u00e9 avec des prot\u00e9ines de soie. Ce boucleur conique vous permet de cr\u00e9er des boucles serr\u00e9es ou des ondulations naturelles et laisse vos cheveux particuli\u00e8rement brillants et sans frisottis. Affichage num\u00e9rique Un affichage num\u00e9rique permet de r\u00e9gler facilement les diff\u00e9rents r\u00e9glages de temp\u00e9rature.","breadcrumb":{"@id":"https:\/\/baya-shop.com\/home\/product\/remington-boucleur-ci9755\/#breadcrumb"},"inLanguage":"fr-FR","potentialAction":[{"@type":"ReadAction","target":["https:\/\/baya-shop.com\/home\/product\/remington-boucleur-ci9755\/"]}]},{"@type":"ImageObject","inLanguage":"fr-FR","@id":"https:\/\/baya-shop.com\/home\/product\/remington-boucleur-ci9755\/#primaryimage","url":"https:\/\/i0.wp.com\/baya-shop.com\/wp-content\/uploads\/2023\/08\/Fer-a-Boucler-Remington-CI9755_grande.webp?fit=600%2C600&ssl=1","contentUrl":"https:\/\/i0.wp.com\/baya-shop.com\/wp-content\/uploads\/2023\/08\/Fer-a-Boucler-Remington-CI9755_grande.webp?fit=600%2C600&ssl=1","width":600,"height":600},{"@type":"BreadcrumbList","@id":"https:\/\/baya-shop.com\/home\/product\/remington-boucleur-ci9755\/#breadcrumb","itemListElement":[{"@type":"ListItem","position":1,"name":"Accueil","item":"https:\/\/baya-shop.com\/home\/"},{"@type":"ListItem","position":2,"name":"Shop","item":"https:\/\/baya-shop.com\/home\/shop\/"},{"@type":"ListItem","position":3,"name":"Remington Boucleur silk curling wand CI9755"}]},{"@type":"WebSite","@id":"https:\/\/baya-shop.com\/home\/#website","url":"https:\/\/baya-shop.com\/home\/","name":"Baya Shop","description":"","publisher":{"@id":"https:\/\/baya-shop.com\/home\/#organization"},"potentialAction":[{"@type":"SearchAction","target":{"@type":"EntryPoint","urlTemplate":"https:\/\/baya-shop.com\/home\/?s={search_term_string}"},"query-input":{"@type":"PropertyValueSpecification","valueRequired":true,"valueName":"search_term_string"}}],"inLanguage":"fr-FR"},{"@type":"Organization","@id":"https:\/\/baya-shop.com\/home\/#organization","name":"Baya Shop","url":"https:\/\/baya-shop.com\/home\/","logo":{"@type":"ImageObject","inLanguage":"fr-FR","@id":"https:\/\/baya-shop.com\/home\/#\/schema\/logo\/image\/","url":"https:\/\/baya-shop.com\/wp-content\/uploads\/2020\/11\/g.png","contentUrl":"https:\/\/baya-shop.com\/wp-content\/uploads\/2020\/11\/g.png","width":64,"height":64,"caption":"Baya Shop"},"image":{"@id":"https:\/\/baya-shop.com\/home\/#\/schema\/logo\/image\/"},"sameAs":["https:\/\/www.facebook.com\/Baya-Shop-103955257949742","https:\/\/www.instagram.com\/baya_shop_dz\/"]}]}},"jetpack_publicize_connections":[],"jetpack_sharing_enabled":true,"jetpack_likes_enabled":true,"jetpack-related-posts":[],"_links":{"self":[{"href":"https:\/\/baya-shop.com\/home\/wp-json\/wp\/v2\/product\/2074","targetHints":{"allow":["GET"]}}],"collection":[{"href":"https:\/\/baya-shop.com\/home\/wp-json\/wp\/v2\/product"}],"about":[{"href":"https:\/\/baya-shop.com\/home\/wp-json\/wp\/v2\/types\/product"}],"replies":[{"embeddable":true,"href":"https:\/\/baya-shop.com\/home\/wp-json\/wp\/v2\/comments?post=2074"}],"wp:featuredmedia":[{"embeddable":true,"href":"https:\/\/baya-shop.com\/home\/wp-json\/wp\/v2\/media\/3350"}],"wp:attachment":[{"href":"https:\/\/baya-shop.com\/home\/wp-json\/wp\/v2\/media?parent=2074"}],"wp:term":[{"taxonomy":"product_brand","embeddable":true,"href":"https:\/\/baya-shop.com\/home\/wp-json\/wp\/v2\/product_brand?post=2074"},{"taxonomy":"product_cat","embeddable":true,"href":"https:\/\/baya-shop.com\/home\/wp-json\/wp\/v2\/product_cat?post=2074"},{"taxonomy":"product_tag","embeddable":true,"href":"https:\/\/baya-shop.com\/home\/wp-json\/wp\/v2\/product_tag?post=2074"}],"curies":[{"name":"wp","href":"https:\/\/api.w.org\/{rel}","templated":true}]}}