{"id":1891,"date":"2023-06-04T18:25:23","date_gmt":"2023-06-04T17:25:23","guid":{"rendered":"https:\/\/baya-shop.com\/home\/?post_type=product&#038;p=1891"},"modified":"2024-10-10T11:37:28","modified_gmt":"2024-10-10T10:37:28","slug":"remington-brosse-pro-volume-cb65a45-keratin-therapy","status":"publish","type":"product","link":"https:\/\/baya-shop.com\/home\/product\/remington-brosse-pro-volume-cb65a45-keratin-therapy\/","title":{"rendered":"Remington Brosse chauffante Keratin Therapy Pro Volume CB65A45"},"content":{"rendered":"","protected":false},"excerpt":{"rendered":"<ul class=\"product_details_items font-2-l\">\n<li class=\"product_details_item\">Exclusif, Rev\u00eatement Advanced Keratin Ceramic<\/li>\n<li class=\"product_details_item\">Pour cr\u00e9er du volume ou des ondulations resplendissantes<\/li>\n<li class=\"product_details_item\">Brosse chauffante &#8211; Puissance 53 Watts<\/li>\n<li class=\"product_details_item\">Diam\u00e8tre 45 mm &#8211; Id\u00e9al toutes longueurs<\/li>\n<li class=\"product_details_item\">Diam\u00e8tre 45 mm &#8211; Id\u00e9al toutes longueurs<\/li>\n<li>2 niveaux de temp\u00e9rature\u00a0<strong>: 120\/ 180C<\/strong><\/li>\n<li>Cordon rotatif\u00a0<strong>1.8 m.<\/strong><\/li>\n<\/ul>\n","protected":false},"featured_media":3335,"comment_status":"open","ping_status":"closed","template":"","meta":{"jetpack_post_was_ever_published":false,"jetpack_publicize_message":"","jetpack_publicize_feature_enabled":true,"jetpack_social_post_already_shared":false,"jetpack_social_options":{"image_generator_settings":{"template":"highway","default_image_id":0,"font":"","enabled":false},"version":2}},"product_brand":[],"product_cat":[21,47],"product_tag":[],"class_list":{"0":"post-1891","1":"product","2":"type-product","3":"status-publish","4":"has-post-thumbnail","6":"product_cat-brosse-cheveux","7":"product_cat-remington","9":"first","10":"outofstock","11":"shipping-taxable","12":"product-type-simple"},"yoast_head":"<!-- This site is optimized with the Yoast SEO plugin v27.5 - https:\/\/yoast.com\/product\/yoast-seo-wordpress\/ -->\n<title>Remington Brosse chauffante Keratin Therapy Pro Volume CB65A45 - Baya Shop<\/title>\n<meta name=\"description\" content=\"Exclusif, Rev\u00eatement Advanced Keratin Ceramic  Pour cr\u00e9er du volume ou des ondulations resplendissantes  Brosse chauffante - Puissance 53 Watts  Diam\u00e8tre 45 mm - Id\u00e9al toutes longueurs  Diam\u00e8tre 45 mm - Id\u00e9al toutes longueurs  2 niveaux de temp\u00e9rature\u00a0: 120\/ 180C  Cordon rotatif\u00a01.8 m.\" \/>\n<meta name=\"robots\" content=\"index, follow, max-snippet:-1, max-image-preview:large, max-video-preview:-1\" \/>\n<link rel=\"canonical\" href=\"https:\/\/baya-shop.com\/home\/product\/remington-brosse-pro-volume-cb65a45-keratin-therapy\/\" \/>\n<meta property=\"og:locale\" content=\"fr_FR\" \/>\n<meta property=\"og:type\" content=\"article\" \/>\n<meta property=\"og:title\" content=\"Remington Brosse chauffante Keratin Therapy Pro Volume CB65A45 - Baya Shop\" \/>\n<meta property=\"og:description\" content=\"Exclusif, Rev\u00eatement Advanced Keratin Ceramic  Pour cr\u00e9er du volume ou des ondulations resplendissantes  Brosse chauffante - Puissance 53 Watts  Diam\u00e8tre 45 mm - Id\u00e9al toutes longueurs  Diam\u00e8tre 45 mm - Id\u00e9al toutes longueurs  2 niveaux de temp\u00e9rature\u00a0: 120\/ 180C  Cordon rotatif\u00a01.8 m.\" \/>\n<meta property=\"og:url\" content=\"https:\/\/baya-shop.com\/home\/product\/remington-brosse-pro-volume-cb65a45-keratin-therapy\/\" \/>\n<meta property=\"og:site_name\" content=\"Baya Shop\" \/>\n<meta property=\"article:publisher\" content=\"https:\/\/www.facebook.com\/Baya-Shop-103955257949742\" \/>\n<meta property=\"article:modified_time\" content=\"2024-10-10T10:37:28+00:00\" \/>\n<meta property=\"og:image\" content=\"https:\/\/baya-shop.com\/wp-content\/uploads\/2023\/06\/hafalatt_61s5c3sm02L._SL1500_2.jpg\" \/>\n\t<meta property=\"og:image:width\" content=\"750\" \/>\n\t<meta property=\"og:image:height\" content=\"750\" \/>\n\t<meta property=\"og:image:type\" content=\"image\/jpeg\" \/>\n<meta name=\"twitter:card\" content=\"summary_large_image\" \/>\n<meta name=\"twitter:label1\" content=\"Dur\u00e9e de lecture estim\u00e9e\" \/>\n\t<meta name=\"twitter:data1\" content=\"1 minute\" \/>\n<script type=\"application\/ld+json\" class=\"yoast-schema-graph\">{\"@context\":\"https:\\\/\\\/schema.org\",\"@graph\":[{\"@type\":\"WebPage\",\"@id\":\"https:\\\/\\\/baya-shop.com\\\/home\\\/product\\\/remington-brosse-pro-volume-cb65a45-keratin-therapy\\\/\",\"url\":\"https:\\\/\\\/baya-shop.com\\\/home\\\/product\\\/remington-brosse-pro-volume-cb65a45-keratin-therapy\\\/\",\"name\":\"Remington Brosse chauffante Keratin Therapy Pro Volume CB65A45 - Baya Shop\",\"isPartOf\":{\"@id\":\"https:\\\/\\\/baya-shop.com\\\/home\\\/#website\"},\"primaryImageOfPage\":{\"@id\":\"https:\\\/\\\/baya-shop.com\\\/home\\\/product\\\/remington-brosse-pro-volume-cb65a45-keratin-therapy\\\/#primaryimage\"},\"image\":{\"@id\":\"https:\\\/\\\/baya-shop.com\\\/home\\\/product\\\/remington-brosse-pro-volume-cb65a45-keratin-therapy\\\/#primaryimage\"},\"thumbnailUrl\":\"https:\\\/\\\/i0.wp.com\\\/baya-shop.com\\\/wp-content\\\/uploads\\\/2023\\\/06\\\/hafalatt_61s5c3sm02L._SL1500_2.jpg?fit=750%2C750&ssl=1\",\"datePublished\":\"2023-06-04T17:25:23+00:00\",\"dateModified\":\"2024-10-10T10:37:28+00:00\",\"description\":\"Exclusif, Rev\u00eatement Advanced Keratin Ceramic Pour cr\u00e9er du volume ou des ondulations resplendissantes Brosse chauffante - Puissance 53 Watts Diam\u00e8tre 45 mm - Id\u00e9al toutes longueurs Diam\u00e8tre 45 mm - Id\u00e9al toutes longueurs 2 niveaux de temp\u00e9rature\u00a0: 120\\\/ 180C Cordon rotatif\u00a01.8 m.\",\"breadcrumb\":{\"@id\":\"https:\\\/\\\/baya-shop.com\\\/home\\\/product\\\/remington-brosse-pro-volume-cb65a45-keratin-therapy\\\/#breadcrumb\"},\"inLanguage\":\"fr-FR\",\"potentialAction\":[{\"@type\":\"ReadAction\",\"target\":[\"https:\\\/\\\/baya-shop.com\\\/home\\\/product\\\/remington-brosse-pro-volume-cb65a45-keratin-therapy\\\/\"]}]},{\"@type\":\"ImageObject\",\"inLanguage\":\"fr-FR\",\"@id\":\"https:\\\/\\\/baya-shop.com\\\/home\\\/product\\\/remington-brosse-pro-volume-cb65a45-keratin-therapy\\\/#primaryimage\",\"url\":\"https:\\\/\\\/i0.wp.com\\\/baya-shop.com\\\/wp-content\\\/uploads\\\/2023\\\/06\\\/hafalatt_61s5c3sm02L._SL1500_2.jpg?fit=750%2C750&ssl=1\",\"contentUrl\":\"https:\\\/\\\/i0.wp.com\\\/baya-shop.com\\\/wp-content\\\/uploads\\\/2023\\\/06\\\/hafalatt_61s5c3sm02L._SL1500_2.jpg?fit=750%2C750&ssl=1\",\"width\":750,\"height\":750},{\"@type\":\"BreadcrumbList\",\"@id\":\"https:\\\/\\\/baya-shop.com\\\/home\\\/product\\\/remington-brosse-pro-volume-cb65a45-keratin-therapy\\\/#breadcrumb\",\"itemListElement\":[{\"@type\":\"ListItem\",\"position\":1,\"name\":\"Accueil\",\"item\":\"https:\\\/\\\/baya-shop.com\\\/home\\\/\"},{\"@type\":\"ListItem\",\"position\":2,\"name\":\"Shop\",\"item\":\"https:\\\/\\\/baya-shop.com\\\/home\\\/shop\\\/\"},{\"@type\":\"ListItem\",\"position\":3,\"name\":\"Remington Brosse chauffante Keratin Therapy Pro Volume CB65A45\"}]},{\"@type\":\"WebSite\",\"@id\":\"https:\\\/\\\/baya-shop.com\\\/home\\\/#website\",\"url\":\"https:\\\/\\\/baya-shop.com\\\/home\\\/\",\"name\":\"Baya Shop\",\"description\":\"\",\"publisher\":{\"@id\":\"https:\\\/\\\/baya-shop.com\\\/home\\\/#organization\"},\"potentialAction\":[{\"@type\":\"SearchAction\",\"target\":{\"@type\":\"EntryPoint\",\"urlTemplate\":\"https:\\\/\\\/baya-shop.com\\\/home\\\/?s={search_term_string}\"},\"query-input\":{\"@type\":\"PropertyValueSpecification\",\"valueRequired\":true,\"valueName\":\"search_term_string\"}}],\"inLanguage\":\"fr-FR\"},{\"@type\":\"Organization\",\"@id\":\"https:\\\/\\\/baya-shop.com\\\/home\\\/#organization\",\"name\":\"Baya Shop\",\"url\":\"https:\\\/\\\/baya-shop.com\\\/home\\\/\",\"logo\":{\"@type\":\"ImageObject\",\"inLanguage\":\"fr-FR\",\"@id\":\"https:\\\/\\\/baya-shop.com\\\/home\\\/#\\\/schema\\\/logo\\\/image\\\/\",\"url\":\"https:\\\/\\\/baya-shop.com\\\/wp-content\\\/uploads\\\/2020\\\/11\\\/g.png\",\"contentUrl\":\"https:\\\/\\\/baya-shop.com\\\/wp-content\\\/uploads\\\/2020\\\/11\\\/g.png\",\"width\":64,\"height\":64,\"caption\":\"Baya Shop\"},\"image\":{\"@id\":\"https:\\\/\\\/baya-shop.com\\\/home\\\/#\\\/schema\\\/logo\\\/image\\\/\"},\"sameAs\":[\"https:\\\/\\\/www.facebook.com\\\/Baya-Shop-103955257949742\",\"https:\\\/\\\/www.instagram.com\\\/baya_shop_dz\\\/\"]}]}<\/script>\n<!-- \/ Yoast SEO plugin. -->","yoast_head_json":{"title":"Remington Brosse chauffante Keratin Therapy Pro Volume CB65A45 - Baya Shop","description":"Exclusif, Rev\u00eatement Advanced Keratin Ceramic  Pour cr\u00e9er du volume ou des ondulations resplendissantes  Brosse chauffante - Puissance 53 Watts  Diam\u00e8tre 45 mm - Id\u00e9al toutes longueurs  Diam\u00e8tre 45 mm - Id\u00e9al toutes longueurs  2 niveaux de temp\u00e9rature\u00a0: 120\/ 180C  Cordon rotatif\u00a01.8 m.","robots":{"index":"index","follow":"follow","max-snippet":"max-snippet:-1","max-image-preview":"max-image-preview:large","max-video-preview":"max-video-preview:-1"},"canonical":"https:\/\/baya-shop.com\/home\/product\/remington-brosse-pro-volume-cb65a45-keratin-therapy\/","og_locale":"fr_FR","og_type":"article","og_title":"Remington Brosse chauffante Keratin Therapy Pro Volume CB65A45 - Baya Shop","og_description":"Exclusif, Rev\u00eatement Advanced Keratin Ceramic  Pour cr\u00e9er du volume ou des ondulations resplendissantes  Brosse chauffante - Puissance 53 Watts  Diam\u00e8tre 45 mm - Id\u00e9al toutes longueurs  Diam\u00e8tre 45 mm - Id\u00e9al toutes longueurs  2 niveaux de temp\u00e9rature\u00a0: 120\/ 180C  Cordon rotatif\u00a01.8 m.","og_url":"https:\/\/baya-shop.com\/home\/product\/remington-brosse-pro-volume-cb65a45-keratin-therapy\/","og_site_name":"Baya Shop","article_publisher":"https:\/\/www.facebook.com\/Baya-Shop-103955257949742","article_modified_time":"2024-10-10T10:37:28+00:00","og_image":[{"width":750,"height":750,"url":"https:\/\/baya-shop.com\/wp-content\/uploads\/2023\/06\/hafalatt_61s5c3sm02L._SL1500_2.jpg","type":"image\/jpeg"}],"twitter_card":"summary_large_image","twitter_misc":{"Dur\u00e9e de lecture estim\u00e9e":"1 minute"},"schema":{"@context":"https:\/\/schema.org","@graph":[{"@type":"WebPage","@id":"https:\/\/baya-shop.com\/home\/product\/remington-brosse-pro-volume-cb65a45-keratin-therapy\/","url":"https:\/\/baya-shop.com\/home\/product\/remington-brosse-pro-volume-cb65a45-keratin-therapy\/","name":"Remington Brosse chauffante Keratin Therapy Pro Volume CB65A45 - Baya Shop","isPartOf":{"@id":"https:\/\/baya-shop.com\/home\/#website"},"primaryImageOfPage":{"@id":"https:\/\/baya-shop.com\/home\/product\/remington-brosse-pro-volume-cb65a45-keratin-therapy\/#primaryimage"},"image":{"@id":"https:\/\/baya-shop.com\/home\/product\/remington-brosse-pro-volume-cb65a45-keratin-therapy\/#primaryimage"},"thumbnailUrl":"https:\/\/i0.wp.com\/baya-shop.com\/wp-content\/uploads\/2023\/06\/hafalatt_61s5c3sm02L._SL1500_2.jpg?fit=750%2C750&ssl=1","datePublished":"2023-06-04T17:25:23+00:00","dateModified":"2024-10-10T10:37:28+00:00","description":"Exclusif, Rev\u00eatement Advanced Keratin Ceramic Pour cr\u00e9er du volume ou des ondulations resplendissantes Brosse chauffante - Puissance 53 Watts Diam\u00e8tre 45 mm - Id\u00e9al toutes longueurs Diam\u00e8tre 45 mm - Id\u00e9al toutes longueurs 2 niveaux de temp\u00e9rature\u00a0: 120\/ 180C Cordon rotatif\u00a01.8 m.","breadcrumb":{"@id":"https:\/\/baya-shop.com\/home\/product\/remington-brosse-pro-volume-cb65a45-keratin-therapy\/#breadcrumb"},"inLanguage":"fr-FR","potentialAction":[{"@type":"ReadAction","target":["https:\/\/baya-shop.com\/home\/product\/remington-brosse-pro-volume-cb65a45-keratin-therapy\/"]}]},{"@type":"ImageObject","inLanguage":"fr-FR","@id":"https:\/\/baya-shop.com\/home\/product\/remington-brosse-pro-volume-cb65a45-keratin-therapy\/#primaryimage","url":"https:\/\/i0.wp.com\/baya-shop.com\/wp-content\/uploads\/2023\/06\/hafalatt_61s5c3sm02L._SL1500_2.jpg?fit=750%2C750&ssl=1","contentUrl":"https:\/\/i0.wp.com\/baya-shop.com\/wp-content\/uploads\/2023\/06\/hafalatt_61s5c3sm02L._SL1500_2.jpg?fit=750%2C750&ssl=1","width":750,"height":750},{"@type":"BreadcrumbList","@id":"https:\/\/baya-shop.com\/home\/product\/remington-brosse-pro-volume-cb65a45-keratin-therapy\/#breadcrumb","itemListElement":[{"@type":"ListItem","position":1,"name":"Accueil","item":"https:\/\/baya-shop.com\/home\/"},{"@type":"ListItem","position":2,"name":"Shop","item":"https:\/\/baya-shop.com\/home\/shop\/"},{"@type":"ListItem","position":3,"name":"Remington Brosse chauffante Keratin Therapy Pro Volume CB65A45"}]},{"@type":"WebSite","@id":"https:\/\/baya-shop.com\/home\/#website","url":"https:\/\/baya-shop.com\/home\/","name":"Baya Shop","description":"","publisher":{"@id":"https:\/\/baya-shop.com\/home\/#organization"},"potentialAction":[{"@type":"SearchAction","target":{"@type":"EntryPoint","urlTemplate":"https:\/\/baya-shop.com\/home\/?s={search_term_string}"},"query-input":{"@type":"PropertyValueSpecification","valueRequired":true,"valueName":"search_term_string"}}],"inLanguage":"fr-FR"},{"@type":"Organization","@id":"https:\/\/baya-shop.com\/home\/#organization","name":"Baya Shop","url":"https:\/\/baya-shop.com\/home\/","logo":{"@type":"ImageObject","inLanguage":"fr-FR","@id":"https:\/\/baya-shop.com\/home\/#\/schema\/logo\/image\/","url":"https:\/\/baya-shop.com\/wp-content\/uploads\/2020\/11\/g.png","contentUrl":"https:\/\/baya-shop.com\/wp-content\/uploads\/2020\/11\/g.png","width":64,"height":64,"caption":"Baya Shop"},"image":{"@id":"https:\/\/baya-shop.com\/home\/#\/schema\/logo\/image\/"},"sameAs":["https:\/\/www.facebook.com\/Baya-Shop-103955257949742","https:\/\/www.instagram.com\/baya_shop_dz\/"]}]}},"jetpack_publicize_connections":[],"jetpack_sharing_enabled":true,"jetpack_likes_enabled":true,"jetpack-related-posts":[],"_links":{"self":[{"href":"https:\/\/baya-shop.com\/home\/wp-json\/wp\/v2\/product\/1891","targetHints":{"allow":["GET"]}}],"collection":[{"href":"https:\/\/baya-shop.com\/home\/wp-json\/wp\/v2\/product"}],"about":[{"href":"https:\/\/baya-shop.com\/home\/wp-json\/wp\/v2\/types\/product"}],"replies":[{"embeddable":true,"href":"https:\/\/baya-shop.com\/home\/wp-json\/wp\/v2\/comments?post=1891"}],"wp:featuredmedia":[{"embeddable":true,"href":"https:\/\/baya-shop.com\/home\/wp-json\/wp\/v2\/media\/3335"}],"wp:attachment":[{"href":"https:\/\/baya-shop.com\/home\/wp-json\/wp\/v2\/media?parent=1891"}],"wp:term":[{"taxonomy":"product_brand","embeddable":true,"href":"https:\/\/baya-shop.com\/home\/wp-json\/wp\/v2\/product_brand?post=1891"},{"taxonomy":"product_cat","embeddable":true,"href":"https:\/\/baya-shop.com\/home\/wp-json\/wp\/v2\/product_cat?post=1891"},{"taxonomy":"product_tag","embeddable":true,"href":"https:\/\/baya-shop.com\/home\/wp-json\/wp\/v2\/product_tag?post=1891"}],"curies":[{"name":"wp","href":"https:\/\/api.w.org\/{rel}","templated":true}]}}