{"id":1672,"date":"2023-02-23T18:12:20","date_gmt":"2023-02-23T17:12:20","guid":{"rendered":"https:\/\/baya-shop.com\/home\/?post_type=product&#038;p=1672"},"modified":"2025-12-20T15:29:56","modified_gmt":"2025-12-20T14:29:56","slug":"remington-boucleur-professionnel-conique-13-25mm-220c-ci96w1","status":"publish","type":"product","link":"https:\/\/baya-shop.com\/home\/product\/remington-boucleur-professionnel-conique-13-25mm-220c-ci96w1\/","title":{"rendered":"Remington Boucleur silk curling wand CI96W1"},"content":{"rendered":"","protected":false},"excerpt":{"rendered":"<ul class=\"a-unordered-list a-vertical a-spacing-mini\">\n<li>Boucleur Professionnel Conique<\/li>\n<li><span class=\"a-list-item\">Rev\u00eatement en c\u00e9ramique de haute qualit\u00e9 avec des prot\u00e9ines de soie<\/span><\/li>\n<li><span class=\"a-list-item\">Cheveux prot\u00e9g\u00e9s, brillants et sans frisottis<\/span><\/li>\n<li><span class=\"a-list-item\">Ecran digital<\/span><\/li>\n<li><span class=\"a-list-item\">Temp\u00e9rature modulable 120-220 \u00b0 C<\/span><\/li>\n<li><span class=\"a-list-item\">Mise \u00e0 temp\u00e9rature rapide en 30 secondes<\/span><\/li>\n<li><span class=\"a-size-large product-title-word-break\"><span class=\"a-size-large product-title-word-break\">C\u00e9ramique enrichi en Prot\u00e9ine de soie<\/span><\/span><\/li>\n<li>Garantie 12 Mois.<\/li>\n<\/ul>\n","protected":false},"featured_media":3327,"comment_status":"open","ping_status":"closed","template":"","meta":{"jetpack_post_was_ever_published":false,"jetpack_publicize_message":"","jetpack_publicize_feature_enabled":true,"jetpack_social_post_already_shared":false,"jetpack_social_options":{"image_generator_settings":{"template":"highway","default_image_id":0,"font":"","enabled":false},"version":2}},"product_brand":[],"product_cat":[17,46,47],"product_tag":[],"class_list":{"0":"post-1672","1":"product","2":"type-product","3":"status-publish","4":"has-post-thumbnail","6":"product_cat-boucleur","7":"product_cat-promotion","8":"product_cat-remington","10":"first","11":"instock","12":"sale","13":"shipping-taxable","14":"purchasable","15":"product-type-simple"},"yoast_head":"<!-- This site is optimized with the Yoast SEO plugin v27.5 - https:\/\/yoast.com\/product\/yoast-seo-wordpress\/ -->\n<title>Remington Boucleur silk curling wand CI96W1 - Baya Shop<\/title>\n<meta name=\"description\" content=\"Boucleur Professionnel Conique  Rev\u00eatement en c\u00e9ramique de haute qualit\u00e9 avec des prot\u00e9ines de soie  Cheveux prot\u00e9g\u00e9s, brillants et sans frisottis  Ecran digital  Temp\u00e9rature modulable 120-220 \u00b0 C  Mise \u00e0 temp\u00e9rature rapide en 30 secondes  C\u00e9ramique enrichi en Prot\u00e9ine de soie  Garantie 12 Mois.\" \/>\n<meta name=\"robots\" content=\"index, follow, max-snippet:-1, max-image-preview:large, max-video-preview:-1\" \/>\n<link rel=\"canonical\" href=\"https:\/\/baya-shop.com\/home\/product\/remington-boucleur-professionnel-conique-13-25mm-220c-ci96w1\/\" \/>\n<meta property=\"og:locale\" content=\"fr_FR\" \/>\n<meta property=\"og:type\" content=\"article\" \/>\n<meta property=\"og:title\" content=\"Remington Boucleur silk curling wand CI96W1 - Baya Shop\" \/>\n<meta property=\"og:description\" content=\"Boucleur Professionnel Conique  Rev\u00eatement en c\u00e9ramique de haute qualit\u00e9 avec des prot\u00e9ines de soie  Cheveux prot\u00e9g\u00e9s, brillants et sans frisottis  Ecran digital  Temp\u00e9rature modulable 120-220 \u00b0 C  Mise \u00e0 temp\u00e9rature rapide en 30 secondes  C\u00e9ramique enrichi en Prot\u00e9ine de soie  Garantie 12 Mois.\" \/>\n<meta property=\"og:url\" content=\"https:\/\/baya-shop.com\/home\/product\/remington-boucleur-professionnel-conique-13-25mm-220c-ci96w1\/\" \/>\n<meta property=\"og:site_name\" content=\"Baya Shop\" \/>\n<meta property=\"article:publisher\" content=\"https:\/\/www.facebook.com\/Baya-Shop-103955257949742\" \/>\n<meta property=\"article:modified_time\" content=\"2025-12-20T14:29:56+00:00\" \/>\n<meta property=\"og:image\" content=\"https:\/\/baya-shop.com\/wp-content\/uploads\/2023\/02\/remington-ci96w1-fer-a-boucler-boucleur-conique-s.webp\" \/>\n\t<meta property=\"og:image:width\" content=\"700\" \/>\n\t<meta property=\"og:image:height\" content=\"700\" \/>\n\t<meta property=\"og:image:type\" content=\"image\/webp\" \/>\n<meta name=\"twitter:card\" content=\"summary_large_image\" \/>\n<meta name=\"twitter:label1\" content=\"Dur\u00e9e de lecture estim\u00e9e\" \/>\n\t<meta name=\"twitter:data1\" content=\"1 minute\" \/>\n<script type=\"application\/ld+json\" class=\"yoast-schema-graph\">{\"@context\":\"https:\\\/\\\/schema.org\",\"@graph\":[{\"@type\":\"WebPage\",\"@id\":\"https:\\\/\\\/baya-shop.com\\\/home\\\/product\\\/remington-boucleur-professionnel-conique-13-25mm-220c-ci96w1\\\/\",\"url\":\"https:\\\/\\\/baya-shop.com\\\/home\\\/product\\\/remington-boucleur-professionnel-conique-13-25mm-220c-ci96w1\\\/\",\"name\":\"Remington Boucleur silk curling wand CI96W1 - Baya Shop\",\"isPartOf\":{\"@id\":\"https:\\\/\\\/baya-shop.com\\\/home\\\/#website\"},\"primaryImageOfPage\":{\"@id\":\"https:\\\/\\\/baya-shop.com\\\/home\\\/product\\\/remington-boucleur-professionnel-conique-13-25mm-220c-ci96w1\\\/#primaryimage\"},\"image\":{\"@id\":\"https:\\\/\\\/baya-shop.com\\\/home\\\/product\\\/remington-boucleur-professionnel-conique-13-25mm-220c-ci96w1\\\/#primaryimage\"},\"thumbnailUrl\":\"https:\\\/\\\/i0.wp.com\\\/baya-shop.com\\\/wp-content\\\/uploads\\\/2023\\\/02\\\/remington-ci96w1-fer-a-boucler-boucleur-conique-s.webp?fit=700%2C700&ssl=1\",\"datePublished\":\"2023-02-23T17:12:20+00:00\",\"dateModified\":\"2025-12-20T14:29:56+00:00\",\"description\":\"Boucleur Professionnel Conique Rev\u00eatement en c\u00e9ramique de haute qualit\u00e9 avec des prot\u00e9ines de soie Cheveux prot\u00e9g\u00e9s, brillants et sans frisottis Ecran digital Temp\u00e9rature modulable 120-220 \u00b0 C Mise \u00e0 temp\u00e9rature rapide en 30 secondes C\u00e9ramique enrichi en Prot\u00e9ine de soie Garantie 12 Mois.\",\"breadcrumb\":{\"@id\":\"https:\\\/\\\/baya-shop.com\\\/home\\\/product\\\/remington-boucleur-professionnel-conique-13-25mm-220c-ci96w1\\\/#breadcrumb\"},\"inLanguage\":\"fr-FR\",\"potentialAction\":[{\"@type\":\"ReadAction\",\"target\":[\"https:\\\/\\\/baya-shop.com\\\/home\\\/product\\\/remington-boucleur-professionnel-conique-13-25mm-220c-ci96w1\\\/\"]}]},{\"@type\":\"ImageObject\",\"inLanguage\":\"fr-FR\",\"@id\":\"https:\\\/\\\/baya-shop.com\\\/home\\\/product\\\/remington-boucleur-professionnel-conique-13-25mm-220c-ci96w1\\\/#primaryimage\",\"url\":\"https:\\\/\\\/i0.wp.com\\\/baya-shop.com\\\/wp-content\\\/uploads\\\/2023\\\/02\\\/remington-ci96w1-fer-a-boucler-boucleur-conique-s.webp?fit=700%2C700&ssl=1\",\"contentUrl\":\"https:\\\/\\\/i0.wp.com\\\/baya-shop.com\\\/wp-content\\\/uploads\\\/2023\\\/02\\\/remington-ci96w1-fer-a-boucler-boucleur-conique-s.webp?fit=700%2C700&ssl=1\",\"width\":700,\"height\":700},{\"@type\":\"BreadcrumbList\",\"@id\":\"https:\\\/\\\/baya-shop.com\\\/home\\\/product\\\/remington-boucleur-professionnel-conique-13-25mm-220c-ci96w1\\\/#breadcrumb\",\"itemListElement\":[{\"@type\":\"ListItem\",\"position\":1,\"name\":\"Accueil\",\"item\":\"https:\\\/\\\/baya-shop.com\\\/home\\\/\"},{\"@type\":\"ListItem\",\"position\":2,\"name\":\"Shop\",\"item\":\"https:\\\/\\\/baya-shop.com\\\/home\\\/shop\\\/\"},{\"@type\":\"ListItem\",\"position\":3,\"name\":\"Remington Boucleur silk curling wand CI96W1\"}]},{\"@type\":\"WebSite\",\"@id\":\"https:\\\/\\\/baya-shop.com\\\/home\\\/#website\",\"url\":\"https:\\\/\\\/baya-shop.com\\\/home\\\/\",\"name\":\"Baya Shop\",\"description\":\"\",\"publisher\":{\"@id\":\"https:\\\/\\\/baya-shop.com\\\/home\\\/#organization\"},\"potentialAction\":[{\"@type\":\"SearchAction\",\"target\":{\"@type\":\"EntryPoint\",\"urlTemplate\":\"https:\\\/\\\/baya-shop.com\\\/home\\\/?s={search_term_string}\"},\"query-input\":{\"@type\":\"PropertyValueSpecification\",\"valueRequired\":true,\"valueName\":\"search_term_string\"}}],\"inLanguage\":\"fr-FR\"},{\"@type\":\"Organization\",\"@id\":\"https:\\\/\\\/baya-shop.com\\\/home\\\/#organization\",\"name\":\"Baya Shop\",\"url\":\"https:\\\/\\\/baya-shop.com\\\/home\\\/\",\"logo\":{\"@type\":\"ImageObject\",\"inLanguage\":\"fr-FR\",\"@id\":\"https:\\\/\\\/baya-shop.com\\\/home\\\/#\\\/schema\\\/logo\\\/image\\\/\",\"url\":\"https:\\\/\\\/baya-shop.com\\\/wp-content\\\/uploads\\\/2020\\\/11\\\/g.png\",\"contentUrl\":\"https:\\\/\\\/baya-shop.com\\\/wp-content\\\/uploads\\\/2020\\\/11\\\/g.png\",\"width\":64,\"height\":64,\"caption\":\"Baya Shop\"},\"image\":{\"@id\":\"https:\\\/\\\/baya-shop.com\\\/home\\\/#\\\/schema\\\/logo\\\/image\\\/\"},\"sameAs\":[\"https:\\\/\\\/www.facebook.com\\\/Baya-Shop-103955257949742\",\"https:\\\/\\\/www.instagram.com\\\/baya_shop_dz\\\/\"]}]}<\/script>\n<!-- \/ Yoast SEO plugin. -->","yoast_head_json":{"title":"Remington Boucleur silk curling wand CI96W1 - Baya Shop","description":"Boucleur Professionnel Conique  Rev\u00eatement en c\u00e9ramique de haute qualit\u00e9 avec des prot\u00e9ines de soie  Cheveux prot\u00e9g\u00e9s, brillants et sans frisottis  Ecran digital  Temp\u00e9rature modulable 120-220 \u00b0 C  Mise \u00e0 temp\u00e9rature rapide en 30 secondes  C\u00e9ramique enrichi en Prot\u00e9ine de soie  Garantie 12 Mois.","robots":{"index":"index","follow":"follow","max-snippet":"max-snippet:-1","max-image-preview":"max-image-preview:large","max-video-preview":"max-video-preview:-1"},"canonical":"https:\/\/baya-shop.com\/home\/product\/remington-boucleur-professionnel-conique-13-25mm-220c-ci96w1\/","og_locale":"fr_FR","og_type":"article","og_title":"Remington Boucleur silk curling wand CI96W1 - Baya Shop","og_description":"Boucleur Professionnel Conique  Rev\u00eatement en c\u00e9ramique de haute qualit\u00e9 avec des prot\u00e9ines de soie  Cheveux prot\u00e9g\u00e9s, brillants et sans frisottis  Ecran digital  Temp\u00e9rature modulable 120-220 \u00b0 C  Mise \u00e0 temp\u00e9rature rapide en 30 secondes  C\u00e9ramique enrichi en Prot\u00e9ine de soie  Garantie 12 Mois.","og_url":"https:\/\/baya-shop.com\/home\/product\/remington-boucleur-professionnel-conique-13-25mm-220c-ci96w1\/","og_site_name":"Baya Shop","article_publisher":"https:\/\/www.facebook.com\/Baya-Shop-103955257949742","article_modified_time":"2025-12-20T14:29:56+00:00","og_image":[{"width":700,"height":700,"url":"https:\/\/baya-shop.com\/wp-content\/uploads\/2023\/02\/remington-ci96w1-fer-a-boucler-boucleur-conique-s.webp","type":"image\/webp"}],"twitter_card":"summary_large_image","twitter_misc":{"Dur\u00e9e de lecture estim\u00e9e":"1 minute"},"schema":{"@context":"https:\/\/schema.org","@graph":[{"@type":"WebPage","@id":"https:\/\/baya-shop.com\/home\/product\/remington-boucleur-professionnel-conique-13-25mm-220c-ci96w1\/","url":"https:\/\/baya-shop.com\/home\/product\/remington-boucleur-professionnel-conique-13-25mm-220c-ci96w1\/","name":"Remington Boucleur silk curling wand CI96W1 - Baya Shop","isPartOf":{"@id":"https:\/\/baya-shop.com\/home\/#website"},"primaryImageOfPage":{"@id":"https:\/\/baya-shop.com\/home\/product\/remington-boucleur-professionnel-conique-13-25mm-220c-ci96w1\/#primaryimage"},"image":{"@id":"https:\/\/baya-shop.com\/home\/product\/remington-boucleur-professionnel-conique-13-25mm-220c-ci96w1\/#primaryimage"},"thumbnailUrl":"https:\/\/i0.wp.com\/baya-shop.com\/wp-content\/uploads\/2023\/02\/remington-ci96w1-fer-a-boucler-boucleur-conique-s.webp?fit=700%2C700&ssl=1","datePublished":"2023-02-23T17:12:20+00:00","dateModified":"2025-12-20T14:29:56+00:00","description":"Boucleur Professionnel Conique Rev\u00eatement en c\u00e9ramique de haute qualit\u00e9 avec des prot\u00e9ines de soie Cheveux prot\u00e9g\u00e9s, brillants et sans frisottis Ecran digital Temp\u00e9rature modulable 120-220 \u00b0 C Mise \u00e0 temp\u00e9rature rapide en 30 secondes C\u00e9ramique enrichi en Prot\u00e9ine de soie Garantie 12 Mois.","breadcrumb":{"@id":"https:\/\/baya-shop.com\/home\/product\/remington-boucleur-professionnel-conique-13-25mm-220c-ci96w1\/#breadcrumb"},"inLanguage":"fr-FR","potentialAction":[{"@type":"ReadAction","target":["https:\/\/baya-shop.com\/home\/product\/remington-boucleur-professionnel-conique-13-25mm-220c-ci96w1\/"]}]},{"@type":"ImageObject","inLanguage":"fr-FR","@id":"https:\/\/baya-shop.com\/home\/product\/remington-boucleur-professionnel-conique-13-25mm-220c-ci96w1\/#primaryimage","url":"https:\/\/i0.wp.com\/baya-shop.com\/wp-content\/uploads\/2023\/02\/remington-ci96w1-fer-a-boucler-boucleur-conique-s.webp?fit=700%2C700&ssl=1","contentUrl":"https:\/\/i0.wp.com\/baya-shop.com\/wp-content\/uploads\/2023\/02\/remington-ci96w1-fer-a-boucler-boucleur-conique-s.webp?fit=700%2C700&ssl=1","width":700,"height":700},{"@type":"BreadcrumbList","@id":"https:\/\/baya-shop.com\/home\/product\/remington-boucleur-professionnel-conique-13-25mm-220c-ci96w1\/#breadcrumb","itemListElement":[{"@type":"ListItem","position":1,"name":"Accueil","item":"https:\/\/baya-shop.com\/home\/"},{"@type":"ListItem","position":2,"name":"Shop","item":"https:\/\/baya-shop.com\/home\/shop\/"},{"@type":"ListItem","position":3,"name":"Remington Boucleur silk curling wand CI96W1"}]},{"@type":"WebSite","@id":"https:\/\/baya-shop.com\/home\/#website","url":"https:\/\/baya-shop.com\/home\/","name":"Baya Shop","description":"","publisher":{"@id":"https:\/\/baya-shop.com\/home\/#organization"},"potentialAction":[{"@type":"SearchAction","target":{"@type":"EntryPoint","urlTemplate":"https:\/\/baya-shop.com\/home\/?s={search_term_string}"},"query-input":{"@type":"PropertyValueSpecification","valueRequired":true,"valueName":"search_term_string"}}],"inLanguage":"fr-FR"},{"@type":"Organization","@id":"https:\/\/baya-shop.com\/home\/#organization","name":"Baya Shop","url":"https:\/\/baya-shop.com\/home\/","logo":{"@type":"ImageObject","inLanguage":"fr-FR","@id":"https:\/\/baya-shop.com\/home\/#\/schema\/logo\/image\/","url":"https:\/\/baya-shop.com\/wp-content\/uploads\/2020\/11\/g.png","contentUrl":"https:\/\/baya-shop.com\/wp-content\/uploads\/2020\/11\/g.png","width":64,"height":64,"caption":"Baya Shop"},"image":{"@id":"https:\/\/baya-shop.com\/home\/#\/schema\/logo\/image\/"},"sameAs":["https:\/\/www.facebook.com\/Baya-Shop-103955257949742","https:\/\/www.instagram.com\/baya_shop_dz\/"]}]}},"jetpack_publicize_connections":[],"jetpack_sharing_enabled":true,"jetpack_likes_enabled":true,"jetpack-related-posts":[],"_links":{"self":[{"href":"https:\/\/baya-shop.com\/home\/wp-json\/wp\/v2\/product\/1672","targetHints":{"allow":["GET"]}}],"collection":[{"href":"https:\/\/baya-shop.com\/home\/wp-json\/wp\/v2\/product"}],"about":[{"href":"https:\/\/baya-shop.com\/home\/wp-json\/wp\/v2\/types\/product"}],"replies":[{"embeddable":true,"href":"https:\/\/baya-shop.com\/home\/wp-json\/wp\/v2\/comments?post=1672"}],"wp:featuredmedia":[{"embeddable":true,"href":"https:\/\/baya-shop.com\/home\/wp-json\/wp\/v2\/media\/3327"}],"wp:attachment":[{"href":"https:\/\/baya-shop.com\/home\/wp-json\/wp\/v2\/media?parent=1672"}],"wp:term":[{"taxonomy":"product_brand","embeddable":true,"href":"https:\/\/baya-shop.com\/home\/wp-json\/wp\/v2\/product_brand?post=1672"},{"taxonomy":"product_cat","embeddable":true,"href":"https:\/\/baya-shop.com\/home\/wp-json\/wp\/v2\/product_cat?post=1672"},{"taxonomy":"product_tag","embeddable":true,"href":"https:\/\/baya-shop.com\/home\/wp-json\/wp\/v2\/product_tag?post=1672"}],"curies":[{"name":"wp","href":"https:\/\/api.w.org\/{rel}","templated":true}]}}