{"id":1586,"date":"2023-02-15T15:51:01","date_gmt":"2023-02-15T14:51:01","guid":{"rendered":"https:\/\/baya-shop.com\/home\/?post_type=product&#038;p=1586"},"modified":"2024-11-10T12:59:17","modified_gmt":"2024-11-10T11:59:17","slug":"remington-boucleur-pearl-ci95","status":"publish","type":"product","link":"https:\/\/baya-shop.com\/home\/product\/remington-boucleur-pearl-ci95\/","title":{"rendered":"Remington Boucleur pearl wand Ci95"},"content":{"rendered":"","protected":false},"excerpt":{"rendered":"<p>&#8211; Rev\u00eatement Luxury Pearl Ceramic avec v\u00e9ritables \u00e9clats de perles.<\/p>\n<p>&#8211; Temp\u00e9rature modulable : 150\u00baC &#8211; 210\u00baC.<\/p>\n<p>&#8211; \u00c9cran digitale est pr\u00eat en 30 sec.<\/p>\n<p>-Verouillage de la temp\u00e9rature.<\/p>\n<p>&#8211; Arr\u00eat automatique apr\u00e8s 60 min.<\/p>\n<p>&#8211; Embout isol\u00e9.<\/p>\n<p>&#8211; Cordon rotatif 3 mBi-voltage.<\/p>\n<p>&#8211; Pochette thermo-r\u00e9sistante<\/p>\n<p>&#8211; Gant de protection.<\/p>\n<p>&#8211; Garantie 12 Mois.<\/p>\n<p>&nbsp;<\/p>\n","protected":false},"featured_media":3319,"comment_status":"open","ping_status":"closed","template":"","meta":{"jetpack_post_was_ever_published":false,"jetpack_publicize_message":"","jetpack_publicize_feature_enabled":true,"jetpack_social_post_already_shared":false,"jetpack_social_options":{"image_generator_settings":{"template":"highway","default_image_id":0,"font":"","enabled":false},"version":2}},"product_brand":[],"product_cat":[17,46,47],"product_tag":[],"class_list":{"0":"post-1586","1":"product","2":"type-product","3":"status-publish","4":"has-post-thumbnail","6":"product_cat-boucleur","7":"product_cat-promotion","8":"product_cat-remington","10":"first","11":"instock","12":"shipping-taxable","13":"purchasable","14":"product-type-simple"},"yoast_head":"<!-- This site is optimized with the Yoast SEO plugin v27.4 - https:\/\/yoast.com\/product\/yoast-seo-wordpress\/ -->\n<title>Remington Boucleur pearl wand Ci95 - Baya Shop<\/title>\n<meta name=\"description\" content=\"- Rev\u00eatement Luxury Pearl Ceramic avec v\u00e9ritables \u00e9clats de perles.  - Temp\u00e9rature modulable : 150\u00baC - 210\u00baC.  - \u00c9cran digitale est pr\u00eat en 30 sec.  -Verouillage de la temp\u00e9rature.  - Arr\u00eat automatique apr\u00e8s 60 min.  - Embout isol\u00e9.  - Cordon rotatif 3 mBi-voltage.  - Pochette thermo-r\u00e9sistante  - Gant de protection.  - Garantie 12 Mois.  &nbsp;\" \/>\n<meta name=\"robots\" content=\"index, follow, max-snippet:-1, max-image-preview:large, max-video-preview:-1\" \/>\n<link rel=\"canonical\" href=\"https:\/\/baya-shop.com\/home\/product\/remington-boucleur-pearl-ci95\/\" \/>\n<meta property=\"og:locale\" content=\"fr_FR\" \/>\n<meta property=\"og:type\" content=\"article\" \/>\n<meta property=\"og:title\" content=\"Remington Boucleur pearl wand Ci95 - Baya Shop\" \/>\n<meta property=\"og:description\" content=\"- Rev\u00eatement Luxury Pearl Ceramic avec v\u00e9ritables \u00e9clats de perles.  - Temp\u00e9rature modulable : 150\u00baC - 210\u00baC.  - \u00c9cran digitale est pr\u00eat en 30 sec.  -Verouillage de la temp\u00e9rature.  - Arr\u00eat automatique apr\u00e8s 60 min.  - Embout isol\u00e9.  - Cordon rotatif 3 mBi-voltage.  - Pochette thermo-r\u00e9sistante  - Gant de protection.  - Garantie 12 Mois.  &nbsp;\" \/>\n<meta property=\"og:url\" content=\"https:\/\/baya-shop.com\/home\/product\/remington-boucleur-pearl-ci95\/\" \/>\n<meta property=\"og:site_name\" content=\"Baya Shop\" \/>\n<meta property=\"article:publisher\" content=\"https:\/\/www.facebook.com\/Baya-Shop-103955257949742\" \/>\n<meta property=\"article:modified_time\" content=\"2024-11-10T11:59:17+00:00\" \/>\n<meta property=\"og:image\" content=\"https:\/\/baya-shop.com\/wp-content\/uploads\/2023\/02\/remington-ci95-fer-a-boucler-boucleur-conique-pea.webp\" \/>\n\t<meta property=\"og:image:width\" content=\"700\" \/>\n\t<meta property=\"og:image:height\" content=\"700\" \/>\n\t<meta property=\"og:image:type\" content=\"image\/webp\" \/>\n<meta name=\"twitter:card\" content=\"summary_large_image\" \/>\n<meta name=\"twitter:label1\" content=\"Dur\u00e9e de lecture estim\u00e9e\" \/>\n\t<meta name=\"twitter:data1\" content=\"1 minute\" \/>\n<script type=\"application\/ld+json\" class=\"yoast-schema-graph\">{\"@context\":\"https:\\\/\\\/schema.org\",\"@graph\":[{\"@type\":\"WebPage\",\"@id\":\"https:\\\/\\\/baya-shop.com\\\/home\\\/product\\\/remington-boucleur-pearl-ci95\\\/\",\"url\":\"https:\\\/\\\/baya-shop.com\\\/home\\\/product\\\/remington-boucleur-pearl-ci95\\\/\",\"name\":\"Remington Boucleur pearl wand Ci95 - Baya Shop\",\"isPartOf\":{\"@id\":\"https:\\\/\\\/baya-shop.com\\\/home\\\/#website\"},\"primaryImageOfPage\":{\"@id\":\"https:\\\/\\\/baya-shop.com\\\/home\\\/product\\\/remington-boucleur-pearl-ci95\\\/#primaryimage\"},\"image\":{\"@id\":\"https:\\\/\\\/baya-shop.com\\\/home\\\/product\\\/remington-boucleur-pearl-ci95\\\/#primaryimage\"},\"thumbnailUrl\":\"https:\\\/\\\/i0.wp.com\\\/baya-shop.com\\\/wp-content\\\/uploads\\\/2023\\\/02\\\/remington-ci95-fer-a-boucler-boucleur-conique-pea.webp?fit=700%2C700&ssl=1\",\"datePublished\":\"2023-02-15T14:51:01+00:00\",\"dateModified\":\"2024-11-10T11:59:17+00:00\",\"description\":\"- Rev\u00eatement Luxury Pearl Ceramic avec v\u00e9ritables \u00e9clats de perles. - Temp\u00e9rature modulable : 150\u00baC - 210\u00baC. - \u00c9cran digitale est pr\u00eat en 30 sec. -Verouillage de la temp\u00e9rature. - Arr\u00eat automatique apr\u00e8s 60 min. - Embout isol\u00e9. - Cordon rotatif 3 mBi-voltage. - Pochette thermo-r\u00e9sistante - Gant de protection. - Garantie 12 Mois. &nbsp;\",\"breadcrumb\":{\"@id\":\"https:\\\/\\\/baya-shop.com\\\/home\\\/product\\\/remington-boucleur-pearl-ci95\\\/#breadcrumb\"},\"inLanguage\":\"fr-FR\",\"potentialAction\":[{\"@type\":\"ReadAction\",\"target\":[\"https:\\\/\\\/baya-shop.com\\\/home\\\/product\\\/remington-boucleur-pearl-ci95\\\/\"]}]},{\"@type\":\"ImageObject\",\"inLanguage\":\"fr-FR\",\"@id\":\"https:\\\/\\\/baya-shop.com\\\/home\\\/product\\\/remington-boucleur-pearl-ci95\\\/#primaryimage\",\"url\":\"https:\\\/\\\/i0.wp.com\\\/baya-shop.com\\\/wp-content\\\/uploads\\\/2023\\\/02\\\/remington-ci95-fer-a-boucler-boucleur-conique-pea.webp?fit=700%2C700&ssl=1\",\"contentUrl\":\"https:\\\/\\\/i0.wp.com\\\/baya-shop.com\\\/wp-content\\\/uploads\\\/2023\\\/02\\\/remington-ci95-fer-a-boucler-boucleur-conique-pea.webp?fit=700%2C700&ssl=1\",\"width\":700,\"height\":700},{\"@type\":\"BreadcrumbList\",\"@id\":\"https:\\\/\\\/baya-shop.com\\\/home\\\/product\\\/remington-boucleur-pearl-ci95\\\/#breadcrumb\",\"itemListElement\":[{\"@type\":\"ListItem\",\"position\":1,\"name\":\"Accueil\",\"item\":\"https:\\\/\\\/baya-shop.com\\\/home\\\/\"},{\"@type\":\"ListItem\",\"position\":2,\"name\":\"Shop\",\"item\":\"https:\\\/\\\/baya-shop.com\\\/home\\\/shop\\\/\"},{\"@type\":\"ListItem\",\"position\":3,\"name\":\"Remington Boucleur pearl wand Ci95\"}]},{\"@type\":\"WebSite\",\"@id\":\"https:\\\/\\\/baya-shop.com\\\/home\\\/#website\",\"url\":\"https:\\\/\\\/baya-shop.com\\\/home\\\/\",\"name\":\"Baya Shop\",\"description\":\"\",\"publisher\":{\"@id\":\"https:\\\/\\\/baya-shop.com\\\/home\\\/#organization\"},\"potentialAction\":[{\"@type\":\"SearchAction\",\"target\":{\"@type\":\"EntryPoint\",\"urlTemplate\":\"https:\\\/\\\/baya-shop.com\\\/home\\\/?s={search_term_string}\"},\"query-input\":{\"@type\":\"PropertyValueSpecification\",\"valueRequired\":true,\"valueName\":\"search_term_string\"}}],\"inLanguage\":\"fr-FR\"},{\"@type\":\"Organization\",\"@id\":\"https:\\\/\\\/baya-shop.com\\\/home\\\/#organization\",\"name\":\"Baya Shop\",\"url\":\"https:\\\/\\\/baya-shop.com\\\/home\\\/\",\"logo\":{\"@type\":\"ImageObject\",\"inLanguage\":\"fr-FR\",\"@id\":\"https:\\\/\\\/baya-shop.com\\\/home\\\/#\\\/schema\\\/logo\\\/image\\\/\",\"url\":\"https:\\\/\\\/baya-shop.com\\\/wp-content\\\/uploads\\\/2020\\\/11\\\/g.png\",\"contentUrl\":\"https:\\\/\\\/baya-shop.com\\\/wp-content\\\/uploads\\\/2020\\\/11\\\/g.png\",\"width\":64,\"height\":64,\"caption\":\"Baya Shop\"},\"image\":{\"@id\":\"https:\\\/\\\/baya-shop.com\\\/home\\\/#\\\/schema\\\/logo\\\/image\\\/\"},\"sameAs\":[\"https:\\\/\\\/www.facebook.com\\\/Baya-Shop-103955257949742\",\"https:\\\/\\\/www.instagram.com\\\/baya_shop_dz\\\/\"]}]}<\/script>\n<!-- \/ Yoast SEO plugin. -->","yoast_head_json":{"title":"Remington Boucleur pearl wand Ci95 - Baya Shop","description":"- Rev\u00eatement Luxury Pearl Ceramic avec v\u00e9ritables \u00e9clats de perles.  - Temp\u00e9rature modulable : 150\u00baC - 210\u00baC.  - \u00c9cran digitale est pr\u00eat en 30 sec.  -Verouillage de la temp\u00e9rature.  - Arr\u00eat automatique apr\u00e8s 60 min.  - Embout isol\u00e9.  - Cordon rotatif 3 mBi-voltage.  - Pochette thermo-r\u00e9sistante  - Gant de protection.  - Garantie 12 Mois.  &nbsp;","robots":{"index":"index","follow":"follow","max-snippet":"max-snippet:-1","max-image-preview":"max-image-preview:large","max-video-preview":"max-video-preview:-1"},"canonical":"https:\/\/baya-shop.com\/home\/product\/remington-boucleur-pearl-ci95\/","og_locale":"fr_FR","og_type":"article","og_title":"Remington Boucleur pearl wand Ci95 - Baya Shop","og_description":"- Rev\u00eatement Luxury Pearl Ceramic avec v\u00e9ritables \u00e9clats de perles.  - Temp\u00e9rature modulable : 150\u00baC - 210\u00baC.  - \u00c9cran digitale est pr\u00eat en 30 sec.  -Verouillage de la temp\u00e9rature.  - Arr\u00eat automatique apr\u00e8s 60 min.  - Embout isol\u00e9.  - Cordon rotatif 3 mBi-voltage.  - Pochette thermo-r\u00e9sistante  - Gant de protection.  - Garantie 12 Mois.  &nbsp;","og_url":"https:\/\/baya-shop.com\/home\/product\/remington-boucleur-pearl-ci95\/","og_site_name":"Baya Shop","article_publisher":"https:\/\/www.facebook.com\/Baya-Shop-103955257949742","article_modified_time":"2024-11-10T11:59:17+00:00","og_image":[{"width":700,"height":700,"url":"https:\/\/baya-shop.com\/wp-content\/uploads\/2023\/02\/remington-ci95-fer-a-boucler-boucleur-conique-pea.webp","type":"image\/webp"}],"twitter_card":"summary_large_image","twitter_misc":{"Dur\u00e9e de lecture estim\u00e9e":"1 minute"},"schema":{"@context":"https:\/\/schema.org","@graph":[{"@type":"WebPage","@id":"https:\/\/baya-shop.com\/home\/product\/remington-boucleur-pearl-ci95\/","url":"https:\/\/baya-shop.com\/home\/product\/remington-boucleur-pearl-ci95\/","name":"Remington Boucleur pearl wand Ci95 - Baya Shop","isPartOf":{"@id":"https:\/\/baya-shop.com\/home\/#website"},"primaryImageOfPage":{"@id":"https:\/\/baya-shop.com\/home\/product\/remington-boucleur-pearl-ci95\/#primaryimage"},"image":{"@id":"https:\/\/baya-shop.com\/home\/product\/remington-boucleur-pearl-ci95\/#primaryimage"},"thumbnailUrl":"https:\/\/i0.wp.com\/baya-shop.com\/wp-content\/uploads\/2023\/02\/remington-ci95-fer-a-boucler-boucleur-conique-pea.webp?fit=700%2C700&ssl=1","datePublished":"2023-02-15T14:51:01+00:00","dateModified":"2024-11-10T11:59:17+00:00","description":"- Rev\u00eatement Luxury Pearl Ceramic avec v\u00e9ritables \u00e9clats de perles. - Temp\u00e9rature modulable : 150\u00baC - 210\u00baC. - \u00c9cran digitale est pr\u00eat en 30 sec. -Verouillage de la temp\u00e9rature. - Arr\u00eat automatique apr\u00e8s 60 min. - Embout isol\u00e9. - Cordon rotatif 3 mBi-voltage. - Pochette thermo-r\u00e9sistante - Gant de protection. - Garantie 12 Mois. &nbsp;","breadcrumb":{"@id":"https:\/\/baya-shop.com\/home\/product\/remington-boucleur-pearl-ci95\/#breadcrumb"},"inLanguage":"fr-FR","potentialAction":[{"@type":"ReadAction","target":["https:\/\/baya-shop.com\/home\/product\/remington-boucleur-pearl-ci95\/"]}]},{"@type":"ImageObject","inLanguage":"fr-FR","@id":"https:\/\/baya-shop.com\/home\/product\/remington-boucleur-pearl-ci95\/#primaryimage","url":"https:\/\/i0.wp.com\/baya-shop.com\/wp-content\/uploads\/2023\/02\/remington-ci95-fer-a-boucler-boucleur-conique-pea.webp?fit=700%2C700&ssl=1","contentUrl":"https:\/\/i0.wp.com\/baya-shop.com\/wp-content\/uploads\/2023\/02\/remington-ci95-fer-a-boucler-boucleur-conique-pea.webp?fit=700%2C700&ssl=1","width":700,"height":700},{"@type":"BreadcrumbList","@id":"https:\/\/baya-shop.com\/home\/product\/remington-boucleur-pearl-ci95\/#breadcrumb","itemListElement":[{"@type":"ListItem","position":1,"name":"Accueil","item":"https:\/\/baya-shop.com\/home\/"},{"@type":"ListItem","position":2,"name":"Shop","item":"https:\/\/baya-shop.com\/home\/shop\/"},{"@type":"ListItem","position":3,"name":"Remington Boucleur pearl wand Ci95"}]},{"@type":"WebSite","@id":"https:\/\/baya-shop.com\/home\/#website","url":"https:\/\/baya-shop.com\/home\/","name":"Baya Shop","description":"","publisher":{"@id":"https:\/\/baya-shop.com\/home\/#organization"},"potentialAction":[{"@type":"SearchAction","target":{"@type":"EntryPoint","urlTemplate":"https:\/\/baya-shop.com\/home\/?s={search_term_string}"},"query-input":{"@type":"PropertyValueSpecification","valueRequired":true,"valueName":"search_term_string"}}],"inLanguage":"fr-FR"},{"@type":"Organization","@id":"https:\/\/baya-shop.com\/home\/#organization","name":"Baya Shop","url":"https:\/\/baya-shop.com\/home\/","logo":{"@type":"ImageObject","inLanguage":"fr-FR","@id":"https:\/\/baya-shop.com\/home\/#\/schema\/logo\/image\/","url":"https:\/\/baya-shop.com\/wp-content\/uploads\/2020\/11\/g.png","contentUrl":"https:\/\/baya-shop.com\/wp-content\/uploads\/2020\/11\/g.png","width":64,"height":64,"caption":"Baya Shop"},"image":{"@id":"https:\/\/baya-shop.com\/home\/#\/schema\/logo\/image\/"},"sameAs":["https:\/\/www.facebook.com\/Baya-Shop-103955257949742","https:\/\/www.instagram.com\/baya_shop_dz\/"]}]}},"jetpack_publicize_connections":[],"jetpack_sharing_enabled":true,"jetpack_likes_enabled":true,"jetpack-related-posts":[],"_links":{"self":[{"href":"https:\/\/baya-shop.com\/home\/wp-json\/wp\/v2\/product\/1586","targetHints":{"allow":["GET"]}}],"collection":[{"href":"https:\/\/baya-shop.com\/home\/wp-json\/wp\/v2\/product"}],"about":[{"href":"https:\/\/baya-shop.com\/home\/wp-json\/wp\/v2\/types\/product"}],"replies":[{"embeddable":true,"href":"https:\/\/baya-shop.com\/home\/wp-json\/wp\/v2\/comments?post=1586"}],"wp:featuredmedia":[{"embeddable":true,"href":"https:\/\/baya-shop.com\/home\/wp-json\/wp\/v2\/media\/3319"}],"wp:attachment":[{"href":"https:\/\/baya-shop.com\/home\/wp-json\/wp\/v2\/media?parent=1586"}],"wp:term":[{"taxonomy":"product_brand","embeddable":true,"href":"https:\/\/baya-shop.com\/home\/wp-json\/wp\/v2\/product_brand?post=1586"},{"taxonomy":"product_cat","embeddable":true,"href":"https:\/\/baya-shop.com\/home\/wp-json\/wp\/v2\/product_cat?post=1586"},{"taxonomy":"product_tag","embeddable":true,"href":"https:\/\/baya-shop.com\/home\/wp-json\/wp\/v2\/product_tag?post=1586"}],"curies":[{"name":"wp","href":"https:\/\/api.w.org\/{rel}","templated":true}]}}