{"id":1486,"date":"2022-12-25T15:56:18","date_gmt":"2022-12-25T14:56:18","guid":{"rendered":"https:\/\/baya-shop.com\/home\/?post_type=product&#038;p=1486"},"modified":"2024-02-09T16:24:18","modified_gmt":"2024-02-09T15:24:18","slug":"gama-italy-professional-rasoir-gsh-886-sport","status":"publish","type":"product","link":"https:\/\/baya-shop.com\/home\/product\/gama-italy-professional-rasoir-gsh-886-sport\/","title":{"rendered":"GAMA Rasoir Sport GSH886"},"content":{"rendered":"","protected":false},"excerpt":{"rendered":"<p>Caract\u00e9ristique: &#8211; Syst\u00e8me Double Track : \u00e0 l&rsquo;int\u00e9rieur des 3 t\u00eates rotatives, il y a 2 lames circulaires qui couvrent une plus grande surface du visage et du cou et avec lesquelles vous pouvez obtenir un rasage de 0,1 mm. &#8211; Les lames flottantes intelligentes s&rsquo;adaptent aux courbes de votre visage et de votre cou pour un rasage plus doux. &#8211; Coupe de pr\u00e9cision : la nouvelle technologie de lame de 0,1 mm d&rsquo;\u00e9paisseur maintient une performance de coupe \u00e0 100 %. &#8211; Pattes courtes pliantes, pour tailler la moustache et les pattes. &#8211; Il dispose d&rsquo;une LED t\u00e9moin de charge. &#8211; Recharge USB et Bi-volt. Sa batterie a une autonomie de 50 minutes, avec un temps de charge de 8 heures. &#8211; Utilisation secteur\/sans fil.. Technologie : Les particules antibact\u00e9riennes Nano Silver sont un puissant bact\u00e9ricide et fongicide. Gr\u00e2ce \u00e0 cette innovation technologique de GA.MA, les composants rev\u00eatus de c\u00e9ramique ont la capacit\u00e9 de transmettre des temp\u00e9ratures \u00e9lev\u00e9es de mani\u00e8re rapide et constante. Cette technologie permet \u00e0 l&rsquo;utilisateur d&rsquo;adapter l&rsquo;utilisation de l&rsquo;outil \u00e0 la tension \u00e9lectrique disponible. Id\u00e9al pour les voyageurs fr\u00e9quents. Sp\u00e9cifications\u00a0: &#8211; Attributs suppl\u00e9mentaires\u00a0: brosse et huile de lubrification. &#8211; Autonomie : 50 minutes. &#8211; Lames : acier inoxydable. &#8211; Syst\u00e8me de coupe\u00a0: syst\u00e8me \u00e0 double voie. &#8211; Type d&rsquo;alimentation : USB. &#8211; Tension : Bivolt 110\/220 volts.<\/p>\n","protected":false},"featured_media":3515,"comment_status":"open","ping_status":"closed","template":"","meta":{"jetpack_post_was_ever_published":false,"jetpack_publicize_message":"","jetpack_publicize_feature_enabled":true,"jetpack_social_post_already_shared":false,"jetpack_social_options":{"image_generator_settings":{"template":"highway","default_image_id":0,"font":"","enabled":false},"version":2}},"product_brand":[],"product_cat":[48,54,52],"product_tag":[],"class_list":{"0":"post-1486","1":"product","2":"type-product","3":"status-publish","4":"has-post-thumbnail","6":"product_cat-gama","7":"product_cat-rasoir","8":"product_cat-tondeuse","10":"first","11":"instock","12":"shipping-taxable","13":"purchasable","14":"product-type-simple"},"yoast_head":"<!-- This site is optimized with the Yoast SEO plugin v27.4 - https:\/\/yoast.com\/product\/yoast-seo-wordpress\/ -->\n<title>GAMA Rasoir Sport GSH886 - Baya Shop<\/title>\n<meta name=\"description\" content=\"Caract\u00e9ristique: - Syst\u00e8me Double Track : \u00e0 l&#039;int\u00e9rieur des 3 t\u00eates rotatives, il y a 2 lames circulaires qui couvrent une plus grande surface du visage et du cou et avec lesquelles vous pouvez obtenir un rasage de 0,1 mm. - Les lames flottantes intelligentes s&#039;adaptent aux courbes de votre visage et de votre cou pour un rasage plus doux. - Coupe de pr\u00e9cision : la nouvelle technologie de lame de 0,1 mm d&#039;\u00e9paisseur maintient une performance de coupe \u00e0 100 %. - Pattes courtes pliantes, pour tailler la moustache et les pattes. - Il dispose d&#039;une LED t\u00e9moin de charge. - Recharge USB et Bi-volt. Sa batterie a une autonomie de 50 minutes, avec un temps de charge de 8 heures. - Utilisation secteur\/sans fil.. Technologie : Les particules antibact\u00e9riennes Nano Silver sont un puissant bact\u00e9ricide et fongicide. Gr\u00e2ce \u00e0 cette innovation technologique de GA.MA, les composants rev\u00eatus de c\u00e9ramique ont la capacit\u00e9 de transmettre des temp\u00e9ratures \u00e9lev\u00e9es de mani\u00e8re rapide et constante. Cette technologie permet \u00e0 l&#039;utilisateur d&#039;adapter l&#039;utilisation de l&#039;outil \u00e0 la tension \u00e9lectrique disponible. Id\u00e9al pour les voyageurs fr\u00e9quents. Sp\u00e9cifications\u00a0: - Attributs suppl\u00e9mentaires\u00a0: brosse et huile de lubrification. - Autonomie : 50 minutes. - Lames : acier inoxydable. - Syst\u00e8me de coupe\u00a0: syst\u00e8me \u00e0 double voie. - Type d&#039;alimentation : USB. - Tension : Bivolt 110\/220 volts.\" \/>\n<meta name=\"robots\" content=\"index, follow, max-snippet:-1, max-image-preview:large, max-video-preview:-1\" \/>\n<link rel=\"canonical\" href=\"https:\/\/baya-shop.com\/home\/product\/gama-italy-professional-rasoir-gsh-886-sport\/\" \/>\n<meta property=\"og:locale\" content=\"fr_FR\" \/>\n<meta property=\"og:type\" content=\"article\" \/>\n<meta property=\"og:title\" content=\"GAMA Rasoir Sport GSH886 - Baya Shop\" \/>\n<meta property=\"og:description\" content=\"Caract\u00e9ristique: - Syst\u00e8me Double Track : \u00e0 l&#039;int\u00e9rieur des 3 t\u00eates rotatives, il y a 2 lames circulaires qui couvrent une plus grande surface du visage et du cou et avec lesquelles vous pouvez obtenir un rasage de 0,1 mm. - Les lames flottantes intelligentes s&#039;adaptent aux courbes de votre visage et de votre cou pour un rasage plus doux. - Coupe de pr\u00e9cision : la nouvelle technologie de lame de 0,1 mm d&#039;\u00e9paisseur maintient une performance de coupe \u00e0 100 %. - Pattes courtes pliantes, pour tailler la moustache et les pattes. - Il dispose d&#039;une LED t\u00e9moin de charge. - Recharge USB et Bi-volt. Sa batterie a une autonomie de 50 minutes, avec un temps de charge de 8 heures. - Utilisation secteur\/sans fil.. Technologie : Les particules antibact\u00e9riennes Nano Silver sont un puissant bact\u00e9ricide et fongicide. Gr\u00e2ce \u00e0 cette innovation technologique de GA.MA, les composants rev\u00eatus de c\u00e9ramique ont la capacit\u00e9 de transmettre des temp\u00e9ratures \u00e9lev\u00e9es de mani\u00e8re rapide et constante. Cette technologie permet \u00e0 l&#039;utilisateur d&#039;adapter l&#039;utilisation de l&#039;outil \u00e0 la tension \u00e9lectrique disponible. Id\u00e9al pour les voyageurs fr\u00e9quents. Sp\u00e9cifications\u00a0: - Attributs suppl\u00e9mentaires\u00a0: brosse et huile de lubrification. - Autonomie : 50 minutes. - Lames : acier inoxydable. - Syst\u00e8me de coupe\u00a0: syst\u00e8me \u00e0 double voie. - Type d&#039;alimentation : USB. - Tension : Bivolt 110\/220 volts.\" \/>\n<meta property=\"og:url\" content=\"https:\/\/baya-shop.com\/home\/product\/gama-italy-professional-rasoir-gsh-886-sport\/\" \/>\n<meta property=\"og:site_name\" content=\"Baya Shop\" \/>\n<meta property=\"article:publisher\" content=\"https:\/\/www.facebook.com\/Baya-Shop-103955257949742\" \/>\n<meta property=\"article:modified_time\" content=\"2024-02-09T15:24:18+00:00\" \/>\n<meta property=\"og:image\" content=\"https:\/\/baya-shop.com\/wp-content\/uploads\/2022\/12\/box-artegsh4477.jpg\" \/>\n\t<meta property=\"og:image:width\" content=\"1000\" \/>\n\t<meta property=\"og:image:height\" content=\"1000\" \/>\n\t<meta property=\"og:image:type\" content=\"image\/jpeg\" \/>\n<meta name=\"twitter:card\" content=\"summary_large_image\" \/>\n<meta name=\"twitter:label1\" content=\"Dur\u00e9e de lecture estim\u00e9e\" \/>\n\t<meta name=\"twitter:data1\" content=\"1 minute\" \/>\n<script type=\"application\/ld+json\" class=\"yoast-schema-graph\">{\"@context\":\"https:\\\/\\\/schema.org\",\"@graph\":[{\"@type\":\"WebPage\",\"@id\":\"https:\\\/\\\/baya-shop.com\\\/home\\\/product\\\/gama-italy-professional-rasoir-gsh-886-sport\\\/\",\"url\":\"https:\\\/\\\/baya-shop.com\\\/home\\\/product\\\/gama-italy-professional-rasoir-gsh-886-sport\\\/\",\"name\":\"GAMA Rasoir Sport GSH886 - Baya Shop\",\"isPartOf\":{\"@id\":\"https:\\\/\\\/baya-shop.com\\\/home\\\/#website\"},\"primaryImageOfPage\":{\"@id\":\"https:\\\/\\\/baya-shop.com\\\/home\\\/product\\\/gama-italy-professional-rasoir-gsh-886-sport\\\/#primaryimage\"},\"image\":{\"@id\":\"https:\\\/\\\/baya-shop.com\\\/home\\\/product\\\/gama-italy-professional-rasoir-gsh-886-sport\\\/#primaryimage\"},\"thumbnailUrl\":\"https:\\\/\\\/i0.wp.com\\\/baya-shop.com\\\/wp-content\\\/uploads\\\/2022\\\/12\\\/box-artegsh4477.jpg?fit=1000%2C1000&ssl=1\",\"datePublished\":\"2022-12-25T14:56:18+00:00\",\"dateModified\":\"2024-02-09T15:24:18+00:00\",\"description\":\"Caract\u00e9ristique: - Syst\u00e8me Double Track : \u00e0 l'int\u00e9rieur des 3 t\u00eates rotatives, il y a 2 lames circulaires qui couvrent une plus grande surface du visage et du cou et avec lesquelles vous pouvez obtenir un rasage de 0,1 mm. - Les lames flottantes intelligentes s'adaptent aux courbes de votre visage et de votre cou pour un rasage plus doux. - Coupe de pr\u00e9cision : la nouvelle technologie de lame de 0,1 mm d'\u00e9paisseur maintient une performance de coupe \u00e0 100 %. - Pattes courtes pliantes, pour tailler la moustache et les pattes. - Il dispose d'une LED t\u00e9moin de charge. - Recharge USB et Bi-volt. Sa batterie a une autonomie de 50 minutes, avec un temps de charge de 8 heures. - Utilisation secteur\\\/sans fil.. Technologie : Les particules antibact\u00e9riennes Nano Silver sont un puissant bact\u00e9ricide et fongicide. Gr\u00e2ce \u00e0 cette innovation technologique de GA.MA, les composants rev\u00eatus de c\u00e9ramique ont la capacit\u00e9 de transmettre des temp\u00e9ratures \u00e9lev\u00e9es de mani\u00e8re rapide et constante. Cette technologie permet \u00e0 l'utilisateur d'adapter l'utilisation de l'outil \u00e0 la tension \u00e9lectrique disponible. Id\u00e9al pour les voyageurs fr\u00e9quents. Sp\u00e9cifications\u00a0: - Attributs suppl\u00e9mentaires\u00a0: brosse et huile de lubrification. - Autonomie : 50 minutes. - Lames : acier inoxydable. - Syst\u00e8me de coupe\u00a0: syst\u00e8me \u00e0 double voie. - Type d'alimentation : USB. - Tension : Bivolt 110\\\/220 volts.\",\"breadcrumb\":{\"@id\":\"https:\\\/\\\/baya-shop.com\\\/home\\\/product\\\/gama-italy-professional-rasoir-gsh-886-sport\\\/#breadcrumb\"},\"inLanguage\":\"fr-FR\",\"potentialAction\":[{\"@type\":\"ReadAction\",\"target\":[\"https:\\\/\\\/baya-shop.com\\\/home\\\/product\\\/gama-italy-professional-rasoir-gsh-886-sport\\\/\"]}]},{\"@type\":\"ImageObject\",\"inLanguage\":\"fr-FR\",\"@id\":\"https:\\\/\\\/baya-shop.com\\\/home\\\/product\\\/gama-italy-professional-rasoir-gsh-886-sport\\\/#primaryimage\",\"url\":\"https:\\\/\\\/i0.wp.com\\\/baya-shop.com\\\/wp-content\\\/uploads\\\/2022\\\/12\\\/box-artegsh4477.jpg?fit=1000%2C1000&ssl=1\",\"contentUrl\":\"https:\\\/\\\/i0.wp.com\\\/baya-shop.com\\\/wp-content\\\/uploads\\\/2022\\\/12\\\/box-artegsh4477.jpg?fit=1000%2C1000&ssl=1\",\"width\":1000,\"height\":1000},{\"@type\":\"BreadcrumbList\",\"@id\":\"https:\\\/\\\/baya-shop.com\\\/home\\\/product\\\/gama-italy-professional-rasoir-gsh-886-sport\\\/#breadcrumb\",\"itemListElement\":[{\"@type\":\"ListItem\",\"position\":1,\"name\":\"Accueil\",\"item\":\"https:\\\/\\\/baya-shop.com\\\/home\\\/\"},{\"@type\":\"ListItem\",\"position\":2,\"name\":\"Shop\",\"item\":\"https:\\\/\\\/baya-shop.com\\\/home\\\/shop\\\/\"},{\"@type\":\"ListItem\",\"position\":3,\"name\":\"GAMA Rasoir Sport GSH886\"}]},{\"@type\":\"WebSite\",\"@id\":\"https:\\\/\\\/baya-shop.com\\\/home\\\/#website\",\"url\":\"https:\\\/\\\/baya-shop.com\\\/home\\\/\",\"name\":\"Baya Shop\",\"description\":\"\",\"publisher\":{\"@id\":\"https:\\\/\\\/baya-shop.com\\\/home\\\/#organization\"},\"potentialAction\":[{\"@type\":\"SearchAction\",\"target\":{\"@type\":\"EntryPoint\",\"urlTemplate\":\"https:\\\/\\\/baya-shop.com\\\/home\\\/?s={search_term_string}\"},\"query-input\":{\"@type\":\"PropertyValueSpecification\",\"valueRequired\":true,\"valueName\":\"search_term_string\"}}],\"inLanguage\":\"fr-FR\"},{\"@type\":\"Organization\",\"@id\":\"https:\\\/\\\/baya-shop.com\\\/home\\\/#organization\",\"name\":\"Baya Shop\",\"url\":\"https:\\\/\\\/baya-shop.com\\\/home\\\/\",\"logo\":{\"@type\":\"ImageObject\",\"inLanguage\":\"fr-FR\",\"@id\":\"https:\\\/\\\/baya-shop.com\\\/home\\\/#\\\/schema\\\/logo\\\/image\\\/\",\"url\":\"https:\\\/\\\/baya-shop.com\\\/wp-content\\\/uploads\\\/2020\\\/11\\\/g.png\",\"contentUrl\":\"https:\\\/\\\/baya-shop.com\\\/wp-content\\\/uploads\\\/2020\\\/11\\\/g.png\",\"width\":64,\"height\":64,\"caption\":\"Baya Shop\"},\"image\":{\"@id\":\"https:\\\/\\\/baya-shop.com\\\/home\\\/#\\\/schema\\\/logo\\\/image\\\/\"},\"sameAs\":[\"https:\\\/\\\/www.facebook.com\\\/Baya-Shop-103955257949742\",\"https:\\\/\\\/www.instagram.com\\\/baya_shop_dz\\\/\"]}]}<\/script>\n<!-- \/ Yoast SEO plugin. -->","yoast_head_json":{"title":"GAMA Rasoir Sport GSH886 - Baya Shop","description":"Caract\u00e9ristique: - Syst\u00e8me Double Track : \u00e0 l'int\u00e9rieur des 3 t\u00eates rotatives, il y a 2 lames circulaires qui couvrent une plus grande surface du visage et du cou et avec lesquelles vous pouvez obtenir un rasage de 0,1 mm. - Les lames flottantes intelligentes s'adaptent aux courbes de votre visage et de votre cou pour un rasage plus doux. - Coupe de pr\u00e9cision : la nouvelle technologie de lame de 0,1 mm d'\u00e9paisseur maintient une performance de coupe \u00e0 100 %. - Pattes courtes pliantes, pour tailler la moustache et les pattes. - Il dispose d'une LED t\u00e9moin de charge. - Recharge USB et Bi-volt. Sa batterie a une autonomie de 50 minutes, avec un temps de charge de 8 heures. - Utilisation secteur\/sans fil.. Technologie : Les particules antibact\u00e9riennes Nano Silver sont un puissant bact\u00e9ricide et fongicide. Gr\u00e2ce \u00e0 cette innovation technologique de GA.MA, les composants rev\u00eatus de c\u00e9ramique ont la capacit\u00e9 de transmettre des temp\u00e9ratures \u00e9lev\u00e9es de mani\u00e8re rapide et constante. Cette technologie permet \u00e0 l'utilisateur d'adapter l'utilisation de l'outil \u00e0 la tension \u00e9lectrique disponible. Id\u00e9al pour les voyageurs fr\u00e9quents. Sp\u00e9cifications\u00a0: - Attributs suppl\u00e9mentaires\u00a0: brosse et huile de lubrification. - Autonomie : 50 minutes. - Lames : acier inoxydable. - Syst\u00e8me de coupe\u00a0: syst\u00e8me \u00e0 double voie. - Type d'alimentation : USB. - Tension : Bivolt 110\/220 volts.","robots":{"index":"index","follow":"follow","max-snippet":"max-snippet:-1","max-image-preview":"max-image-preview:large","max-video-preview":"max-video-preview:-1"},"canonical":"https:\/\/baya-shop.com\/home\/product\/gama-italy-professional-rasoir-gsh-886-sport\/","og_locale":"fr_FR","og_type":"article","og_title":"GAMA Rasoir Sport GSH886 - Baya Shop","og_description":"Caract\u00e9ristique: - Syst\u00e8me Double Track : \u00e0 l'int\u00e9rieur des 3 t\u00eates rotatives, il y a 2 lames circulaires qui couvrent une plus grande surface du visage et du cou et avec lesquelles vous pouvez obtenir un rasage de 0,1 mm. - Les lames flottantes intelligentes s'adaptent aux courbes de votre visage et de votre cou pour un rasage plus doux. - Coupe de pr\u00e9cision : la nouvelle technologie de lame de 0,1 mm d'\u00e9paisseur maintient une performance de coupe \u00e0 100 %. - Pattes courtes pliantes, pour tailler la moustache et les pattes. - Il dispose d'une LED t\u00e9moin de charge. - Recharge USB et Bi-volt. Sa batterie a une autonomie de 50 minutes, avec un temps de charge de 8 heures. - Utilisation secteur\/sans fil.. Technologie : Les particules antibact\u00e9riennes Nano Silver sont un puissant bact\u00e9ricide et fongicide. Gr\u00e2ce \u00e0 cette innovation technologique de GA.MA, les composants rev\u00eatus de c\u00e9ramique ont la capacit\u00e9 de transmettre des temp\u00e9ratures \u00e9lev\u00e9es de mani\u00e8re rapide et constante. Cette technologie permet \u00e0 l'utilisateur d'adapter l'utilisation de l'outil \u00e0 la tension \u00e9lectrique disponible. Id\u00e9al pour les voyageurs fr\u00e9quents. Sp\u00e9cifications\u00a0: - Attributs suppl\u00e9mentaires\u00a0: brosse et huile de lubrification. - Autonomie : 50 minutes. - Lames : acier inoxydable. - Syst\u00e8me de coupe\u00a0: syst\u00e8me \u00e0 double voie. - Type d'alimentation : USB. - Tension : Bivolt 110\/220 volts.","og_url":"https:\/\/baya-shop.com\/home\/product\/gama-italy-professional-rasoir-gsh-886-sport\/","og_site_name":"Baya Shop","article_publisher":"https:\/\/www.facebook.com\/Baya-Shop-103955257949742","article_modified_time":"2024-02-09T15:24:18+00:00","og_image":[{"width":1000,"height":1000,"url":"https:\/\/baya-shop.com\/wp-content\/uploads\/2022\/12\/box-artegsh4477.jpg","type":"image\/jpeg"}],"twitter_card":"summary_large_image","twitter_misc":{"Dur\u00e9e de lecture estim\u00e9e":"1 minute"},"schema":{"@context":"https:\/\/schema.org","@graph":[{"@type":"WebPage","@id":"https:\/\/baya-shop.com\/home\/product\/gama-italy-professional-rasoir-gsh-886-sport\/","url":"https:\/\/baya-shop.com\/home\/product\/gama-italy-professional-rasoir-gsh-886-sport\/","name":"GAMA Rasoir Sport GSH886 - Baya Shop","isPartOf":{"@id":"https:\/\/baya-shop.com\/home\/#website"},"primaryImageOfPage":{"@id":"https:\/\/baya-shop.com\/home\/product\/gama-italy-professional-rasoir-gsh-886-sport\/#primaryimage"},"image":{"@id":"https:\/\/baya-shop.com\/home\/product\/gama-italy-professional-rasoir-gsh-886-sport\/#primaryimage"},"thumbnailUrl":"https:\/\/i0.wp.com\/baya-shop.com\/wp-content\/uploads\/2022\/12\/box-artegsh4477.jpg?fit=1000%2C1000&ssl=1","datePublished":"2022-12-25T14:56:18+00:00","dateModified":"2024-02-09T15:24:18+00:00","description":"Caract\u00e9ristique: - Syst\u00e8me Double Track : \u00e0 l'int\u00e9rieur des 3 t\u00eates rotatives, il y a 2 lames circulaires qui couvrent une plus grande surface du visage et du cou et avec lesquelles vous pouvez obtenir un rasage de 0,1 mm. - Les lames flottantes intelligentes s'adaptent aux courbes de votre visage et de votre cou pour un rasage plus doux. - Coupe de pr\u00e9cision : la nouvelle technologie de lame de 0,1 mm d'\u00e9paisseur maintient une performance de coupe \u00e0 100 %. - Pattes courtes pliantes, pour tailler la moustache et les pattes. - Il dispose d'une LED t\u00e9moin de charge. - Recharge USB et Bi-volt. Sa batterie a une autonomie de 50 minutes, avec un temps de charge de 8 heures. - Utilisation secteur\/sans fil.. Technologie : Les particules antibact\u00e9riennes Nano Silver sont un puissant bact\u00e9ricide et fongicide. Gr\u00e2ce \u00e0 cette innovation technologique de GA.MA, les composants rev\u00eatus de c\u00e9ramique ont la capacit\u00e9 de transmettre des temp\u00e9ratures \u00e9lev\u00e9es de mani\u00e8re rapide et constante. Cette technologie permet \u00e0 l'utilisateur d'adapter l'utilisation de l'outil \u00e0 la tension \u00e9lectrique disponible. Id\u00e9al pour les voyageurs fr\u00e9quents. Sp\u00e9cifications\u00a0: - Attributs suppl\u00e9mentaires\u00a0: brosse et huile de lubrification. - Autonomie : 50 minutes. - Lames : acier inoxydable. - Syst\u00e8me de coupe\u00a0: syst\u00e8me \u00e0 double voie. - Type d'alimentation : USB. - Tension : Bivolt 110\/220 volts.","breadcrumb":{"@id":"https:\/\/baya-shop.com\/home\/product\/gama-italy-professional-rasoir-gsh-886-sport\/#breadcrumb"},"inLanguage":"fr-FR","potentialAction":[{"@type":"ReadAction","target":["https:\/\/baya-shop.com\/home\/product\/gama-italy-professional-rasoir-gsh-886-sport\/"]}]},{"@type":"ImageObject","inLanguage":"fr-FR","@id":"https:\/\/baya-shop.com\/home\/product\/gama-italy-professional-rasoir-gsh-886-sport\/#primaryimage","url":"https:\/\/i0.wp.com\/baya-shop.com\/wp-content\/uploads\/2022\/12\/box-artegsh4477.jpg?fit=1000%2C1000&ssl=1","contentUrl":"https:\/\/i0.wp.com\/baya-shop.com\/wp-content\/uploads\/2022\/12\/box-artegsh4477.jpg?fit=1000%2C1000&ssl=1","width":1000,"height":1000},{"@type":"BreadcrumbList","@id":"https:\/\/baya-shop.com\/home\/product\/gama-italy-professional-rasoir-gsh-886-sport\/#breadcrumb","itemListElement":[{"@type":"ListItem","position":1,"name":"Accueil","item":"https:\/\/baya-shop.com\/home\/"},{"@type":"ListItem","position":2,"name":"Shop","item":"https:\/\/baya-shop.com\/home\/shop\/"},{"@type":"ListItem","position":3,"name":"GAMA Rasoir Sport GSH886"}]},{"@type":"WebSite","@id":"https:\/\/baya-shop.com\/home\/#website","url":"https:\/\/baya-shop.com\/home\/","name":"Baya Shop","description":"","publisher":{"@id":"https:\/\/baya-shop.com\/home\/#organization"},"potentialAction":[{"@type":"SearchAction","target":{"@type":"EntryPoint","urlTemplate":"https:\/\/baya-shop.com\/home\/?s={search_term_string}"},"query-input":{"@type":"PropertyValueSpecification","valueRequired":true,"valueName":"search_term_string"}}],"inLanguage":"fr-FR"},{"@type":"Organization","@id":"https:\/\/baya-shop.com\/home\/#organization","name":"Baya Shop","url":"https:\/\/baya-shop.com\/home\/","logo":{"@type":"ImageObject","inLanguage":"fr-FR","@id":"https:\/\/baya-shop.com\/home\/#\/schema\/logo\/image\/","url":"https:\/\/baya-shop.com\/wp-content\/uploads\/2020\/11\/g.png","contentUrl":"https:\/\/baya-shop.com\/wp-content\/uploads\/2020\/11\/g.png","width":64,"height":64,"caption":"Baya Shop"},"image":{"@id":"https:\/\/baya-shop.com\/home\/#\/schema\/logo\/image\/"},"sameAs":["https:\/\/www.facebook.com\/Baya-Shop-103955257949742","https:\/\/www.instagram.com\/baya_shop_dz\/"]}]}},"jetpack_publicize_connections":[],"jetpack_sharing_enabled":true,"jetpack_likes_enabled":true,"jetpack-related-posts":[],"_links":{"self":[{"href":"https:\/\/baya-shop.com\/home\/wp-json\/wp\/v2\/product\/1486","targetHints":{"allow":["GET"]}}],"collection":[{"href":"https:\/\/baya-shop.com\/home\/wp-json\/wp\/v2\/product"}],"about":[{"href":"https:\/\/baya-shop.com\/home\/wp-json\/wp\/v2\/types\/product"}],"replies":[{"embeddable":true,"href":"https:\/\/baya-shop.com\/home\/wp-json\/wp\/v2\/comments?post=1486"}],"wp:featuredmedia":[{"embeddable":true,"href":"https:\/\/baya-shop.com\/home\/wp-json\/wp\/v2\/media\/3515"}],"wp:attachment":[{"href":"https:\/\/baya-shop.com\/home\/wp-json\/wp\/v2\/media?parent=1486"}],"wp:term":[{"taxonomy":"product_brand","embeddable":true,"href":"https:\/\/baya-shop.com\/home\/wp-json\/wp\/v2\/product_brand?post=1486"},{"taxonomy":"product_cat","embeddable":true,"href":"https:\/\/baya-shop.com\/home\/wp-json\/wp\/v2\/product_cat?post=1486"},{"taxonomy":"product_tag","embeddable":true,"href":"https:\/\/baya-shop.com\/home\/wp-json\/wp\/v2\/product_tag?post=1486"}],"curies":[{"name":"wp","href":"https:\/\/api.w.org\/{rel}","templated":true}]}}