{"id":1215,"date":"2022-10-13T14:29:25","date_gmt":"2022-10-13T13:29:25","guid":{"rendered":"https:\/\/baya-shop.com\/home\/?post_type=product&#038;p=1215"},"modified":"2025-09-28T13:01:01","modified_gmt":"2025-09-28T12:01:01","slug":"braun-epilateur-set-9-ses9985-blanc","status":"publish","type":"product","link":"https:\/\/baya-shop.com\/home\/product\/braun-epilateur-set-9-ses9985-blanc\/","title":{"rendered":"Braun \u00c9pilateur Silk-\u00e9pil SES9985"},"content":{"rendered":"","protected":false},"excerpt":{"rendered":"<ul>\n<li>\u00c9pilateur Silk-\u00e9pil 9 SensoSmart \u2122<\/li>\n<li>T\u00eate de massage en profondeur<\/li>\n<li>Brosse exfoliante en profondeur<\/li>\n<li>Brosse exfoliante douce<\/li>\n<li>Capots de protection<\/li>\n<li>Accessoire de contact avec la peau<\/li>\n<li>T\u00eate de rasage<\/li>\n<li>Accessoire tondeuse<\/li>\n<li>Base de recharge<\/li>\n<li>Braun FaceSpa avec brosse sensible<\/li>\n<li>T\u00eate d&rsquo;\u00e9pilateur visage<\/li>\n<li>Capuchon de protection bronze<\/li>\n<li>Pile<\/li>\n<li>Brosse de nettoyage<\/li>\n<li>C\u00e2ble de recharge<\/li>\n<li>Pochette<\/li>\n<li>Garantie 12 mois<\/li>\n<\/ul>\n","protected":false},"featured_media":3464,"comment_status":"open","ping_status":"closed","template":"","meta":{"jetpack_post_was_ever_published":false,"jetpack_publicize_message":"","jetpack_publicize_feature_enabled":true,"jetpack_social_post_already_shared":false,"jetpack_social_options":{"image_generator_settings":{"template":"highway","default_image_id":0,"font":"","enabled":false},"version":2}},"product_brand":[],"product_cat":[19,61,46],"product_tag":[],"class_list":{"0":"post-1215","1":"product","2":"type-product","3":"status-publish","4":"has-post-thumbnail","6":"product_cat-beaute","7":"product_cat-braun","8":"product_cat-promotion","10":"first","11":"instock","12":"sale","13":"shipping-taxable","14":"purchasable","15":"product-type-simple"},"yoast_head":"<!-- This site is optimized with the Yoast SEO plugin v27.4 - https:\/\/yoast.com\/product\/yoast-seo-wordpress\/ -->\n<title>Braun \u00c9pilateur Silk-\u00e9pil SES9985 - Baya Shop<\/title>\n<meta name=\"description\" content=\"\u00c9pilateur Silk-\u00e9pil 9 SensoSmart \u2122  T\u00eate de massage en profondeur  Brosse exfoliante en profondeur  Brosse exfoliante douce  Capots de protection  Accessoire de contact avec la peau  T\u00eate de rasage  Accessoire tondeuse  Base de recharge  Braun FaceSpa avec brosse sensible  T\u00eate d&#039;\u00e9pilateur visage  Capuchon de protection bronze  Pile  Brosse de nettoyage  C\u00e2ble de recharge  Pochette  Garantie 12 mois\" \/>\n<meta name=\"robots\" content=\"index, follow, max-snippet:-1, max-image-preview:large, max-video-preview:-1\" \/>\n<link rel=\"canonical\" href=\"https:\/\/baya-shop.com\/home\/product\/braun-epilateur-set-9-ses9985-blanc\/\" \/>\n<meta property=\"og:locale\" content=\"fr_FR\" \/>\n<meta property=\"og:type\" content=\"article\" \/>\n<meta property=\"og:title\" content=\"Braun \u00c9pilateur Silk-\u00e9pil SES9985 - Baya Shop\" \/>\n<meta property=\"og:description\" content=\"\u00c9pilateur Silk-\u00e9pil 9 SensoSmart \u2122  T\u00eate de massage en profondeur  Brosse exfoliante en profondeur  Brosse exfoliante douce  Capots de protection  Accessoire de contact avec la peau  T\u00eate de rasage  Accessoire tondeuse  Base de recharge  Braun FaceSpa avec brosse sensible  T\u00eate d&#039;\u00e9pilateur visage  Capuchon de protection bronze  Pile  Brosse de nettoyage  C\u00e2ble de recharge  Pochette  Garantie 12 mois\" \/>\n<meta property=\"og:url\" content=\"https:\/\/baya-shop.com\/home\/product\/braun-epilateur-set-9-ses9985-blanc\/\" \/>\n<meta property=\"og:site_name\" content=\"Baya Shop\" \/>\n<meta property=\"article:publisher\" content=\"https:\/\/www.facebook.com\/Baya-Shop-103955257949742\" \/>\n<meta property=\"article:modified_time\" content=\"2025-09-28T12:01:01+00:00\" \/>\n<meta property=\"og:image\" content=\"https:\/\/baya-shop.com\/wp-content\/uploads\/2022\/10\/6-silk-epil-beauty-set-9-9-985-packaging.jpg\" \/>\n\t<meta property=\"og:image:width\" content=\"1473\" \/>\n\t<meta property=\"og:image:height\" content=\"1473\" \/>\n\t<meta property=\"og:image:type\" content=\"image\/jpeg\" \/>\n<meta name=\"twitter:card\" content=\"summary_large_image\" \/>\n<meta name=\"twitter:label1\" content=\"Dur\u00e9e de lecture estim\u00e9e\" \/>\n\t<meta name=\"twitter:data1\" content=\"1 minute\" \/>\n<script type=\"application\/ld+json\" class=\"yoast-schema-graph\">{\"@context\":\"https:\\\/\\\/schema.org\",\"@graph\":[{\"@type\":\"WebPage\",\"@id\":\"https:\\\/\\\/baya-shop.com\\\/home\\\/product\\\/braun-epilateur-set-9-ses9985-blanc\\\/\",\"url\":\"https:\\\/\\\/baya-shop.com\\\/home\\\/product\\\/braun-epilateur-set-9-ses9985-blanc\\\/\",\"name\":\"Braun \u00c9pilateur Silk-\u00e9pil SES9985 - Baya Shop\",\"isPartOf\":{\"@id\":\"https:\\\/\\\/baya-shop.com\\\/home\\\/#website\"},\"primaryImageOfPage\":{\"@id\":\"https:\\\/\\\/baya-shop.com\\\/home\\\/product\\\/braun-epilateur-set-9-ses9985-blanc\\\/#primaryimage\"},\"image\":{\"@id\":\"https:\\\/\\\/baya-shop.com\\\/home\\\/product\\\/braun-epilateur-set-9-ses9985-blanc\\\/#primaryimage\"},\"thumbnailUrl\":\"https:\\\/\\\/i0.wp.com\\\/baya-shop.com\\\/wp-content\\\/uploads\\\/2022\\\/10\\\/6-silk-epil-beauty-set-9-9-985-packaging.jpg?fit=1473%2C1473&ssl=1\",\"datePublished\":\"2022-10-13T13:29:25+00:00\",\"dateModified\":\"2025-09-28T12:01:01+00:00\",\"description\":\"\u00c9pilateur Silk-\u00e9pil 9 SensoSmart \u2122 T\u00eate de massage en profondeur Brosse exfoliante en profondeur Brosse exfoliante douce Capots de protection Accessoire de contact avec la peau T\u00eate de rasage Accessoire tondeuse Base de recharge Braun FaceSpa avec brosse sensible T\u00eate d'\u00e9pilateur visage Capuchon de protection bronze Pile Brosse de nettoyage C\u00e2ble de recharge Pochette Garantie 12 mois\",\"breadcrumb\":{\"@id\":\"https:\\\/\\\/baya-shop.com\\\/home\\\/product\\\/braun-epilateur-set-9-ses9985-blanc\\\/#breadcrumb\"},\"inLanguage\":\"fr-FR\",\"potentialAction\":[{\"@type\":\"ReadAction\",\"target\":[\"https:\\\/\\\/baya-shop.com\\\/home\\\/product\\\/braun-epilateur-set-9-ses9985-blanc\\\/\"]}]},{\"@type\":\"ImageObject\",\"inLanguage\":\"fr-FR\",\"@id\":\"https:\\\/\\\/baya-shop.com\\\/home\\\/product\\\/braun-epilateur-set-9-ses9985-blanc\\\/#primaryimage\",\"url\":\"https:\\\/\\\/i0.wp.com\\\/baya-shop.com\\\/wp-content\\\/uploads\\\/2022\\\/10\\\/6-silk-epil-beauty-set-9-9-985-packaging.jpg?fit=1473%2C1473&ssl=1\",\"contentUrl\":\"https:\\\/\\\/i0.wp.com\\\/baya-shop.com\\\/wp-content\\\/uploads\\\/2022\\\/10\\\/6-silk-epil-beauty-set-9-9-985-packaging.jpg?fit=1473%2C1473&ssl=1\",\"width\":1473,\"height\":1473},{\"@type\":\"BreadcrumbList\",\"@id\":\"https:\\\/\\\/baya-shop.com\\\/home\\\/product\\\/braun-epilateur-set-9-ses9985-blanc\\\/#breadcrumb\",\"itemListElement\":[{\"@type\":\"ListItem\",\"position\":1,\"name\":\"Accueil\",\"item\":\"https:\\\/\\\/baya-shop.com\\\/home\\\/\"},{\"@type\":\"ListItem\",\"position\":2,\"name\":\"Shop\",\"item\":\"https:\\\/\\\/baya-shop.com\\\/home\\\/shop\\\/\"},{\"@type\":\"ListItem\",\"position\":3,\"name\":\"Braun \u00c9pilateur Silk-\u00e9pil SES9985\"}]},{\"@type\":\"WebSite\",\"@id\":\"https:\\\/\\\/baya-shop.com\\\/home\\\/#website\",\"url\":\"https:\\\/\\\/baya-shop.com\\\/home\\\/\",\"name\":\"Baya Shop\",\"description\":\"\",\"publisher\":{\"@id\":\"https:\\\/\\\/baya-shop.com\\\/home\\\/#organization\"},\"potentialAction\":[{\"@type\":\"SearchAction\",\"target\":{\"@type\":\"EntryPoint\",\"urlTemplate\":\"https:\\\/\\\/baya-shop.com\\\/home\\\/?s={search_term_string}\"},\"query-input\":{\"@type\":\"PropertyValueSpecification\",\"valueRequired\":true,\"valueName\":\"search_term_string\"}}],\"inLanguage\":\"fr-FR\"},{\"@type\":\"Organization\",\"@id\":\"https:\\\/\\\/baya-shop.com\\\/home\\\/#organization\",\"name\":\"Baya Shop\",\"url\":\"https:\\\/\\\/baya-shop.com\\\/home\\\/\",\"logo\":{\"@type\":\"ImageObject\",\"inLanguage\":\"fr-FR\",\"@id\":\"https:\\\/\\\/baya-shop.com\\\/home\\\/#\\\/schema\\\/logo\\\/image\\\/\",\"url\":\"https:\\\/\\\/baya-shop.com\\\/wp-content\\\/uploads\\\/2020\\\/11\\\/g.png\",\"contentUrl\":\"https:\\\/\\\/baya-shop.com\\\/wp-content\\\/uploads\\\/2020\\\/11\\\/g.png\",\"width\":64,\"height\":64,\"caption\":\"Baya Shop\"},\"image\":{\"@id\":\"https:\\\/\\\/baya-shop.com\\\/home\\\/#\\\/schema\\\/logo\\\/image\\\/\"},\"sameAs\":[\"https:\\\/\\\/www.facebook.com\\\/Baya-Shop-103955257949742\",\"https:\\\/\\\/www.instagram.com\\\/baya_shop_dz\\\/\"]}]}<\/script>\n<!-- \/ Yoast SEO plugin. -->","yoast_head_json":{"title":"Braun \u00c9pilateur Silk-\u00e9pil SES9985 - Baya Shop","description":"\u00c9pilateur Silk-\u00e9pil 9 SensoSmart \u2122  T\u00eate de massage en profondeur  Brosse exfoliante en profondeur  Brosse exfoliante douce  Capots de protection  Accessoire de contact avec la peau  T\u00eate de rasage  Accessoire tondeuse  Base de recharge  Braun FaceSpa avec brosse sensible  T\u00eate d'\u00e9pilateur visage  Capuchon de protection bronze  Pile  Brosse de nettoyage  C\u00e2ble de recharge  Pochette  Garantie 12 mois","robots":{"index":"index","follow":"follow","max-snippet":"max-snippet:-1","max-image-preview":"max-image-preview:large","max-video-preview":"max-video-preview:-1"},"canonical":"https:\/\/baya-shop.com\/home\/product\/braun-epilateur-set-9-ses9985-blanc\/","og_locale":"fr_FR","og_type":"article","og_title":"Braun \u00c9pilateur Silk-\u00e9pil SES9985 - Baya Shop","og_description":"\u00c9pilateur Silk-\u00e9pil 9 SensoSmart \u2122  T\u00eate de massage en profondeur  Brosse exfoliante en profondeur  Brosse exfoliante douce  Capots de protection  Accessoire de contact avec la peau  T\u00eate de rasage  Accessoire tondeuse  Base de recharge  Braun FaceSpa avec brosse sensible  T\u00eate d'\u00e9pilateur visage  Capuchon de protection bronze  Pile  Brosse de nettoyage  C\u00e2ble de recharge  Pochette  Garantie 12 mois","og_url":"https:\/\/baya-shop.com\/home\/product\/braun-epilateur-set-9-ses9985-blanc\/","og_site_name":"Baya Shop","article_publisher":"https:\/\/www.facebook.com\/Baya-Shop-103955257949742","article_modified_time":"2025-09-28T12:01:01+00:00","og_image":[{"width":1473,"height":1473,"url":"https:\/\/baya-shop.com\/wp-content\/uploads\/2022\/10\/6-silk-epil-beauty-set-9-9-985-packaging.jpg","type":"image\/jpeg"}],"twitter_card":"summary_large_image","twitter_misc":{"Dur\u00e9e de lecture estim\u00e9e":"1 minute"},"schema":{"@context":"https:\/\/schema.org","@graph":[{"@type":"WebPage","@id":"https:\/\/baya-shop.com\/home\/product\/braun-epilateur-set-9-ses9985-blanc\/","url":"https:\/\/baya-shop.com\/home\/product\/braun-epilateur-set-9-ses9985-blanc\/","name":"Braun \u00c9pilateur Silk-\u00e9pil SES9985 - Baya Shop","isPartOf":{"@id":"https:\/\/baya-shop.com\/home\/#website"},"primaryImageOfPage":{"@id":"https:\/\/baya-shop.com\/home\/product\/braun-epilateur-set-9-ses9985-blanc\/#primaryimage"},"image":{"@id":"https:\/\/baya-shop.com\/home\/product\/braun-epilateur-set-9-ses9985-blanc\/#primaryimage"},"thumbnailUrl":"https:\/\/i0.wp.com\/baya-shop.com\/wp-content\/uploads\/2022\/10\/6-silk-epil-beauty-set-9-9-985-packaging.jpg?fit=1473%2C1473&ssl=1","datePublished":"2022-10-13T13:29:25+00:00","dateModified":"2025-09-28T12:01:01+00:00","description":"\u00c9pilateur Silk-\u00e9pil 9 SensoSmart \u2122 T\u00eate de massage en profondeur Brosse exfoliante en profondeur Brosse exfoliante douce Capots de protection Accessoire de contact avec la peau T\u00eate de rasage Accessoire tondeuse Base de recharge Braun FaceSpa avec brosse sensible T\u00eate d'\u00e9pilateur visage Capuchon de protection bronze Pile Brosse de nettoyage C\u00e2ble de recharge Pochette Garantie 12 mois","breadcrumb":{"@id":"https:\/\/baya-shop.com\/home\/product\/braun-epilateur-set-9-ses9985-blanc\/#breadcrumb"},"inLanguage":"fr-FR","potentialAction":[{"@type":"ReadAction","target":["https:\/\/baya-shop.com\/home\/product\/braun-epilateur-set-9-ses9985-blanc\/"]}]},{"@type":"ImageObject","inLanguage":"fr-FR","@id":"https:\/\/baya-shop.com\/home\/product\/braun-epilateur-set-9-ses9985-blanc\/#primaryimage","url":"https:\/\/i0.wp.com\/baya-shop.com\/wp-content\/uploads\/2022\/10\/6-silk-epil-beauty-set-9-9-985-packaging.jpg?fit=1473%2C1473&ssl=1","contentUrl":"https:\/\/i0.wp.com\/baya-shop.com\/wp-content\/uploads\/2022\/10\/6-silk-epil-beauty-set-9-9-985-packaging.jpg?fit=1473%2C1473&ssl=1","width":1473,"height":1473},{"@type":"BreadcrumbList","@id":"https:\/\/baya-shop.com\/home\/product\/braun-epilateur-set-9-ses9985-blanc\/#breadcrumb","itemListElement":[{"@type":"ListItem","position":1,"name":"Accueil","item":"https:\/\/baya-shop.com\/home\/"},{"@type":"ListItem","position":2,"name":"Shop","item":"https:\/\/baya-shop.com\/home\/shop\/"},{"@type":"ListItem","position":3,"name":"Braun \u00c9pilateur Silk-\u00e9pil SES9985"}]},{"@type":"WebSite","@id":"https:\/\/baya-shop.com\/home\/#website","url":"https:\/\/baya-shop.com\/home\/","name":"Baya Shop","description":"","publisher":{"@id":"https:\/\/baya-shop.com\/home\/#organization"},"potentialAction":[{"@type":"SearchAction","target":{"@type":"EntryPoint","urlTemplate":"https:\/\/baya-shop.com\/home\/?s={search_term_string}"},"query-input":{"@type":"PropertyValueSpecification","valueRequired":true,"valueName":"search_term_string"}}],"inLanguage":"fr-FR"},{"@type":"Organization","@id":"https:\/\/baya-shop.com\/home\/#organization","name":"Baya Shop","url":"https:\/\/baya-shop.com\/home\/","logo":{"@type":"ImageObject","inLanguage":"fr-FR","@id":"https:\/\/baya-shop.com\/home\/#\/schema\/logo\/image\/","url":"https:\/\/baya-shop.com\/wp-content\/uploads\/2020\/11\/g.png","contentUrl":"https:\/\/baya-shop.com\/wp-content\/uploads\/2020\/11\/g.png","width":64,"height":64,"caption":"Baya Shop"},"image":{"@id":"https:\/\/baya-shop.com\/home\/#\/schema\/logo\/image\/"},"sameAs":["https:\/\/www.facebook.com\/Baya-Shop-103955257949742","https:\/\/www.instagram.com\/baya_shop_dz\/"]}]}},"jetpack_publicize_connections":[],"jetpack_sharing_enabled":true,"jetpack_likes_enabled":true,"jetpack-related-posts":[],"_links":{"self":[{"href":"https:\/\/baya-shop.com\/home\/wp-json\/wp\/v2\/product\/1215","targetHints":{"allow":["GET"]}}],"collection":[{"href":"https:\/\/baya-shop.com\/home\/wp-json\/wp\/v2\/product"}],"about":[{"href":"https:\/\/baya-shop.com\/home\/wp-json\/wp\/v2\/types\/product"}],"replies":[{"embeddable":true,"href":"https:\/\/baya-shop.com\/home\/wp-json\/wp\/v2\/comments?post=1215"}],"wp:featuredmedia":[{"embeddable":true,"href":"https:\/\/baya-shop.com\/home\/wp-json\/wp\/v2\/media\/3464"}],"wp:attachment":[{"href":"https:\/\/baya-shop.com\/home\/wp-json\/wp\/v2\/media?parent=1215"}],"wp:term":[{"taxonomy":"product_brand","embeddable":true,"href":"https:\/\/baya-shop.com\/home\/wp-json\/wp\/v2\/product_brand?post=1215"},{"taxonomy":"product_cat","embeddable":true,"href":"https:\/\/baya-shop.com\/home\/wp-json\/wp\/v2\/product_cat?post=1215"},{"taxonomy":"product_tag","embeddable":true,"href":"https:\/\/baya-shop.com\/home\/wp-json\/wp\/v2\/product_tag?post=1215"}],"curies":[{"name":"wp","href":"https:\/\/api.w.org\/{rel}","templated":true}]}}