{"id":1158,"date":"2022-09-27T17:32:40","date_gmt":"2022-09-27T16:32:40","guid":{"rendered":"https:\/\/baya-shop.com\/home\/?post_type=product&#038;p=1158"},"modified":"2025-04-19T17:11:57","modified_gmt":"2025-04-19T16:11:57","slug":"remington-lisseur-aqualisse-extreme-s7307","status":"publish","type":"product","link":"https:\/\/baya-shop.com\/home\/product\/remington-lisseur-aqualisse-extreme-s7307\/","title":{"rendered":"REMINGTON Lisseur Aqualisse Extr\u00eame S7307"},"content":{"rendered":"","protected":false},"excerpt":{"rendered":"<ul>\n<li>R\u00e9sultat rapide : 2 en 1, s\u00e8che et lisse en m\u00eame temps<\/li>\n<li>WET &amp; DRY : utilisation sur cheveux secs ou mouill\u00e9s<\/li>\n<li>Rev\u00eatement ADVANCED CERAMIC : 10 x plus de c\u00e9ramique pour une glisse 2 fois plus douce*<\/li>\n<li>Ecran LCD : temp\u00e9rature variable de 140 \u00e0 230\u00b0C<\/li>\n<li>Mise \u00e0 temp\u00e9rature ultra rapide en 15 sec<\/li>\n<li>Verrouillage de la temp\u00e9rature<\/li>\n<li>Arr\u00eat automatique apr\u00e8s 60 min<\/li>\n<li>Plaques flottantes plus longues de 110 mm<\/li>\n<li>Verrouillage des plaques<\/li>\n<li>Voltage universel<\/li>\n<li>Cordon rotatif<\/li>\n<li>Pochette thermor\u00e9sistante<\/li>\n<li>Garantie 12 mois<\/li>\n<\/ul>\n","protected":false},"featured_media":222,"comment_status":"open","ping_status":"closed","template":"","meta":{"jetpack_post_was_ever_published":false,"jetpack_publicize_message":"","jetpack_publicize_feature_enabled":true,"jetpack_social_post_already_shared":false,"jetpack_social_options":{"image_generator_settings":{"template":"highway","default_image_id":0,"font":"","enabled":false},"version":2}},"product_brand":[],"product_cat":[18,47],"product_tag":[],"class_list":{"0":"post-1158","1":"product","2":"type-product","3":"status-publish","4":"has-post-thumbnail","6":"product_cat-lisseur","7":"product_cat-remington","9":"first","10":"instock","11":"shipping-taxable","12":"purchasable","13":"product-type-simple"},"yoast_head":"<!-- This site is optimized with the Yoast SEO plugin v27.4 - https:\/\/yoast.com\/product\/yoast-seo-wordpress\/ -->\n<title>REMINGTON Lisseur Aqualisse Extr\u00eame S7307 - Baya Shop<\/title>\n<meta name=\"description\" content=\"R\u00e9sultat rapide : 2 en 1, s\u00e8che et lisse en m\u00eame temps  WET &amp; DRY : utilisation sur cheveux secs ou mouill\u00e9s  Rev\u00eatement ADVANCED CERAMIC : 10 x plus de c\u00e9ramique pour une glisse 2 fois plus douce*  Ecran LCD : temp\u00e9rature variable de 140 \u00e0 230\u00b0C  Mise \u00e0 temp\u00e9rature ultra rapide en 15 sec  Verrouillage de la temp\u00e9rature  Arr\u00eat automatique apr\u00e8s 60 min  Plaques flottantes plus longues de 110 mm  Verrouillage des plaques  Voltage universel  Cordon rotatif  Pochette thermor\u00e9sistante  Garantie 12 mois\" \/>\n<meta name=\"robots\" content=\"index, follow, max-snippet:-1, max-image-preview:large, max-video-preview:-1\" \/>\n<link rel=\"canonical\" href=\"https:\/\/baya-shop.com\/home\/product\/remington-lisseur-aqualisse-extreme-s7307\/\" \/>\n<meta property=\"og:locale\" content=\"fr_FR\" \/>\n<meta property=\"og:type\" content=\"article\" \/>\n<meta property=\"og:title\" content=\"REMINGTON Lisseur Aqualisse Extr\u00eame S7307 - Baya Shop\" \/>\n<meta property=\"og:description\" content=\"R\u00e9sultat rapide : 2 en 1, s\u00e8che et lisse en m\u00eame temps  WET &amp; DRY : utilisation sur cheveux secs ou mouill\u00e9s  Rev\u00eatement ADVANCED CERAMIC : 10 x plus de c\u00e9ramique pour une glisse 2 fois plus douce*  Ecran LCD : temp\u00e9rature variable de 140 \u00e0 230\u00b0C  Mise \u00e0 temp\u00e9rature ultra rapide en 15 sec  Verrouillage de la temp\u00e9rature  Arr\u00eat automatique apr\u00e8s 60 min  Plaques flottantes plus longues de 110 mm  Verrouillage des plaques  Voltage universel  Cordon rotatif  Pochette thermor\u00e9sistante  Garantie 12 mois\" \/>\n<meta property=\"og:url\" content=\"https:\/\/baya-shop.com\/home\/product\/remington-lisseur-aqualisse-extreme-s7307\/\" \/>\n<meta property=\"og:site_name\" content=\"Baya Shop\" \/>\n<meta property=\"article:publisher\" content=\"https:\/\/www.facebook.com\/Baya-Shop-103955257949742\" \/>\n<meta property=\"article:modified_time\" content=\"2025-04-19T16:11:57+00:00\" \/>\n<meta property=\"og:image\" content=\"https:\/\/baya-shop.com\/wp-content\/uploads\/2020\/11\/remington-s7307-lisseur-aqualisse-extreme-revetem.jpg\" \/>\n\t<meta property=\"og:image:width\" content=\"700\" \/>\n\t<meta property=\"og:image:height\" content=\"700\" \/>\n\t<meta property=\"og:image:type\" content=\"image\/jpeg\" \/>\n<meta name=\"twitter:card\" content=\"summary_large_image\" \/>\n<meta name=\"twitter:label1\" content=\"Dur\u00e9e de lecture estim\u00e9e\" \/>\n\t<meta name=\"twitter:data1\" content=\"1 minute\" \/>\n<script type=\"application\/ld+json\" class=\"yoast-schema-graph\">{\"@context\":\"https:\\\/\\\/schema.org\",\"@graph\":[{\"@type\":\"WebPage\",\"@id\":\"https:\\\/\\\/baya-shop.com\\\/home\\\/product\\\/remington-lisseur-aqualisse-extreme-s7307\\\/\",\"url\":\"https:\\\/\\\/baya-shop.com\\\/home\\\/product\\\/remington-lisseur-aqualisse-extreme-s7307\\\/\",\"name\":\"REMINGTON Lisseur Aqualisse Extr\u00eame S7307 - Baya Shop\",\"isPartOf\":{\"@id\":\"https:\\\/\\\/baya-shop.com\\\/home\\\/#website\"},\"primaryImageOfPage\":{\"@id\":\"https:\\\/\\\/baya-shop.com\\\/home\\\/product\\\/remington-lisseur-aqualisse-extreme-s7307\\\/#primaryimage\"},\"image\":{\"@id\":\"https:\\\/\\\/baya-shop.com\\\/home\\\/product\\\/remington-lisseur-aqualisse-extreme-s7307\\\/#primaryimage\"},\"thumbnailUrl\":\"https:\\\/\\\/i0.wp.com\\\/baya-shop.com\\\/wp-content\\\/uploads\\\/2020\\\/11\\\/remington-s7307-lisseur-aqualisse-extreme-revetem.jpg?fit=700%2C700&ssl=1\",\"datePublished\":\"2022-09-27T16:32:40+00:00\",\"dateModified\":\"2025-04-19T16:11:57+00:00\",\"description\":\"R\u00e9sultat rapide : 2 en 1, s\u00e8che et lisse en m\u00eame temps WET &amp; DRY : utilisation sur cheveux secs ou mouill\u00e9s Rev\u00eatement ADVANCED CERAMIC : 10 x plus de c\u00e9ramique pour une glisse 2 fois plus douce* Ecran LCD : temp\u00e9rature variable de 140 \u00e0 230\u00b0C Mise \u00e0 temp\u00e9rature ultra rapide en 15 sec Verrouillage de la temp\u00e9rature Arr\u00eat automatique apr\u00e8s 60 min Plaques flottantes plus longues de 110 mm Verrouillage des plaques Voltage universel Cordon rotatif Pochette thermor\u00e9sistante Garantie 12 mois\",\"breadcrumb\":{\"@id\":\"https:\\\/\\\/baya-shop.com\\\/home\\\/product\\\/remington-lisseur-aqualisse-extreme-s7307\\\/#breadcrumb\"},\"inLanguage\":\"fr-FR\",\"potentialAction\":[{\"@type\":\"ReadAction\",\"target\":[\"https:\\\/\\\/baya-shop.com\\\/home\\\/product\\\/remington-lisseur-aqualisse-extreme-s7307\\\/\"]}]},{\"@type\":\"ImageObject\",\"inLanguage\":\"fr-FR\",\"@id\":\"https:\\\/\\\/baya-shop.com\\\/home\\\/product\\\/remington-lisseur-aqualisse-extreme-s7307\\\/#primaryimage\",\"url\":\"https:\\\/\\\/i0.wp.com\\\/baya-shop.com\\\/wp-content\\\/uploads\\\/2020\\\/11\\\/remington-s7307-lisseur-aqualisse-extreme-revetem.jpg?fit=700%2C700&ssl=1\",\"contentUrl\":\"https:\\\/\\\/i0.wp.com\\\/baya-shop.com\\\/wp-content\\\/uploads\\\/2020\\\/11\\\/remington-s7307-lisseur-aqualisse-extreme-revetem.jpg?fit=700%2C700&ssl=1\",\"width\":700,\"height\":700},{\"@type\":\"BreadcrumbList\",\"@id\":\"https:\\\/\\\/baya-shop.com\\\/home\\\/product\\\/remington-lisseur-aqualisse-extreme-s7307\\\/#breadcrumb\",\"itemListElement\":[{\"@type\":\"ListItem\",\"position\":1,\"name\":\"Accueil\",\"item\":\"https:\\\/\\\/baya-shop.com\\\/home\\\/\"},{\"@type\":\"ListItem\",\"position\":2,\"name\":\"Shop\",\"item\":\"https:\\\/\\\/baya-shop.com\\\/home\\\/shop\\\/\"},{\"@type\":\"ListItem\",\"position\":3,\"name\":\"REMINGTON Lisseur Aqualisse Extr\u00eame S7307\"}]},{\"@type\":\"WebSite\",\"@id\":\"https:\\\/\\\/baya-shop.com\\\/home\\\/#website\",\"url\":\"https:\\\/\\\/baya-shop.com\\\/home\\\/\",\"name\":\"Baya Shop\",\"description\":\"\",\"publisher\":{\"@id\":\"https:\\\/\\\/baya-shop.com\\\/home\\\/#organization\"},\"potentialAction\":[{\"@type\":\"SearchAction\",\"target\":{\"@type\":\"EntryPoint\",\"urlTemplate\":\"https:\\\/\\\/baya-shop.com\\\/home\\\/?s={search_term_string}\"},\"query-input\":{\"@type\":\"PropertyValueSpecification\",\"valueRequired\":true,\"valueName\":\"search_term_string\"}}],\"inLanguage\":\"fr-FR\"},{\"@type\":\"Organization\",\"@id\":\"https:\\\/\\\/baya-shop.com\\\/home\\\/#organization\",\"name\":\"Baya Shop\",\"url\":\"https:\\\/\\\/baya-shop.com\\\/home\\\/\",\"logo\":{\"@type\":\"ImageObject\",\"inLanguage\":\"fr-FR\",\"@id\":\"https:\\\/\\\/baya-shop.com\\\/home\\\/#\\\/schema\\\/logo\\\/image\\\/\",\"url\":\"https:\\\/\\\/baya-shop.com\\\/wp-content\\\/uploads\\\/2020\\\/11\\\/g.png\",\"contentUrl\":\"https:\\\/\\\/baya-shop.com\\\/wp-content\\\/uploads\\\/2020\\\/11\\\/g.png\",\"width\":64,\"height\":64,\"caption\":\"Baya Shop\"},\"image\":{\"@id\":\"https:\\\/\\\/baya-shop.com\\\/home\\\/#\\\/schema\\\/logo\\\/image\\\/\"},\"sameAs\":[\"https:\\\/\\\/www.facebook.com\\\/Baya-Shop-103955257949742\",\"https:\\\/\\\/www.instagram.com\\\/baya_shop_dz\\\/\"]}]}<\/script>\n<!-- \/ Yoast SEO plugin. -->","yoast_head_json":{"title":"REMINGTON Lisseur Aqualisse Extr\u00eame S7307 - Baya Shop","description":"R\u00e9sultat rapide : 2 en 1, s\u00e8che et lisse en m\u00eame temps  WET &amp; DRY : utilisation sur cheveux secs ou mouill\u00e9s  Rev\u00eatement ADVANCED CERAMIC : 10 x plus de c\u00e9ramique pour une glisse 2 fois plus douce*  Ecran LCD : temp\u00e9rature variable de 140 \u00e0 230\u00b0C  Mise \u00e0 temp\u00e9rature ultra rapide en 15 sec  Verrouillage de la temp\u00e9rature  Arr\u00eat automatique apr\u00e8s 60 min  Plaques flottantes plus longues de 110 mm  Verrouillage des plaques  Voltage universel  Cordon rotatif  Pochette thermor\u00e9sistante  Garantie 12 mois","robots":{"index":"index","follow":"follow","max-snippet":"max-snippet:-1","max-image-preview":"max-image-preview:large","max-video-preview":"max-video-preview:-1"},"canonical":"https:\/\/baya-shop.com\/home\/product\/remington-lisseur-aqualisse-extreme-s7307\/","og_locale":"fr_FR","og_type":"article","og_title":"REMINGTON Lisseur Aqualisse Extr\u00eame S7307 - Baya Shop","og_description":"R\u00e9sultat rapide : 2 en 1, s\u00e8che et lisse en m\u00eame temps  WET &amp; DRY : utilisation sur cheveux secs ou mouill\u00e9s  Rev\u00eatement ADVANCED CERAMIC : 10 x plus de c\u00e9ramique pour une glisse 2 fois plus douce*  Ecran LCD : temp\u00e9rature variable de 140 \u00e0 230\u00b0C  Mise \u00e0 temp\u00e9rature ultra rapide en 15 sec  Verrouillage de la temp\u00e9rature  Arr\u00eat automatique apr\u00e8s 60 min  Plaques flottantes plus longues de 110 mm  Verrouillage des plaques  Voltage universel  Cordon rotatif  Pochette thermor\u00e9sistante  Garantie 12 mois","og_url":"https:\/\/baya-shop.com\/home\/product\/remington-lisseur-aqualisse-extreme-s7307\/","og_site_name":"Baya Shop","article_publisher":"https:\/\/www.facebook.com\/Baya-Shop-103955257949742","article_modified_time":"2025-04-19T16:11:57+00:00","og_image":[{"width":700,"height":700,"url":"https:\/\/baya-shop.com\/wp-content\/uploads\/2020\/11\/remington-s7307-lisseur-aqualisse-extreme-revetem.jpg","type":"image\/jpeg"}],"twitter_card":"summary_large_image","twitter_misc":{"Dur\u00e9e de lecture estim\u00e9e":"1 minute"},"schema":{"@context":"https:\/\/schema.org","@graph":[{"@type":"WebPage","@id":"https:\/\/baya-shop.com\/home\/product\/remington-lisseur-aqualisse-extreme-s7307\/","url":"https:\/\/baya-shop.com\/home\/product\/remington-lisseur-aqualisse-extreme-s7307\/","name":"REMINGTON Lisseur Aqualisse Extr\u00eame S7307 - Baya Shop","isPartOf":{"@id":"https:\/\/baya-shop.com\/home\/#website"},"primaryImageOfPage":{"@id":"https:\/\/baya-shop.com\/home\/product\/remington-lisseur-aqualisse-extreme-s7307\/#primaryimage"},"image":{"@id":"https:\/\/baya-shop.com\/home\/product\/remington-lisseur-aqualisse-extreme-s7307\/#primaryimage"},"thumbnailUrl":"https:\/\/i0.wp.com\/baya-shop.com\/wp-content\/uploads\/2020\/11\/remington-s7307-lisseur-aqualisse-extreme-revetem.jpg?fit=700%2C700&ssl=1","datePublished":"2022-09-27T16:32:40+00:00","dateModified":"2025-04-19T16:11:57+00:00","description":"R\u00e9sultat rapide : 2 en 1, s\u00e8che et lisse en m\u00eame temps WET &amp; DRY : utilisation sur cheveux secs ou mouill\u00e9s Rev\u00eatement ADVANCED CERAMIC : 10 x plus de c\u00e9ramique pour une glisse 2 fois plus douce* Ecran LCD : temp\u00e9rature variable de 140 \u00e0 230\u00b0C Mise \u00e0 temp\u00e9rature ultra rapide en 15 sec Verrouillage de la temp\u00e9rature Arr\u00eat automatique apr\u00e8s 60 min Plaques flottantes plus longues de 110 mm Verrouillage des plaques Voltage universel Cordon rotatif Pochette thermor\u00e9sistante Garantie 12 mois","breadcrumb":{"@id":"https:\/\/baya-shop.com\/home\/product\/remington-lisseur-aqualisse-extreme-s7307\/#breadcrumb"},"inLanguage":"fr-FR","potentialAction":[{"@type":"ReadAction","target":["https:\/\/baya-shop.com\/home\/product\/remington-lisseur-aqualisse-extreme-s7307\/"]}]},{"@type":"ImageObject","inLanguage":"fr-FR","@id":"https:\/\/baya-shop.com\/home\/product\/remington-lisseur-aqualisse-extreme-s7307\/#primaryimage","url":"https:\/\/i0.wp.com\/baya-shop.com\/wp-content\/uploads\/2020\/11\/remington-s7307-lisseur-aqualisse-extreme-revetem.jpg?fit=700%2C700&ssl=1","contentUrl":"https:\/\/i0.wp.com\/baya-shop.com\/wp-content\/uploads\/2020\/11\/remington-s7307-lisseur-aqualisse-extreme-revetem.jpg?fit=700%2C700&ssl=1","width":700,"height":700},{"@type":"BreadcrumbList","@id":"https:\/\/baya-shop.com\/home\/product\/remington-lisseur-aqualisse-extreme-s7307\/#breadcrumb","itemListElement":[{"@type":"ListItem","position":1,"name":"Accueil","item":"https:\/\/baya-shop.com\/home\/"},{"@type":"ListItem","position":2,"name":"Shop","item":"https:\/\/baya-shop.com\/home\/shop\/"},{"@type":"ListItem","position":3,"name":"REMINGTON Lisseur Aqualisse Extr\u00eame S7307"}]},{"@type":"WebSite","@id":"https:\/\/baya-shop.com\/home\/#website","url":"https:\/\/baya-shop.com\/home\/","name":"Baya Shop","description":"","publisher":{"@id":"https:\/\/baya-shop.com\/home\/#organization"},"potentialAction":[{"@type":"SearchAction","target":{"@type":"EntryPoint","urlTemplate":"https:\/\/baya-shop.com\/home\/?s={search_term_string}"},"query-input":{"@type":"PropertyValueSpecification","valueRequired":true,"valueName":"search_term_string"}}],"inLanguage":"fr-FR"},{"@type":"Organization","@id":"https:\/\/baya-shop.com\/home\/#organization","name":"Baya Shop","url":"https:\/\/baya-shop.com\/home\/","logo":{"@type":"ImageObject","inLanguage":"fr-FR","@id":"https:\/\/baya-shop.com\/home\/#\/schema\/logo\/image\/","url":"https:\/\/baya-shop.com\/wp-content\/uploads\/2020\/11\/g.png","contentUrl":"https:\/\/baya-shop.com\/wp-content\/uploads\/2020\/11\/g.png","width":64,"height":64,"caption":"Baya Shop"},"image":{"@id":"https:\/\/baya-shop.com\/home\/#\/schema\/logo\/image\/"},"sameAs":["https:\/\/www.facebook.com\/Baya-Shop-103955257949742","https:\/\/www.instagram.com\/baya_shop_dz\/"]}]}},"jetpack_publicize_connections":[],"jetpack_sharing_enabled":true,"jetpack_likes_enabled":true,"jetpack-related-posts":[],"_links":{"self":[{"href":"https:\/\/baya-shop.com\/home\/wp-json\/wp\/v2\/product\/1158","targetHints":{"allow":["GET"]}}],"collection":[{"href":"https:\/\/baya-shop.com\/home\/wp-json\/wp\/v2\/product"}],"about":[{"href":"https:\/\/baya-shop.com\/home\/wp-json\/wp\/v2\/types\/product"}],"replies":[{"embeddable":true,"href":"https:\/\/baya-shop.com\/home\/wp-json\/wp\/v2\/comments?post=1158"}],"wp:featuredmedia":[{"embeddable":true,"href":"https:\/\/baya-shop.com\/home\/wp-json\/wp\/v2\/media\/222"}],"wp:attachment":[{"href":"https:\/\/baya-shop.com\/home\/wp-json\/wp\/v2\/media?parent=1158"}],"wp:term":[{"taxonomy":"product_brand","embeddable":true,"href":"https:\/\/baya-shop.com\/home\/wp-json\/wp\/v2\/product_brand?post=1158"},{"taxonomy":"product_cat","embeddable":true,"href":"https:\/\/baya-shop.com\/home\/wp-json\/wp\/v2\/product_cat?post=1158"},{"taxonomy":"product_tag","embeddable":true,"href":"https:\/\/baya-shop.com\/home\/wp-json\/wp\/v2\/product_tag?post=1158"}],"curies":[{"name":"wp","href":"https:\/\/api.w.org\/{rel}","templated":true}]}}